{"id":4525,"date":"2025-10-27T18:27:06","date_gmt":"2025-10-27T11:27:06","guid":{"rendered":"https:\/\/topcar.vn\/?post_type=product&#038;p=4525"},"modified":"2025-10-27T18:48:53","modified_gmt":"2025-10-27T11:48:53","slug":"tham-lot-san-o-to-ford-everest-2015-2021-2","status":"publish","type":"product","link":"https:\/\/topcar.vn\/?product=tham-lot-san-o-to-ford-everest-2015-2021-2","title":{"rendered":"Th\u1ea3m l\u00f3t s\u00e0n \u00f4 t\u00f4 Ford Everest 2015-2021"},"content":{"rendered":"<p data-start=\"314\" data-end=\"797\">Th\u1ea3m l\u00f3t s\u00e0n \u00f4 t\u00f4 Ford Everest 2015-2021 l\u00e0 ph\u1ee5 ki\u1ec7n c\u1ea7n thi\u1ebft gi\u00fap gi\u1eef cho khoang xe lu\u00f4n s\u1ea1ch s\u1ebd, kh\u00f4 r\u00e1o v\u00e0 tinh t\u1ebf h\u01a1n. S\u1ea3n ph\u1ea9m th\u1ea3m Topcar \u0111\u01b0\u1ee3c thi\u1ebft k\u1ebf ri\u00eang cho d\u00f2ng Everest \u0111\u1eddi 2015\u20132021, \u1ee9ng d\u1ee5ng c\u00f4ng ngh\u1ec7 \u0111\u00fac khu\u00f4n 3D ch\u00ednh x\u00e1c tuy\u1ec7t \u0111\u1ed1i, s\u1eed d\u1ee5ng nh\u1ef1a TPE nguy\u00ean sinh cao c\u1ea5p mang \u0111\u1ebfn kh\u1ea3 n\u0103ng b\u1ea3o v\u1ec7 to\u00e0n di\u1ec7n v\u00e0 \u0111\u1ed9 b\u1ec1n v\u01b0\u1ee3t tr\u1ed9i theo th\u1eddi gian.<br data-start=\"683\" data-end=\"686\" \/>\u0110\u00e2y l\u00e0 l\u1ef1a ch\u1ecdn ho\u00e0n h\u1ea3o d\u00e0nh cho nh\u1eefng ch\u1ee7 xe \u0111\u1ec1 cao t\u00ednh ti\u1ec7n nghi, an to\u00e0n v\u00e0 th\u1ea9m m\u1ef9 cho n\u1ed9i th\u1ea5t \u00f4 t\u00f4.<\/p>\n<hr data-start=\"799\" data-end=\"802\" \/>\n<h2 data-start=\"804\" data-end=\"865\"><strong data-start=\"807\" data-end=\"865\">Gi\u1edbi thi\u1ec7u v\u1ec1 th\u1ea3m l\u00f3t s\u00e0n \u00f4 t\u00f4 Ford Everest 2015-2021<\/strong><\/h2>\n<figure id=\"attachment_4531\" aria-describedby=\"caption-attachment-4531\" style=\"width: 1024px\" class=\"wp-caption aligncenter\"><img fetchpriority=\"high\" decoding=\"async\" class=\"size-large wp-image-4531\" src=\"https:\/\/topcar.vn\/wp-content\/uploads\/2025\/10\/Tham-lot-san-o-to-Ford-Everest-2015-2021-4-1024x1024.webp\" alt=\"Th\u1ea3m l\u00f3t s\u00e0n \u00f4 t\u00f4 Ford Everest 2015-2021\" width=\"1024\" height=\"1024\" srcset=\"https:\/\/topcar.vn\/wp-content\/uploads\/2025\/10\/Tham-lot-san-o-to-Ford-Everest-2015-2021-4-1024x1024.webp 1024w, https:\/\/topcar.vn\/wp-content\/uploads\/2025\/10\/Tham-lot-san-o-to-Ford-Everest-2015-2021-4-300x300.webp 300w, https:\/\/topcar.vn\/wp-content\/uploads\/2025\/10\/Tham-lot-san-o-to-Ford-Everest-2015-2021-4-150x150.webp 150w, https:\/\/topcar.vn\/wp-content\/uploads\/2025\/10\/Tham-lot-san-o-to-Ford-Everest-2015-2021-4-768x767.webp 768w, https:\/\/topcar.vn\/wp-content\/uploads\/2025\/10\/Tham-lot-san-o-to-Ford-Everest-2015-2021-4-600x599.webp 600w, https:\/\/topcar.vn\/wp-content\/uploads\/2025\/10\/Tham-lot-san-o-to-Ford-Everest-2015-2021-4-100x100.webp 100w, https:\/\/topcar.vn\/wp-content\/uploads\/2025\/10\/Tham-lot-san-o-to-Ford-Everest-2015-2021-4.webp 1081w\" sizes=\"(max-width: 1024px) 100vw, 1024px\" \/><figcaption id=\"caption-attachment-4531\" class=\"wp-caption-text\">Th\u1ea3m l\u00f3t s\u00e0n \u00f4 t\u00f4 Ford Everest 2015-2021<\/figcaption><\/figure>\n<p data-start=\"867\" data-end=\"1152\">Ford Everest 2015\u20132021 l\u00e0 th\u1ebf h\u1ec7 SUV hi\u1ec7n \u0111\u1ea1i, m\u1ea1nh m\u1ebd v\u00e0 \u0111\u1ea7y ti\u1ec7n nghi, \u0111\u01b0\u1ee3c nhi\u1ec1u gia \u0111\u00ecnh Vi\u1ec7t tin d\u00f9ng nh\u1edd kh\u1ea3 n\u0103ng v\u1eadn h\u00e0nh linh ho\u1ea1t v\u00e0 \u0111\u1ed9 b\u1ec1n cao. Tuy nhi\u00ean, trong qu\u00e1 tr\u00ecnh s\u1eed d\u1ee5ng, s\u00e0n xe r\u1ea5t d\u1ec5 b\u00e1m b\u1ea9n, b\u00e1m b\u1ee5i, \u0111\u1ecdng n\u01b0\u1edbc ho\u1eb7c tr\u1ea7y x\u01b0\u1edbc do t\u00e1c \u0111\u1ed9ng t\u1eeb gi\u00e0y d\u00e9p v\u00e0 m\u00f4i tr\u01b0\u1eddng.<\/p>\n<p data-start=\"1154\" data-end=\"1423\">Gi\u1ea3i ph\u00e1p t\u1ed1i \u01b0u ch\u00ednh l\u00e0 th\u1ea3m l\u00f3t s\u00e0n \u00f4 t\u00f4 Ford Everest 2015-2021\u00a0c\u1ee7a Topcar \u2013 \u0111\u01b0\u1ee3c \u0111\u00fac khu\u00f4n theo form s\u00e0n xe b\u1eb1ng c\u00f4ng ngh\u1ec7 Laser 3D, \u00f4m kh\u00edt t\u1eebng chi ti\u1ebft, \u0111\u1ea3m b\u1ea3o kh\u00f4ng v\u00eanh m\u00e9p, kh\u00f4ng x\u00f4 l\u1ec7ch v\u00e0 gi\u1eef cho khoang xe lu\u00f4n s\u1ea1ch \u0111\u1eb9p, sang tr\u1ecdng nh\u01b0 m\u1edbi.<\/p>\n<p data-start=\"1425\" data-end=\"1610\">Th\u1ea3m Topcar \u0111\u01b0\u1ee3c thi\u1ebft k\u1ebf ri\u00eang cho t\u1eebng v\u1ecb tr\u00ed gh\u1ebf l\u00e1i, gh\u1ebf ph\u1ee5 v\u00e0 h\u00e0ng gh\u1ebf sau, d\u1ec5 d\u00e0ng l\u1eafp \u0111\u1eb7t \u2013 th\u00e1o r\u1eddi m\u00e0 kh\u00f4ng c\u1ea7n c\u1eaft ch\u1ec9nh, gi\u00fap qu\u00e1 tr\u00ecnh s\u1eed d\u1ee5ng lu\u00f4n ti\u1ec7n l\u1ee3i v\u00e0 an to\u00e0n.<\/p>\n<hr data-start=\"1612\" data-end=\"1615\" \/>\n<h2><strong data-start=\"1620\" data-end=\"1685\">\u0110\u1eb7c \u0111i\u1ec3m n\u1ed5i b\u1eadt c\u1ee7a th\u1ea3m l\u00f3t s\u00e0n \u00f4 t\u00f4 Ford Everest 2015-2021<\/strong><\/h2>\n<h3 data-start=\"1687\" data-end=\"1731\"><strong data-start=\"1691\" data-end=\"1731\">Ch\u1ea5t li\u1ec7u TPE nguy\u00ean sinh cao c\u1ea5p<\/strong><\/h3>\n<ul data-start=\"1732\" data-end=\"2060\">\n<li data-start=\"1732\" data-end=\"1821\">\n<p data-start=\"1734\" data-end=\"1821\">Th\u1ea3m \u0111\u01b0\u1ee3c s\u1ea3n xu\u1ea5t t\u1eeb 100% <a href=\"https:\/\/www.bachhoaxanh.com\/kinh-nghiem-hay\/nhua-tpe-la-gi-cac-ung-dung-trong-cuoc-song-1351068\" target=\"_blank\" rel=\"noopener\">nh\u1ef1a TPE<\/a> nguy\u00ean sinh, \u0111\u1ea1t ti\u00eau chu\u1ea9n RoHS ch\u00e2u \u00c2u.<\/p>\n<\/li>\n<li data-start=\"1822\" data-end=\"1936\">\n<p data-start=\"1824\" data-end=\"1936\">Kh\u00f4ng pha nh\u1ef1a t\u00e1i ch\u1ebf, kh\u00f4ng m\u00f9i, kh\u00f4ng \u0111\u1ed9c h\u1ea1i, an to\u00e0n tuy\u1ec7t \u0111\u1ed1i cho s\u1ee9c kh\u1ecfe v\u00e0 th\u00e2n thi\u1ec7n m\u00f4i tr\u01b0\u1eddng.<\/p>\n<\/li>\n<li data-start=\"1937\" data-end=\"2060\">\n<p data-start=\"1939\" data-end=\"2060\">V\u1eadt li\u1ec7u c\u00f3 \u0111\u1ed9 \u0111\u00e0n h\u1ed3i cao, ch\u1ecbu nhi\u1ec7t t\u1ed1t, kh\u00f4ng b\u1ecb cong, n\u1ee9t hay phai m\u00e0u trong \u0111i\u1ec1u ki\u1ec7n kh\u00ed h\u1eadu n\u00f3ng \u1ea9m Vi\u1ec7t Nam.<\/p>\n<\/li>\n<\/ul>\n<h3 data-start=\"2062\" data-end=\"2119\"><strong data-start=\"2066\" data-end=\"2119\">C\u00f4ng ngh\u1ec7 \u0111\u00fac khu\u00f4n 3D chu\u1ea9n x\u00e1c t\u1eebng chi ti\u1ebft<\/strong><\/h3>\n<ul data-start=\"2120\" data-end=\"2399\">\n<li data-start=\"2120\" data-end=\"2227\">\n<p data-start=\"2122\" data-end=\"2227\">\u1ee8ng d\u1ee5ng c\u00f4ng ngh\u1ec7 qu\u00e9t Laser 3D &amp; CNC hi\u1ec7n \u0111\u1ea1i, gi\u00fap th\u1ea3m \u00f4m s\u00e1t to\u00e0n b\u1ed9 s\u00e0n xe Everest 2015\u20132021.<\/p>\n<\/li>\n<li data-start=\"2228\" data-end=\"2307\">\n<p data-start=\"2230\" data-end=\"2307\">\u0110\u1ea3m b\u1ea3o form chu\u1ea9n 100%, kh\u00f4ng cong v\u00eanh, kh\u00f4ng tr\u01b0\u1ee3t d\u1ecbch khi s\u1eed d\u1ee5ng.<\/p>\n<\/li>\n<li data-start=\"2308\" data-end=\"2399\">\n<p data-start=\"2310\" data-end=\"2399\">Gi\u00fap t\u0103ng \u0111\u1ed9 b\u00e1m, c\u1ed1 \u0111\u1ecbnh ch\u1eafc ch\u1eafn v\u00e0 mang l\u1ea1i v\u1ebb th\u1ea9m m\u1ef9 \u0111\u1ed3ng nh\u1ea5t cho n\u1ed9i th\u1ea5t xe.<\/p>\n<\/li>\n<\/ul>\n<h3 data-start=\"2401\" data-end=\"2454\"><strong data-start=\"2405\" data-end=\"2454\">Thi\u1ebft k\u1ebf ch\u1ed1ng b\u1ea9n \u2013 ch\u1ed1ng n\u01b0\u1edbc th\u00f4ng minh<\/strong><\/h3>\n<ul data-start=\"2455\" data-end=\"2768\">\n<li data-start=\"2455\" data-end=\"2533\">\n<p data-start=\"2457\" data-end=\"2533\">Vi\u1ec1n th\u1ea3m cao t\u1eeb 3\u20135 cm, gi\u00fap ng\u0103n n\u01b0\u1edbc, c\u00e1t b\u1ee5i, b\u00f9n \u0111\u1ea5t tr\u00e0n ra s\u00e0n.<\/p>\n<\/li>\n<li data-start=\"2534\" data-end=\"2665\">\n<p data-start=\"2536\" data-end=\"2665\">B\u1ec1 m\u1eb7t \u0111\u01b0\u1ee3c t\u1ea1o r\u00e3nh tho\u00e1t n\u01b0\u1edbc v\u00e0 v\u00e2n ch\u1ed1ng tr\u01a1n gi\u00fap gi\u1eef s\u1ea1ch hi\u1ec7u qu\u1ea3 v\u00e0 d\u1ec5 v\u1ec7 sinh ch\u1ec9 b\u1eb1ng kh\u0103n \u01b0\u1edbt ho\u1eb7c x\u1ecbt n\u01b0\u1edbc.<\/p>\n<\/li>\n<li data-start=\"2666\" data-end=\"2768\">\n<p data-start=\"2668\" data-end=\"2768\">Trang b\u1ecb ch\u1ed1t kh\u00f3a \u0111\u1ecbnh v\u1ecb gi\u00fap th\u1ea3m c\u1ed1 \u0111\u1ecbnh ch\u1eafc ch\u1eafn, kh\u00f4ng x\u00ea d\u1ecbch trong qu\u00e1 tr\u00ecnh di chuy\u1ec3n.<\/p>\n<\/li>\n<\/ul>\n<h3 data-start=\"2770\" data-end=\"2822\"><strong data-start=\"2774\" data-end=\"2822\">B\u1ed9 s\u1ea3n ph\u1ea9m \u0111\u1ea7y \u0111\u1ee7 \u2013 ti\u1ec7n l\u1ee3i khi s\u1eed d\u1ee5ng<\/strong><\/h3>\n<ul data-start=\"2823\" data-end=\"3081\">\n<li data-start=\"2823\" data-end=\"2872\">\n<p data-start=\"2825\" data-end=\"2872\">Bao g\u1ed3m th\u1ea3m h\u00e0ng gh\u1ebf tr\u01b0\u1edbc, gi\u1eefa v\u00e0 sau.<\/p>\n<\/li>\n<li data-start=\"2873\" data-end=\"2996\">\n<p data-start=\"2875\" data-end=\"2996\">C\u00f3 t\u00f9y ch\u1ecdn l\u1edbp th\u1ea3m r\u1ed1i ph\u1ee7 tr\u00ean, gi\u00fap gi\u1eef b\u1ee5i t\u1ed1t h\u01a1n v\u00e0 t\u1ea1o c\u1ea3m gi\u00e1c \u00eam \u00e1i, sang tr\u1ecdng khi b\u01b0\u1edbc ch\u00e2n l\u00ean xe.<\/p>\n<\/li>\n<li data-start=\"2997\" data-end=\"3081\">\n<p data-start=\"2999\" data-end=\"3081\">Thi\u1ebft k\u1ebf v\u1eeba kh\u00edt t\u1eebng khu v\u1ef1c, d\u1ec5 th\u00e1o r\u1eddi \u2013 v\u1ec7 sinh nhanh, kh\u00f4 ch\u1ec9 sau v\u00e0i ph\u00fat.<\/p>\n<\/li>\n<\/ul>\n<hr data-start=\"3083\" data-end=\"3086\" \/>\n<h2 data-start=\"3088\" data-end=\"3163\"><strong data-start=\"3091\" data-end=\"3163\">\u01afu \u0111i\u1ec3m v\u01b0\u1ee3t tr\u1ed9i c\u1ee7a th\u1ea3m l\u00f3t s\u00e0n \u00f4 t\u00f4 Ford Everest 2015-2021<\/strong><\/h2>\n<figure id=\"attachment_4528\" aria-describedby=\"caption-attachment-4528\" style=\"width: 1024px\" class=\"wp-caption aligncenter\"><img decoding=\"async\" class=\"size-large wp-image-4528\" src=\"https:\/\/topcar.vn\/wp-content\/uploads\/2025\/10\/Tham-lot-san-o-to-Ford-Everest-2015-2021-1-1024x1024.webp\" alt=\"Th\u1ea3m l\u00f3t s\u00e0n \u00f4 t\u00f4 Ford Everest 2015-2021\" width=\"1024\" height=\"1024\" srcset=\"https:\/\/topcar.vn\/wp-content\/uploads\/2025\/10\/Tham-lot-san-o-to-Ford-Everest-2015-2021-1-1024x1024.webp 1024w, https:\/\/topcar.vn\/wp-content\/uploads\/2025\/10\/Tham-lot-san-o-to-Ford-Everest-2015-2021-1-300x300.webp 300w, https:\/\/topcar.vn\/wp-content\/uploads\/2025\/10\/Tham-lot-san-o-to-Ford-Everest-2015-2021-1-150x150.webp 150w, https:\/\/topcar.vn\/wp-content\/uploads\/2025\/10\/Tham-lot-san-o-to-Ford-Everest-2015-2021-1-768x767.webp 768w, https:\/\/topcar.vn\/wp-content\/uploads\/2025\/10\/Tham-lot-san-o-to-Ford-Everest-2015-2021-1-600x599.webp 600w, https:\/\/topcar.vn\/wp-content\/uploads\/2025\/10\/Tham-lot-san-o-to-Ford-Everest-2015-2021-1-100x100.webp 100w, https:\/\/topcar.vn\/wp-content\/uploads\/2025\/10\/Tham-lot-san-o-to-Ford-Everest-2015-2021-1.webp 1081w\" sizes=\"(max-width: 1024px) 100vw, 1024px\" \/><figcaption id=\"caption-attachment-4528\" class=\"wp-caption-text\">Th\u1ea3m l\u00f3t s\u00e0n \u00f4 t\u00f4 Ford Everest 2015-2021<\/figcaption><\/figure>\n<ul data-start=\"3165\" data-end=\"3618\">\n<li data-start=\"3165\" data-end=\"3252\">\n<p data-start=\"3167\" data-end=\"3252\">Ch\u1ed1ng n\u01b0\u1edbc tuy\u1ec7t \u0111\u1ed1i, b\u1ea3o v\u1ec7 s\u00e0n xe lu\u00f4n kh\u00f4 r\u00e1o trong m\u1ecdi \u0111i\u1ec1u ki\u1ec7n th\u1eddi ti\u1ebft.<\/p>\n<\/li>\n<li data-start=\"3253\" data-end=\"3306\">\n<p data-start=\"3255\" data-end=\"3306\">Ch\u1ed1ng tr\u01a1n tr\u01b0\u1ee3t, \u0111\u1ea3m b\u1ea3o an to\u00e0n khi l\u00e1i xe.<\/p>\n<\/li>\n<li data-start=\"3307\" data-end=\"3388\">\n<p data-start=\"3309\" data-end=\"3388\">C\u00e1ch \u00e2m \u2013 gi\u1ea3m ti\u1ebfng \u1ed3n t\u1eeb g\u1ea7m xe, mang l\u1ea1i kh\u00f4ng gian y\u00ean t\u0129nh, d\u1ec5 ch\u1ecbu.<\/p>\n<\/li>\n<li data-start=\"3389\" data-end=\"3446\">\n<p data-start=\"3391\" data-end=\"3446\">D\u1ec5 v\u1ec7 sinh, nhanh kh\u00f4, kh\u00f4ng b\u00e1m m\u00f9i sau khi r\u1eeda.<\/p>\n<\/li>\n<li data-start=\"3447\" data-end=\"3543\">\n<p data-start=\"3449\" data-end=\"3543\">Th\u00e2n thi\u1ec7n v\u1edbi s\u1ee9c kh\u1ecfe ng\u01b0\u1eddi d\u00f9ng, ph\u00f9 h\u1ee3p v\u1edbi gia \u0111\u00ecnh c\u00f3 tr\u1ebb nh\u1ecf ho\u1eb7c ng\u01b0\u1eddi nh\u1ea1y c\u1ea3m.<\/p>\n<\/li>\n<li data-start=\"3544\" data-end=\"3618\">\n<p data-start=\"3546\" data-end=\"3618\">\u0110\u1ed9 b\u1ec1n cao, s\u1eed d\u1ee5ng l\u00e2u d\u00e0i m\u00e0 v\u1eabn gi\u1eef \u0111\u01b0\u1ee3c form v\u00e0 m\u00e0u s\u1eafc nh\u01b0 m\u1edbi.<\/p>\n<\/li>\n<\/ul>\n<hr data-start=\"3620\" data-end=\"3623\" \/>\n<h2 data-start=\"3625\" data-end=\"3676\"><strong data-start=\"3628\" data-end=\"3676\">Gi\u00e1 th\u1ea3m l\u00f3t s\u00e0n \u00f4 t\u00f4 Ford Everest 2015-2021<\/strong><\/h2>\n<p data-start=\"3678\" data-end=\"3753\">S\u1ea3n ph\u1ea9m hi\u1ec7n \u0111\u01b0\u1ee3c ph\u00e2n ph\u1ed1i ch\u00ednh h\u00e3ng b\u1edfi Topcar, v\u1edbi m\u1ee9c gi\u00e1 \u01b0u \u0111\u00e3i:<\/p>\n<ul data-start=\"3755\" data-end=\"3880\">\n<li data-start=\"3755\" data-end=\"3817\">\n<p data-start=\"3757\" data-end=\"3817\">Th\u1ea3m TPE \u0111\u00fac khu\u00f4n 3D chu\u1ea9n form: 2.250.000 VN\u0110\/b\u1ed9.<\/p>\n<\/li>\n<li data-start=\"3818\" data-end=\"3880\">\n<p data-start=\"3820\" data-end=\"3880\">Th\u1ea3m TPE k\u00e8m l\u1edbp th\u1ea3m r\u1ed1i ph\u1ee7 tr\u00ean: 2.500.000 VN\u0110\/b\u1ed9.<\/p>\n<\/li>\n<\/ul>\n<p><em style=\"font-size: 16px;\" data-start=\"3887\" data-end=\"4051\">Gi\u00e1 c\u00f3 th\u1ec3 thay \u0111\u1ed5i t\u00f9y theo ch\u01b0\u01a1ng tr\u00ecnh khuy\u1ebfn m\u00e3i t\u1eebng th\u1eddi \u0111i\u1ec3m. Vui l\u00f2ng li\u00ean h\u1ec7 Hotline: 0889.385.222 \u0111\u1ec3 \u0111\u01b0\u1ee3c b\u00e1o gi\u00e1 ch\u00ednh x\u00e1c v\u00e0 nh\u1eadn \u01b0u \u0111\u00e3i m\u1edbi nh\u1ea5t.<\/em><\/p>\n<hr data-start=\"4053\" data-end=\"4056\" \/>\n<h2 data-start=\"4058\" data-end=\"4117\"><strong data-start=\"4061\" data-end=\"4117\">Mua th\u1ea3m l\u00f3t s\u00e0n \u00f4 t\u00f4 Ford Everest 2015-2021 ch\u00ednh h\u00e3ng \u1edf \u0111\u00e2u?<\/strong><\/h2>\n<p data-start=\"4119\" data-end=\"4302\">Th\u1ea3m l\u00f3t s\u00e0n \u00f4 t\u00f4 Ford Everest 2015-2021 \u0111\u01b0\u1ee3c ph\u00e2n ph\u1ed1i ch\u00ednh h\u00e3ng b\u1edfi Topcar, \u0111\u01a1n v\u1ecb chuy\u00ean cung c\u1ea5p ph\u1ee5 ki\u1ec7n \u00f4 t\u00f4 cao c\u1ea5p \u2013 \u0111\u1ea3m b\u1ea3o ch\u1ea5t l\u01b0\u1ee3ng, minh b\u1ea1ch v\u00e0 d\u1ecbch v\u1ee5 t\u1eadn t\u00e2m:<\/p>\n<ul data-start=\"4304\" data-end=\"4556\">\n<li data-start=\"4304\" data-end=\"4343\">\n<p data-start=\"4306\" data-end=\"4343\">Mi\u1ec5n ph\u00ed giao h\u00e0ng to\u00e0n qu\u1ed1c.<\/p>\n<\/li>\n<li data-start=\"4344\" data-end=\"4402\">\n<p data-start=\"4346\" data-end=\"4402\">H\u1ed7 tr\u1ee3 l\u1eafp \u0111\u1eb7t t\u1ea1i nh\u00e0 (\u00e1p d\u1ee5ng m\u1ed9t s\u1ed1 khu v\u1ef1c).<\/p>\n<\/li>\n<li data-start=\"4403\" data-end=\"4461\">\n<p data-start=\"4405\" data-end=\"4461\">1 \u0111\u1ed5i 1 trong 7 ng\u00e0y n\u1ebfu ph\u00e1t hi\u1ec7n l\u1ed7i k\u1ef9 thu\u1eadt.<\/p>\n<\/li>\n<li data-start=\"4403\" data-end=\"4461\">\n<p data-start=\"4405\" data-end=\"4461\">Thanh to\u00e1n khi nh\u1eadn h\u00e0ng \u2013 nhanh ch\u00f3ng, an to\u00e0n.<\/p>\n<\/li>\n<li data-start=\"4521\" data-end=\"4556\">\n<p data-start=\"4523\" data-end=\"4556\">B\u1ea3o h\u00e0nh ch\u00ednh h\u00e3ng 5 n\u0103m.<\/p>\n<\/li>\n<\/ul>\n<p data-start=\"4558\" data-end=\"4781\">Kh\u00e1ch h\u00e0ng c\u00f3 th\u1ec3 mua tr\u1ef1c ti\u1ebfp t\u1ea1i showroom Topcar ho\u1eb7c \u0111\u1eb7t h\u00e0ng online qua website.<br data-start=\"4651\" data-end=\"4654\" \/>S\u1ea3n ph\u1ea9m \u0111\u01b0\u1ee3c \u0111\u00f3ng g\u00f3i c\u1ea9n th\u1eadn, giao h\u00e0ng nhanh v\u00e0 c\u00f3 \u0111\u1ed9i ng\u0169 h\u1ed7 tr\u1ee3 k\u1ef9 thu\u1eadt nhi\u1ec7t t\u00ecnh trong su\u1ed1t qu\u00e1 tr\u00ecnh s\u1eed d\u1ee5ng.<\/p>\n<hr data-start=\"4783\" data-end=\"4786\" \/>\n<h2 data-start=\"4788\" data-end=\"4803\"><strong data-start=\"4791\" data-end=\"4803\">K\u1ebft lu\u1eadn<\/strong><\/h2>\n<p data-start=\"4805\" data-end=\"5190\">Th\u1ea3m l\u00f3t s\u00e0n \u00f4 t\u00f4 Ford Everest 2015-2021 Topcar l\u00e0 l\u1ef1a ch\u1ecdn ho\u00e0n h\u1ea3o gi\u00fap b\u1ea3o v\u1ec7 s\u00e0n xe kh\u1ecfi b\u1ee5i b\u1ea9n, n\u01b0\u1edbc v\u00e0 tr\u1ea7y x\u01b0\u1edbc \u2013 \u0111\u1ed3ng th\u1eddi n\u00e2ng t\u1ea7m th\u1ea9m m\u1ef9, mang l\u1ea1i c\u1ea3m gi\u00e1c tho\u1ea3i m\u00e1i v\u00e0 an to\u00e0n khi s\u1eed d\u1ee5ng.<br data-start=\"5010\" data-end=\"5013\" \/>V\u1edbi ch\u1ea5t li\u1ec7u TPE nguy\u00ean sinh cao c\u1ea5p, thi\u1ebft k\u1ebf chu\u1ea9n form 3D ch\u00ednh x\u00e1c tuy\u1ec7t \u0111\u1ed1i c\u00f9ng ch\u00ednh s\u00e1ch b\u1ea3o h\u00e0nh 5 n\u0103m, \u0111\u00e2y l\u00e0 ph\u1ee5 ki\u1ec7n \u0111\u00e1ng \u0111\u1ea7u t\u01b0 cho m\u1ecdi ch\u1ee7 xe Everest.<\/p>\n<hr data-start=\"5192\" data-end=\"5195\" \/>\n<h3 data-start=\"5197\" data-end=\"5267\"><strong data-start=\"5201\" data-end=\"5267\">Li\u00ean h\u1ec7 Topcar \u0111\u1ec3 \u0111\u01b0\u1ee3c t\u01b0 v\u1ea5n v\u00e0 nh\u1eadn \u01b0u \u0111\u00e3i t\u1ed1t nh\u1ea5t h\u00f4m nay:<\/strong><\/h3>\n<p data-start=\"5268\" data-end=\"5431\"><strong data-start=\"5271\" data-end=\"5283\">Hotline:<\/strong> 0889.385.222<br data-start=\"5296\" data-end=\"5299\" \/><strong data-start=\"5302\" data-end=\"5314\">\u0110\u1ecba ch\u1ec9:<\/strong> S\u1ed1 9 Bt2 Khu \u0111\u00f4 th\u1ecb Foresa Xu\u00e2n Ph\u01b0\u01a1ng, Nam T\u1eeb Li\u00eam, H\u00e0 N\u1ed9i<br data-start=\"5374\" data-end=\"5377\" \/><strong data-start=\"5380\" data-end=\"5392\">Website:<\/strong> <a class=\"decorated-link\" href=\"https:\/\/Topcar.vn\" target=\"_new\" rel=\"noopener\" data-start=\"5393\" data-end=\"5431\">https:\/\/Topcar.vn<\/a><\/p>\n","protected":false},"excerpt":{"rendered":"<ul>\n<li>Mi\u1ec5n ph\u00ed giao h\u00e0ng to\u00e0n qu\u1ed1c<\/li>\n<li>Nh\u1eadn h\u00e0ng &gt; L\u1eafp \u0111\u1eb7t &gt; Thanh to\u00e1n<\/li>\n<li>B\u1ea3o h\u00e0nh 5 n\u0103m<\/li>\n<\/ul>\n","protected":false},"featured_media":3774,"comment_status":"closed","ping_status":"closed","template":"","meta":{"site-sidebar-layout":"no-sidebar","site-content-layout":"content-boxed-container","ast-site-content-layout":"normal-width-container","site-content-style":"boxed","site-sidebar-style":"unboxed","ast-global-header-display":"","ast-banner-title-visibility":"","ast-main-header-display":"","ast-hfb-above-header-display":"","ast-hfb-below-header-display":"","ast-hfb-mobile-header-display":"","site-post-title":"","ast-breadcrumbs-content":"","ast-featured-img":"","footer-sml-layout":"","ast-disable-related-posts":"","theme-transparent-header-meta":"default","adv-header-id-meta":"","stick-header-meta":"","header-above-stick-meta":"","header-main-stick-meta":"","header-below-stick-meta":"","astra-migrate-meta-layouts":"set","ast-page-background-enabled":"default","ast-page-background-meta":{"desktop":{"background-color":"var(--ast-global-color-4)","background-image":"","background-repeat":"repeat","background-position":"center center","background-size":"auto","background-attachment":"scroll","background-type":"","background-media":"","overlay-type":"","overlay-color":"","overlay-opacity":"","overlay-gradient":""},"tablet":{"background-color":"","background-image":"","background-repeat":"repeat","background-position":"center center","background-size":"auto","background-attachment":"scroll","background-type":"","background-media":"","overlay-type":"","overlay-color":"","overlay-opacity":"","overlay-gradient":""},"mobile":{"background-color":"","background-image":"","background-repeat":"repeat","background-position":"center center","background-size":"auto","background-attachment":"scroll","background-type":"","background-media":"","overlay-type":"","overlay-color":"","overlay-opacity":"","overlay-gradient":""}},"ast-content-background-meta":{"desktop":{"background-color":"var(--ast-global-color-5)","background-image":"","background-repeat":"repeat","background-position":"center center","background-size":"auto","background-attachment":"scroll","background-type":"","background-media":"","overlay-type":"","overlay-color":"","overlay-opacity":"","overlay-gradient":""},"tablet":{"background-color":"var(--ast-global-color-5)","background-image":"","background-repeat":"repeat","background-position":"center center","background-size":"auto","background-attachment":"scroll","background-type":"","background-media":"","overlay-type":"","overlay-color":"","overlay-opacity":"","overlay-gradient":""},"mobile":{"background-color":"var(--ast-global-color-5)","background-image":"","background-repeat":"repeat","background-position":"center center","background-size":"auto","background-attachment":"scroll","background-type":"","background-media":"","overlay-type":"","overlay-color":"","overlay-opacity":"","overlay-gradient":""}}},"product_brand":[],"product_cat":[43,51],"product_tag":[338,648,73,259,76,650],"class_list":{"0":"post-4525","1":"product","2":"type-product","3":"status-publish","4":"has-post-thumbnail","6":"product_cat-tham-lot-san-o-to","7":"product_cat-tham-lot-san-o-to-ford","8":"product_tag-tham-lot-san-chong-nuoc","9":"product_tag-tham-lot-san-gia-re","10":"product_tag-tham-lot-san-o-to","11":"product_tag-tham-lot-san-o-to-ford-everest-2015-2021","12":"product_tag-tham-lot-san-o-to-tpe","13":"product_tag-tham-lot-san-xe-ford","14":"desktop-align-left","15":"tablet-align-left","16":"mobile-align-left","18":"first","19":"instock","20":"shipping-taxable","21":"purchasable","22":"product-type-variable"},"_links":{"self":[{"href":"https:\/\/topcar.vn\/index.php?rest_route=\/wp\/v2\/product\/4525","targetHints":{"allow":["GET"]}}],"collection":[{"href":"https:\/\/topcar.vn\/index.php?rest_route=\/wp\/v2\/product"}],"about":[{"href":"https:\/\/topcar.vn\/index.php?rest_route=\/wp\/v2\/types\/product"}],"replies":[{"embeddable":true,"href":"https:\/\/topcar.vn\/index.php?rest_route=%2Fwp%2Fv2%2Fcomments&post=4525"}],"version-history":[{"count":1,"href":"https:\/\/topcar.vn\/index.php?rest_route=\/wp\/v2\/product\/4525\/revisions"}],"predecessor-version":[{"id":4532,"href":"https:\/\/topcar.vn\/index.php?rest_route=\/wp\/v2\/product\/4525\/revisions\/4532"}],"wp:featuredmedia":[{"embeddable":true,"href":"https:\/\/topcar.vn\/index.php?rest_route=\/wp\/v2\/media\/3774"}],"wp:attachment":[{"href":"https:\/\/topcar.vn\/index.php?rest_route=%2Fwp%2Fv2%2Fmedia&parent=4525"}],"wp:term":[{"taxonomy":"product_brand","embeddable":true,"href":"https:\/\/topcar.vn\/index.php?rest_route=%2Fwp%2Fv2%2Fproduct_brand&post=4525"},{"taxonomy":"product_cat","embeddable":true,"href":"https:\/\/topcar.vn\/index.php?rest_route=%2Fwp%2Fv2%2Fproduct_cat&post=4525"},{"taxonomy":"product_tag","embeddable":true,"href":"https:\/\/topcar.vn\/index.php?rest_route=%2Fwp%2Fv2%2Fproduct_tag&post=4525"}],"curies":[{"name":"wp","href":"https:\/\/api.w.org\/{rel}","templated":true}]}}