{"id":4481,"date":"2025-10-22T14:14:10","date_gmt":"2025-10-22T07:14:10","guid":{"rendered":"https:\/\/topcar.vn\/?post_type=product&#038;p=4481"},"modified":"2025-10-22T23:40:20","modified_gmt":"2025-10-22T16:40:20","slug":"tham-lot-san-o-to-ford-ecosport-2018-2024-2","status":"publish","type":"product","link":"https:\/\/topcar.vn\/?product=tham-lot-san-o-to-ford-ecosport-2018-2024-2","title":{"rendered":"Th\u1ea3m l\u00f3t s\u00e0n \u00f4 t\u00f4 Ford EcoSport 2018\u20132024"},"content":{"rendered":"<p data-start=\"276\" data-end=\"598\">Th\u1ea3m l\u00f3t s\u00e0n \u00f4 t\u00f4 Ford EcoSport 2018\u20132024 kh\u00f4ng ch\u1ec9 gi\u00fap gi\u1eef cho n\u1ed9i th\u1ea5t xe lu\u00f4n s\u1ea1ch s\u1ebd, m\u00e0 c\u00f2n g\u00f3p ph\u1ea7n mang l\u1ea1i tr\u1ea3i nghi\u1ec7m l\u00e1i xe ti\u1ec7n nghi v\u00e0 an to\u00e0n h\u01a1n. S\u1ea3n ph\u1ea9m th\u1ea3m Topcar \u0111\u01b0\u1ee3c thi\u1ebft k\u1ebf ri\u00eang cho d\u00f2ng xe EcoSport, s\u1eed d\u1ee5ng v\u1eadt li\u1ec7u cao c\u1ea5p c\u00f9ng c\u00f4ng ngh\u1ec7 s\u1ea3n xu\u1ea5t hi\u1ec7n \u0111\u1ea1i, l\u00e0 l\u1ef1a ch\u1ecdn \u0111\u00e1ng \u0111\u1ea7u t\u01b0 cho m\u1ecdi ch\u1ee7 xe.<\/p>\n<hr data-start=\"600\" data-end=\"603\" \/>\n<h2 data-start=\"605\" data-end=\"671\"><strong data-start=\"609\" data-end=\"671\">Gi\u1edbi thi\u1ec7u v\u1ec1 th\u1ea3m l\u00f3t s\u00e0n \u00f4 t\u00f4 Ford EcoSport 2018\u20132024<\/strong><\/h2>\n<figure id=\"attachment_4487\" aria-describedby=\"caption-attachment-4487\" style=\"width: 1024px\" class=\"wp-caption aligncenter\"><img fetchpriority=\"high\" decoding=\"async\" class=\"size-large wp-image-4487\" src=\"https:\/\/topcar.vn\/wp-content\/uploads\/2025\/10\/Tham-lot-san-o-to-Ford-EcoSport-2018\u20132024-3-1024x1024.webp\" alt=\"Th\u1ea3m l\u00f3t s\u00e0n \u00f4 t\u00f4 Ford EcoSport 2018\u20132024\" width=\"1024\" height=\"1024\" srcset=\"https:\/\/topcar.vn\/wp-content\/uploads\/2025\/10\/Tham-lot-san-o-to-Ford-EcoSport-2018\u20132024-3-1024x1024.webp 1024w, https:\/\/topcar.vn\/wp-content\/uploads\/2025\/10\/Tham-lot-san-o-to-Ford-EcoSport-2018\u20132024-3-300x300.webp 300w, https:\/\/topcar.vn\/wp-content\/uploads\/2025\/10\/Tham-lot-san-o-to-Ford-EcoSport-2018\u20132024-3-150x150.webp 150w, https:\/\/topcar.vn\/wp-content\/uploads\/2025\/10\/Tham-lot-san-o-to-Ford-EcoSport-2018\u20132024-3-768x767.webp 768w, https:\/\/topcar.vn\/wp-content\/uploads\/2025\/10\/Tham-lot-san-o-to-Ford-EcoSport-2018\u20132024-3-600x599.webp 600w, https:\/\/topcar.vn\/wp-content\/uploads\/2025\/10\/Tham-lot-san-o-to-Ford-EcoSport-2018\u20132024-3-100x100.webp 100w, https:\/\/topcar.vn\/wp-content\/uploads\/2025\/10\/Tham-lot-san-o-to-Ford-EcoSport-2018\u20132024-3.webp 1081w\" sizes=\"(max-width: 1024px) 100vw, 1024px\" \/><figcaption id=\"caption-attachment-4487\" class=\"wp-caption-text\">Th\u1ea3m l\u00f3t s\u00e0n \u00f4 t\u00f4 Ford EcoSport 2018\u20132024<\/figcaption><\/figure>\n<p>Ford EcoSport l\u00e0 m\u1eabu SUV \u0111\u00f4 th\u1ecb c\u1ee1 nh\u1ecf \u0111\u01b0\u1ee3c \u01b0a chu\u1ed9ng nh\u1edd thi\u1ebft k\u1ebf n\u0103ng \u0111\u1ed9ng, g\u1ea7m cao v\u00e0 kh\u1ea3 n\u0103ng v\u1eadn h\u00e0nh linh ho\u1ea1t. Tuy nhi\u00ean, s\u00e0n xe d\u1ec5 b\u1ecb b\u00e1m b\u1ea9n, \u1ea9m m\u1ed1c hay tr\u1ea7y x\u01b0\u1edbc trong qu\u00e1 tr\u00ecnh s\u1eed d\u1ee5ng. Gi\u1ea3i ph\u00e1p t\u1ed1i \u01b0u ch\u00ednh l\u00e0 trang b\u1ecb th\u1ea3m l\u00f3t s\u00e0n \u00f4 t\u00f4 Ford EcoSport \u2013 gi\u00fap b\u1ea3o v\u1ec7 s\u00e0n xe v\u00e0 n\u00e2ng cao t\u00ednh th\u1ea9m m\u1ef9 n\u1ed9i th\u1ea5t.<\/p>\n<p>Th\u1ea3m d\u00e0nh ri\u00eang cho EcoSport 2018\u20132024 \u0111\u01b0\u1ee3c \u0111\u00fac khu\u00f4n 3D chu\u1ea9n form theo t\u1eebng \u0111\u1eddi xe, \u0111\u1ea3m b\u1ea3o \u00f4m s\u00e1t t\u1eebng chi ti\u1ebft s\u00e0n, kh\u00f4ng c\u1ea7n ch\u1ec9nh s\u1eeda. M\u1ed9t s\u1ed1 \u0111\u1eb7c \u0111i\u1ec3m n\u1ed5i b\u1eadt:<\/p>\n<p data-start=\"1218\" data-end=\"1354\"><a href=\"https:\/\/www.dienmayxanh.com\/kinh-nghiem-hay\/nhua-tpe-la-gi-1291344\" target=\"_blank\" rel=\"noopener\">Ch\u1ea5t li\u1ec7u TPE nguy\u00ean sinh<\/a> cao c\u1ea5p: Th\u00e2n thi\u1ec7n v\u1edbi m\u00f4i tr\u01b0\u1eddng, kh\u00f4ng m\u00f9i, kh\u00f4ng ch\u1ee9a h\u00f3a ch\u1ea5t \u0111\u1ed9c h\u1ea1i, \u0111\u1ea1t ti\u00eau chu\u1ea9n RoHS ch\u00e2u \u00c2u.<\/p>\n<p data-start=\"1357\" data-end=\"1508\">C\u00f4ng ngh\u1ec7 \u00e9p khu\u00f4n 3D hi\u1ec7n \u0111\u1ea1i: \u1ee8ng d\u1ee5ng m\u00e1y qu\u00e9t Laser v\u00e0 CNC \u0111\u1ec3 \u0111o \u0111\u1ea1c ch\u00ednh x\u00e1c, \u0111\u1ea3m b\u1ea3o v\u1eeba kh\u00edt tuy\u1ec7t \u0111\u1ed1i v\u00e0 kh\u00f4ng b\u1ecb x\u00f4 l\u1ec7ch khi di chuy\u1ec3n.<\/p>\n<p data-start=\"1511\" data-end=\"1666\">Thi\u1ebft k\u1ebf ti\u1ec7n \u00edch th\u00f4ng minh: Vi\u1ec1n cao ch\u1ed1ng tr\u00e0n, r\u00e3nh tho\u00e1t n\u01b0\u1edbc v\u00e0 h\u1ec7 th\u1ed1ng ch\u1ed1t kh\u00f3a c\u1ed1 \u0111\u1ecbnh gi\u00fap gi\u1eef s\u1ea1ch hi\u1ec7u qu\u1ea3, d\u1ec5 d\u00e0ng th\u00e1o l\u1eafp v\u00e0 v\u1ec7 sinh.<\/p>\n<p data-start=\"1669\" data-end=\"1854\">B\u1ed9 s\u1ea3n ph\u1ea9m \u0111\u1ea7y \u0111\u1ee7: G\u1ed3m th\u1ea3m gh\u1ebf l\u00e1i, gh\u1ebf ph\u1ee5 v\u00e0 h\u00e0ng gh\u1ebf sau (chia 2 ho\u1eb7c 3 m\u1ea3nh t\u00f9y \u0111\u1eddi xe), c\u00f3 th\u1ec3 t\u00f9y ch\u1ecdn th\u00eam l\u1edbp th\u1ea3m r\u1ed1i ph\u1ee7 tr\u00ean \u0111\u1ec3 t\u0103ng \u0111\u1ed9 \u00eam \u00e1i v\u00e0 kh\u1ea3 n\u0103ng gi\u1eef b\u1ee5i.<\/p>\n<hr data-start=\"1856\" data-end=\"1859\" \/>\n<h2><strong data-start=\"1865\" data-end=\"1935\">\u01afu \u0111i\u1ec3m v\u01b0\u1ee3t tr\u1ed9i c\u1ee7a th\u1ea3m l\u00f3t s\u00e0n \u00f4 t\u00f4 Ford EcoSport 2018\u20132024<\/strong><\/h2>\n<figure id=\"attachment_4490\" aria-describedby=\"caption-attachment-4490\" style=\"width: 1024px\" class=\"wp-caption aligncenter\"><img decoding=\"async\" class=\"size-large wp-image-4490\" src=\"https:\/\/topcar.vn\/wp-content\/uploads\/2025\/10\/Tham-lot-san-o-to-Ford-EcoSport-2018\u20132024-6-1024x1024.webp\" alt=\"Th\u1ea3m l\u00f3t s\u00e0n \u00f4 t\u00f4 Ford EcoSport 2018\u20132024\" width=\"1024\" height=\"1024\" srcset=\"https:\/\/topcar.vn\/wp-content\/uploads\/2025\/10\/Tham-lot-san-o-to-Ford-EcoSport-2018\u20132024-6-1024x1024.webp 1024w, https:\/\/topcar.vn\/wp-content\/uploads\/2025\/10\/Tham-lot-san-o-to-Ford-EcoSport-2018\u20132024-6-300x300.webp 300w, https:\/\/topcar.vn\/wp-content\/uploads\/2025\/10\/Tham-lot-san-o-to-Ford-EcoSport-2018\u20132024-6-150x150.webp 150w, https:\/\/topcar.vn\/wp-content\/uploads\/2025\/10\/Tham-lot-san-o-to-Ford-EcoSport-2018\u20132024-6-768x767.webp 768w, https:\/\/topcar.vn\/wp-content\/uploads\/2025\/10\/Tham-lot-san-o-to-Ford-EcoSport-2018\u20132024-6-600x599.webp 600w, https:\/\/topcar.vn\/wp-content\/uploads\/2025\/10\/Tham-lot-san-o-to-Ford-EcoSport-2018\u20132024-6-100x100.webp 100w, https:\/\/topcar.vn\/wp-content\/uploads\/2025\/10\/Tham-lot-san-o-to-Ford-EcoSport-2018\u20132024-6.webp 1081w\" sizes=\"(max-width: 1024px) 100vw, 1024px\" \/><figcaption id=\"caption-attachment-4490\" class=\"wp-caption-text\">Th\u1ea3m l\u00f3t s\u00e0n \u00f4 t\u00f4 Ford EcoSport 2018\u20132024<\/figcaption><\/figure>\n<p>Th\u1ea3m s\u00e0n Topcar cho d\u00f2ng EcoSport \u0111\u01b0\u1ee3c nhi\u1ec1u ng\u01b0\u1eddi d\u00f9ng \u0111\u00e1nh gi\u00e1 cao nh\u1edd nh\u1eefng \u01b0u \u0111i\u1ec3m v\u01b0\u1ee3t tr\u1ed9i:<\/p>\n<p>Ch\u1ed1ng th\u1ea5m v\u00e0 ch\u1ed1ng tr\u01a1n tr\u01b0\u1ee3t tuy\u1ec7t \u0111\u1ed1i, \u0111\u1ea3m b\u1ea3o an to\u00e0n khi l\u00e1i xe.<\/p>\n<p>Ch\u1ecbu nhi\u1ec7t, ch\u1ed1ng cong v\u00eanh, co ng\u00f3t t\u1ed1t trong m\u1ecdi \u0111i\u1ec1u ki\u1ec7n th\u1eddi ti\u1ebft Vi\u1ec7t Nam.<\/p>\n<p>Thi\u1ebft k\u1ebf s\u00e1t form 100%, bao ph\u1ee7 to\u00e0n b\u1ed9 b\u1ec1 m\u1eb7t s\u00e0n, gi\u00fap gi\u1ea3m ti\u1ebfng \u1ed3n v\u00e0 h\u1ea1n ch\u1ebf h\u01a1i n\u00f3ng t\u1eeb g\u1ea7m xe.<\/p>\n<p>D\u1ec5 d\u00e0ng v\u1ec7 sinh: Ch\u1ec9 c\u1ea7n nh\u1ea5c ra, x\u1ecbt n\u01b0\u1edbc l\u00e0 s\u1ea1ch nh\u01b0 m\u1edbi, kh\u00f4ng c\u1ea7n h\u00f3a ch\u1ea5t t\u1ea9y r\u1eeda.<\/p>\n<p>An to\u00e0n \u2013 th\u00e2n thi\u1ec7n v\u1edbi s\u1ee9c kh\u1ecfe: Kh\u00f4ng ph\u00e1t sinh m\u00f9i cao su kh\u00f3 ch\u1ecbu, ph\u00f9 h\u1ee3p c\u1ea3 v\u1edbi gia \u0111\u00ecnh c\u00f3 tr\u1ebb nh\u1ecf.<\/p>\n<hr data-start=\"2573\" data-end=\"2576\" \/>\n<h2><strong data-start=\"2582\" data-end=\"2645\">Th\u1ea3m l\u00f3t s\u00e0n \u00f4 t\u00f4 Ford EcoSport 2018\u20132024 gi\u00e1 bao nhi\u00eau?<\/strong><\/h2>\n<p>Hi\u1ec7n t\u1ea1i, th\u1ea3m l\u00f3t s\u00e0n TPE cho Ford EcoSport 2018\u20132024 c\u1ee7a Topcar c\u00f3 gi\u00e1 2.000.000 VN\u0110\/b\u1ed9.<br data-start=\"2792\" data-end=\"2795\" \/>N\u1ebfu kh\u00e1ch h\u00e0ng mu\u1ed1n k\u1ebft h\u1ee3p th\u00eam th\u1ea3m r\u1ed1i ph\u1ee7 tr\u00ean, gi\u00e1 tr\u1ecdn b\u1ed9 l\u00e0 2.200.000 VN\u0110 \u2013 gi\u00fap t\u0103ng kh\u1ea3 n\u0103ng gi\u1eef b\u1ee5i v\u00e0 \u0111\u1ed9 \u00eam \u00e1i khi di chuy\u1ec3n.<\/p>\n<p>Gi\u00e1 b\u00e1n c\u00f3 th\u1ec3 thay \u0111\u1ed5i t\u00f9y theo ch\u01b0\u01a1ng tr\u00ecnh khuy\u1ebfn m\u00e3i ho\u1eb7c th\u1eddi \u0111i\u1ec3m \u01b0u \u0111\u00e3i \u0111\u1eb7c bi\u1ec7t.<\/p>\n<p>\u0110\u1ec3 nh\u1eadn b\u00e1o gi\u00e1 ch\u00ednh x\u00e1c v\u00e0 khuy\u1ebfn m\u00e3i m\u1edbi nh\u1ea5t, vui l\u00f2ng li\u00ean h\u1ec7 Hotline: 0889.385.222<\/p>\n<hr data-start=\"3137\" data-end=\"3140\" \/>\n<h2><strong data-start=\"3146\" data-end=\"3201\">Mua th\u1ea3m l\u00f3t s\u00e0n Ford EcoSport ch\u00ednh h\u00e3ng \u1edf \u0111\u00e2u?<\/strong><\/h2>\n<figure id=\"attachment_4489\" aria-describedby=\"caption-attachment-4489\" style=\"width: 1024px\" class=\"wp-caption aligncenter\"><img decoding=\"async\" class=\"size-large wp-image-4489\" src=\"https:\/\/topcar.vn\/wp-content\/uploads\/2025\/10\/Tham-lot-san-o-to-Ford-EcoSport-2018\u20132024-5-1024x1024.webp\" alt=\"Th\u1ea3m l\u00f3t s\u00e0n \u00f4 t\u00f4 Ford EcoSport 2018\u20132024\" width=\"1024\" height=\"1024\" srcset=\"https:\/\/topcar.vn\/wp-content\/uploads\/2025\/10\/Tham-lot-san-o-to-Ford-EcoSport-2018\u20132024-5-1024x1024.webp 1024w, https:\/\/topcar.vn\/wp-content\/uploads\/2025\/10\/Tham-lot-san-o-to-Ford-EcoSport-2018\u20132024-5-300x300.webp 300w, https:\/\/topcar.vn\/wp-content\/uploads\/2025\/10\/Tham-lot-san-o-to-Ford-EcoSport-2018\u20132024-5-150x150.webp 150w, https:\/\/topcar.vn\/wp-content\/uploads\/2025\/10\/Tham-lot-san-o-to-Ford-EcoSport-2018\u20132024-5-768x767.webp 768w, https:\/\/topcar.vn\/wp-content\/uploads\/2025\/10\/Tham-lot-san-o-to-Ford-EcoSport-2018\u20132024-5-600x599.webp 600w, https:\/\/topcar.vn\/wp-content\/uploads\/2025\/10\/Tham-lot-san-o-to-Ford-EcoSport-2018\u20132024-5-100x100.webp 100w, https:\/\/topcar.vn\/wp-content\/uploads\/2025\/10\/Tham-lot-san-o-to-Ford-EcoSport-2018\u20132024-5.webp 1081w\" sizes=\"(max-width: 1024px) 100vw, 1024px\" \/><figcaption id=\"caption-attachment-4489\" class=\"wp-caption-text\">Th\u1ea3m l\u00f3t s\u00e0n \u00f4 t\u00f4 Ford EcoSport 2018\u20132024<\/figcaption><\/figure>\n<p>S\u1ea3n ph\u1ea9m th\u1ea3m l\u00f3t s\u00e0n \u00f4 t\u00f4 Ford EcoSport 2018\u20132024 hi\u1ec7n \u0111ang \u0111\u01b0\u1ee3c ph\u00e2n ph\u1ed1i ch\u00ednh h\u00e3ng b\u1edfi Topcar, cam k\u1ebft:<\/p>\n<p>Mi\u1ec5n ph\u00ed giao h\u00e0ng to\u00e0n qu\u1ed1c<\/p>\n<p>Mi\u1ec5n ph\u00ed l\u1eafp \u0111\u1eb7t t\u1ea1i nh\u00e0 (\u00e1p d\u1ee5ng t\u1ea1i m\u1ed9t s\u1ed1 khu v\u1ef1c)<\/p>\n<p>1 \u0111\u1ed5i 1 trong 7 ng\u00e0y n\u1ebfu c\u00f3 l\u1ed7i k\u1ef9 thu\u1eadt<\/p>\n<p>Thanh to\u00e1n khi nh\u1eadn h\u00e0ng \u2013 nhanh ch\u00f3ng, an to\u00e0n<\/p>\n<p>B\u1ea3o h\u00e0nh ch\u00ednh h\u00e3ng 5 n\u0103m<\/p>\n<p>Kh\u00e1ch h\u00e0ng c\u00f3 th\u1ec3 \u0111\u1eb7t mua tr\u1ef1c ti\u1ebfp t\u1ea1i showroom, \u0111\u1ea1i l\u00fd ph\u1ee5 ki\u1ec7n \u00f4 t\u00f4 ho\u1eb7c tr\u00ean c\u00e1c s\u00e0n th\u01b0\u01a1ng m\u1ea1i \u0111i\u1ec7n t\u1eed l\u1edbn. Th\u1eddi gian giao h\u00e0ng nhanh ch\u00f3ng.<\/p>\n<hr data-start=\"3794\" data-end=\"3797\" \/>\n<h2><strong data-start=\"3803\" data-end=\"3818\">K\u1ebft lu\u1eadn<\/strong><\/h2>\n<p>Th\u1ea3m l\u00f3t s\u00e0n Ford EcoSport TPE Topcar l\u00e0 l\u1ef1a ch\u1ecdn ho\u00e0n h\u1ea3o gi\u00fap b\u1ea3o v\u1ec7 s\u00e0n xe to\u00e0n di\u1ec7n, n\u00e2ng cao ti\u1ec7n nghi v\u00e0 \u0111\u1ea3m b\u1ea3o an to\u00e0n trong m\u1ecdi h\u00e0nh tr\u00ecnh. V\u1edbi ch\u1ea5t l\u01b0\u1ee3ng cao c\u1ea5p, thi\u1ebft k\u1ebf chu\u1ea9n form v\u00e0 \u0111\u1ed9 b\u1ec1n v\u01b0\u1ee3t tr\u1ed9i, \u0111\u00e2y l\u00e0 ph\u1ee5 ki\u1ec7n m\u00e0 b\u1ea5t k\u1ef3 ch\u1ee7 xe EcoSport n\u00e0o c\u0169ng n\u00ean s\u1edf h\u1eefu.<\/p>\n<p>Li\u00ean h\u1ec7 ngay \u0111\u1ec3 \u0111\u01b0\u1ee3c t\u01b0 v\u1ea5n chi ti\u1ebft v\u00e0 nh\u1eadn \u01b0u \u0111\u00e3i t\u1ed1t nh\u1ea5t h\u00f4m nay:<\/p>\n<p><strong data-start=\"4182\" data-end=\"4194\">Hotline:<\/strong> 0889.385.222<br data-start=\"4207\" data-end=\"4210\" \/><strong data-start=\"4213\" data-end=\"4225\">\u0110\u1ecba ch\u1ec9:<\/strong> S\u1ed1 9 Bt2 Khu \u0111\u00f4 th\u1ecb Foresa Xu\u00e2n Ph\u01b0\u01a1ng, Nam T\u1eeb Li\u00eam, H\u00e0 N\u1ed9i<br data-start=\"4285\" data-end=\"4288\" \/><strong data-start=\"4291\" data-end=\"4303\">Website:<\/strong> <a class=\"decorated-link\" href=\"https:\/\/Topcar.vn\/\" target=\"_new\" rel=\"noopener\" data-start=\"4304\" data-end=\"4344\">https:\/\/Topcar.vn\/<\/a><\/p>\n","protected":false},"excerpt":{"rendered":"<ul>\n<li>Mi\u1ec5n ph\u00ed giao h\u00e0ng to\u00e0n qu\u1ed1c<\/li>\n<li>Nh\u1eadn h\u00e0ng &gt; L\u1eafp \u0111\u1eb7t &gt; Thanh to\u00e1n<\/li>\n<li>B\u1ea3o h\u00e0nh 5 n\u0103m<\/li>\n<\/ul>\n","protected":false},"featured_media":3745,"comment_status":"closed","ping_status":"closed","template":"","meta":{"site-sidebar-layout":"no-sidebar","site-content-layout":"content-boxed-container","ast-site-content-layout":"normal-width-container","site-content-style":"boxed","site-sidebar-style":"unboxed","ast-global-header-display":"","ast-banner-title-visibility":"","ast-main-header-display":"","ast-hfb-above-header-display":"","ast-hfb-below-header-display":"","ast-hfb-mobile-header-display":"","site-post-title":"","ast-breadcrumbs-content":"","ast-featured-img":"","footer-sml-layout":"","ast-disable-related-posts":"","theme-transparent-header-meta":"default","adv-header-id-meta":"","stick-header-meta":"","header-above-stick-meta":"","header-main-stick-meta":"","header-below-stick-meta":"","astra-migrate-meta-layouts":"set","ast-page-background-enabled":"default","ast-page-background-meta":{"desktop":{"background-color":"var(--ast-global-color-4)","background-image":"","background-repeat":"repeat","background-position":"center center","background-size":"auto","background-attachment":"scroll","background-type":"","background-media":"","overlay-type":"","overlay-color":"","overlay-opacity":"","overlay-gradient":""},"tablet":{"background-color":"","background-image":"","background-repeat":"repeat","background-position":"center center","background-size":"auto","background-attachment":"scroll","background-type":"","background-media":"","overlay-type":"","overlay-color":"","overlay-opacity":"","overlay-gradient":""},"mobile":{"background-color":"","background-image":"","background-repeat":"repeat","background-position":"center center","background-size":"auto","background-attachment":"scroll","background-type":"","background-media":"","overlay-type":"","overlay-color":"","overlay-opacity":"","overlay-gradient":""}},"ast-content-background-meta":{"desktop":{"background-color":"var(--ast-global-color-5)","background-image":"","background-repeat":"repeat","background-position":"center center","background-size":"auto","background-attachment":"scroll","background-type":"","background-media":"","overlay-type":"","overlay-color":"","overlay-opacity":"","overlay-gradient":""},"tablet":{"background-color":"var(--ast-global-color-5)","background-image":"","background-repeat":"repeat","background-position":"center center","background-size":"auto","background-attachment":"scroll","background-type":"","background-media":"","overlay-type":"","overlay-color":"","overlay-opacity":"","overlay-gradient":""},"mobile":{"background-color":"var(--ast-global-color-5)","background-image":"","background-repeat":"repeat","background-position":"center center","background-size":"auto","background-attachment":"scroll","background-type":"","background-media":"","overlay-type":"","overlay-color":"","overlay-opacity":"","overlay-gradient":""}}},"product_brand":[],"product_cat":[43,51],"product_tag":[338,648,73,184,76],"class_list":{"0":"post-4481","1":"product","2":"type-product","3":"status-publish","4":"has-post-thumbnail","6":"product_cat-tham-lot-san-o-to","7":"product_cat-tham-lot-san-o-to-ford","8":"product_tag-tham-lot-san-chong-nuoc","9":"product_tag-tham-lot-san-gia-re","10":"product_tag-tham-lot-san-o-to","11":"product_tag-tham-lot-san-o-to-ford-ecosport","12":"product_tag-tham-lot-san-o-to-tpe","13":"desktop-align-left","14":"tablet-align-left","15":"mobile-align-left","17":"first","18":"instock","19":"shipping-taxable","20":"purchasable","21":"product-type-variable"},"_links":{"self":[{"href":"https:\/\/topcar.vn\/index.php?rest_route=\/wp\/v2\/product\/4481","targetHints":{"allow":["GET"]}}],"collection":[{"href":"https:\/\/topcar.vn\/index.php?rest_route=\/wp\/v2\/product"}],"about":[{"href":"https:\/\/topcar.vn\/index.php?rest_route=\/wp\/v2\/types\/product"}],"replies":[{"embeddable":true,"href":"https:\/\/topcar.vn\/index.php?rest_route=%2Fwp%2Fv2%2Fcomments&post=4481"}],"version-history":[{"count":3,"href":"https:\/\/topcar.vn\/index.php?rest_route=\/wp\/v2\/product\/4481\/revisions"}],"predecessor-version":[{"id":4493,"href":"https:\/\/topcar.vn\/index.php?rest_route=\/wp\/v2\/product\/4481\/revisions\/4493"}],"wp:featuredmedia":[{"embeddable":true,"href":"https:\/\/topcar.vn\/index.php?rest_route=\/wp\/v2\/media\/3745"}],"wp:attachment":[{"href":"https:\/\/topcar.vn\/index.php?rest_route=%2Fwp%2Fv2%2Fmedia&parent=4481"}],"wp:term":[{"taxonomy":"product_brand","embeddable":true,"href":"https:\/\/topcar.vn\/index.php?rest_route=%2Fwp%2Fv2%2Fproduct_brand&post=4481"},{"taxonomy":"product_cat","embeddable":true,"href":"https:\/\/topcar.vn\/index.php?rest_route=%2Fwp%2Fv2%2Fproduct_cat&post=4481"},{"taxonomy":"product_tag","embeddable":true,"href":"https:\/\/topcar.vn\/index.php?rest_route=%2Fwp%2Fv2%2Fproduct_tag&post=4481"}],"curies":[{"name":"wp","href":"https:\/\/api.w.org\/{rel}","templated":true}]}}