{"id":2346,"date":"2025-07-29T19:20:53","date_gmt":"2025-07-29T12:20:53","guid":{"rendered":"http:\/\/khaitest.rf.gd\/?post_type=product&#038;p=2346"},"modified":"2025-12-05T14:31:46","modified_gmt":"2025-12-05T07:31:46","slug":"tham-lot-san-honda-city-2021-2024","status":"publish","type":"product","link":"https:\/\/topcar.vn\/?product=tham-lot-san-honda-city-2021-2024","title":{"rendered":"Th\u1ea3m l\u00f3t s\u00e0n Honda City 2021-2024"},"content":{"rendered":"<article class=\"text-token-text-primary w-full\" dir=\"auto\" data-testid=\"conversation-turn-10\" data-scroll-anchor=\"true\">\n<div class=\"text-base my-auto mx-auto pb-10 [--thread-content-margin:--spacing(4)] @[37rem]:[--thread-content-margin:--spacing(6)] @[72rem]:[--thread-content-margin:--spacing(16)] px-(--thread-content-margin)\">\n<div class=\"[--thread-content-max-width:32rem] @[34rem]:[--thread-content-max-width:40rem] @[64rem]:[--thread-content-max-width:48rem] mx-auto max-w-(--thread-content-max-width) flex-1 group\/turn-messages focus-visible:outline-hidden relative flex w-full min-w-0 flex-col agent-turn\" tabindex=\"-1\">\n<div class=\"flex max-w-full flex-col grow\">\n<div class=\"min-h-8 text-message relative flex w-full flex-col items-end gap-2 text-start break-words whitespace-normal [.text-message+&amp;]:mt-5\" dir=\"auto\" data-message-author-role=\"assistant\" data-message-id=\"6ee8a93f-7fdb-4c7e-b8bb-2a874c3d517b\" data-message-model-slug=\"gpt-4o\">\n<div class=\"flex w-full flex-col gap-1 empty:hidden first:pt-[3px]\">\n<article class=\"text-token-text-primary w-full\" dir=\"auto\" data-testid=\"conversation-turn-10\" data-scroll-anchor=\"true\">\n<div class=\"text-base my-auto mx-auto pb-10 [--thread-content-margin:--spacing(4)] @[37rem]:[--thread-content-margin:--spacing(6)] @[72rem]:[--thread-content-margin:--spacing(16)] px-(--thread-content-margin)\">\n<div class=\"[--thread-content-max-width:32rem] @[34rem]:[--thread-content-max-width:40rem] @[64rem]:[--thread-content-max-width:48rem] mx-auto max-w-(--thread-content-max-width) flex-1 group\/turn-messages focus-visible:outline-hidden relative flex w-full min-w-0 flex-col agent-turn\" tabindex=\"-1\">\n<div class=\"flex max-w-full flex-col grow\">\n<div class=\"min-h-8 text-message relative flex w-full flex-col items-end gap-2 text-start break-words whitespace-normal [.text-message+&amp;]:mt-5\" dir=\"auto\" data-message-author-role=\"assistant\" data-message-id=\"6ee8a93f-7fdb-4c7e-b8bb-2a874c3d517b\" data-message-model-slug=\"gpt-4o\">\n<div class=\"flex w-full flex-col gap-1 empty:hidden first:pt-[3px]\">\n<p data-start=\"192\" data-end=\"536\">Honda City 2021\u20132024 l\u00e0 m\u1eabu sedan h\u1ea1ng B \u0111\u01b0\u1ee3c \u01b0a chu\u1ed9ng nh\u1edd thi\u1ebft k\u1ebf hi\u1ec7n \u0111\u1ea1i, ti\u1ebft ki\u1ec7m nhi\u00ean li\u1ec7u v\u00e0 kh\u1ea3 n\u0103ng v\u1eadn h\u00e0nh linh ho\u1ea1t trong \u0111\u00f4 th\u1ecb. Tuy nhi\u00ean, v\u1edbi \u0111i\u1ec1u ki\u1ec7n m\u00f4i tr\u01b0\u1eddng nhi\u1ec1u b\u1ee5i b\u1ea9n v\u00e0 th\u1eddi ti\u1ebft th\u1ea5t th\u01b0\u1eddng t\u1ea1i Vi\u1ec7t Nam, vi\u1ec7c trang b\u1ecb <strong>Th\u1ea3m l\u00f3t s\u00e0n Honda City 2021-2024\u00a0TPE cao c\u1ea5p<\/strong> cho xe l\u00e0 c\u00e1ch b\u1ea3o v\u1ec7 n\u1ed9i th\u1ea5t th\u00f4ng minh v\u00e0 b\u1ec1n v\u1eefng.<\/p>\n<h2 data-section-id=\"1dkunbw\" data-start=\"538\" data-end=\"560\">Gi\u1edbi thi\u1ec7u s\u1ea3n ph\u1ea9m Th\u1ea3m l\u00f3t s\u00e0n Honda City 2021-2024<\/h2>\n<figure id=\"attachment_3361\" aria-describedby=\"caption-attachment-3361\" style=\"width: 1024px\" class=\"wp-caption aligncenter\"><img fetchpriority=\"high\" decoding=\"async\" class=\"size-large wp-image-3361\" src=\"http:\/\/khaitest.rf.gd\/wp-content\/uploads\/2025\/07\/tham-lot-san-honda-city-2021-2024-1-1024x1024.webp\" alt=\"tham-lot-san-honda-city-2021-2024\" width=\"1024\" height=\"1024\" srcset=\"https:\/\/topcar.vn\/wp-content\/uploads\/2025\/07\/tham-lot-san-honda-city-2021-2024-1-1024x1024.webp 1024w, https:\/\/topcar.vn\/wp-content\/uploads\/2025\/07\/tham-lot-san-honda-city-2021-2024-1-300x300.webp 300w, https:\/\/topcar.vn\/wp-content\/uploads\/2025\/07\/tham-lot-san-honda-city-2021-2024-1-150x150.webp 150w, https:\/\/topcar.vn\/wp-content\/uploads\/2025\/07\/tham-lot-san-honda-city-2021-2024-1-768x767.webp 768w, https:\/\/topcar.vn\/wp-content\/uploads\/2025\/07\/tham-lot-san-honda-city-2021-2024-1-600x599.webp 600w, https:\/\/topcar.vn\/wp-content\/uploads\/2025\/07\/tham-lot-san-honda-city-2021-2024-1-100x100.webp 100w, https:\/\/topcar.vn\/wp-content\/uploads\/2025\/07\/tham-lot-san-honda-city-2021-2024-1.webp 1081w\" sizes=\"(max-width: 1024px) 100vw, 1024px\" \/><figcaption id=\"caption-attachment-3361\" class=\"wp-caption-text\">Th\u1ea3m l\u00f3t s\u00e0n Honda City 2021-2024<\/figcaption><\/figure>\n<p data-start=\"562\" data-end=\"812\">B\u1ed9 <strong data-start=\"565\" data-end=\"602\">th\u1ea3m l\u00f3t s\u00e0n Honda City<\/strong>\u00a0\u0111\u01b0\u1ee3c thi\u1ebft k\u1ebf ri\u00eang theo t\u1eebng \u0111\u1eddi xe, \u0111\u00fac khu\u00f4n 3D \u00f4m s\u00e1t t\u1eebng g\u00f3c c\u1ea1nh c\u1ee7a s\u00e0n. Nh\u1edd \u0111\u00f3, s\u1ea3n ph\u1ea9m kh\u00f4ng ch\u1ec9 mang l\u1ea1i v\u1ebb sang tr\u1ecdng cho khoang cabin m\u00e0 c\u00f2n gi\u00fap ng\u0103n b\u1ee5i b\u1ea9n, n\u01b0\u1edbc m\u01b0a v\u00e0 r\u00e1c v\u1ee5n b\u00e1m v\u00e0o s\u00e0n xe.<\/p>\n<p data-start=\"814\" data-end=\"958\">Ch\u1ea5t li\u1ec7u TPE nguy\u00ean sinh cao c\u1ea5p, kh\u00f4ng m\u00f9i, kh\u00f4ng \u0111\u1ed9c h\u1ea1i, tuy\u1ec7t \u0111\u1ed1i an to\u00e0n v\u1edbi s\u1ee9c kh\u1ecfe ng\u01b0\u1eddi d\u00f9ng, k\u1ec3 c\u1ea3 khi xe \u0111\u1ec3 l\u00e2u d\u01b0\u1edbi tr\u1eddi n\u1eafng n\u00f3ng.<\/p>\n<p data-start=\"960\" data-end=\"1143\">Thi\u1ebft k\u1ebf b\u1ec1 m\u1eb7t v\u1edbi c\u00e1c \u0111\u01b0\u1eddng g\u00e2n n\u1ed5i ch\u1ed1ng tr\u01a1n tr\u01b0\u1ee3t hi\u1ec7u qu\u1ea3, k\u1ebft h\u1ee3p r\u00e3nh ch\u1ed1ng tr\u00e0n gi\u00fap gi\u1eef s\u1ea1ch khoang l\u00e1i. M\u1eb7t d\u01b0\u1edbi c\u00f3 gai b\u00e1m c\u1ed1 \u0111\u1ecbnh, kh\u00f4ng b\u1ecb x\u00f4 l\u1ec7ch d\u00f9 di chuy\u1ec3n li\u00ean t\u1ee5c.<\/p>\n<h2 data-section-id=\"1yjsv7l\" data-start=\"1145\" data-end=\"1175\">Th\u00f4ng tin chi ti\u1ebft s\u1ea3n ph\u1ea9m<\/h2>\n<figure id=\"attachment_3360\" aria-describedby=\"caption-attachment-3360\" style=\"width: 1024px\" class=\"wp-caption aligncenter\"><img decoding=\"async\" class=\"size-large wp-image-3360\" src=\"http:\/\/khaitest.rf.gd\/wp-content\/uploads\/2025\/07\/anh-dai-dien-tham-lot-san-honda-city-2021-2024-1024x683.webp\" alt=\"tham-lot-san-honda-city-2021-2024\" width=\"1024\" height=\"683\" srcset=\"https:\/\/topcar.vn\/wp-content\/uploads\/2025\/07\/anh-dai-dien-tham-lot-san-honda-city-2021-2024-1024x683.webp 1024w, https:\/\/topcar.vn\/wp-content\/uploads\/2025\/07\/anh-dai-dien-tham-lot-san-honda-city-2021-2024-300x200.webp 300w, https:\/\/topcar.vn\/wp-content\/uploads\/2025\/07\/anh-dai-dien-tham-lot-san-honda-city-2021-2024-768x512.webp 768w, https:\/\/topcar.vn\/wp-content\/uploads\/2025\/07\/anh-dai-dien-tham-lot-san-honda-city-2021-2024-1536x1024.webp 1536w, https:\/\/topcar.vn\/wp-content\/uploads\/2025\/07\/anh-dai-dien-tham-lot-san-honda-city-2021-2024-600x400.webp 600w, https:\/\/topcar.vn\/wp-content\/uploads\/2025\/07\/anh-dai-dien-tham-lot-san-honda-city-2021-2024.webp 2048w\" sizes=\"(max-width: 1024px) 100vw, 1024px\" \/><figcaption id=\"caption-attachment-3360\" class=\"wp-caption-text\">Th\u1ea3m l\u00f3t s\u00e0n Honda City 2021-2024<\/figcaption><\/figure>\n<ul data-start=\"1177\" data-end=\"1514\">\n<li data-start=\"1177\" data-end=\"1248\">\n<p data-start=\"1179\" data-end=\"1248\"><strong data-start=\"1179\" data-end=\"1199\">Lo\u1ea1i xe ph\u00f9 h\u1ee3p:<\/strong> Honda City 2021\u20132024 (t\u1ea5t c\u1ea3 phi\u00ean b\u1ea3n RS, G, L)<\/p>\n<\/li>\n<li data-start=\"1249\" data-end=\"1304\">\n<p data-start=\"1251\" data-end=\"1304\"><strong data-start=\"1251\" data-end=\"1265\">Ch\u1ea5t li\u1ec7u:<\/strong> Nh\u1ef1a TPE nguy\u00ean sinh \u0111\u1ea1t chu\u1ea9n qu\u1ed1c t\u1ebf<\/p>\n<\/li>\n<li data-start=\"1305\" data-end=\"1362\">\n<p data-start=\"1307\" data-end=\"1362\"><strong data-start=\"1307\" data-end=\"1330\">C\u00f4ng ngh\u1ec7 s\u1ea3n xu\u1ea5t:<\/strong> \u0110\u00fac khu\u00f4n \u00e9p nhi\u1ec7t 3D ch\u00ednh x\u00e1c<\/p>\n<\/li>\n<li data-start=\"1363\" data-end=\"1423\">\n<p data-start=\"1365\" data-end=\"1423\"><strong data-start=\"1365\" data-end=\"1377\">C\u1ea5u t\u1ea1o:<\/strong> B\u1ed9 3 th\u1ea3m s\u00e0n cho h\u00e0ng gh\u1ebf tr\u01b0\u1edbc, gi\u1eefa v\u00e0 sau<\/p>\n<\/li>\n<li data-start=\"1424\" data-end=\"1465\">\n<p data-start=\"1426\" data-end=\"1465\"><strong data-start=\"1426\" data-end=\"1438\">M\u00e0u s\u1eafc:<\/strong> \u0110en sang tr\u1ecdng, d\u1ec5 v\u1ec7 sinh<\/p>\n<\/li>\n<li data-start=\"1466\" data-end=\"1514\">\n<p data-start=\"1468\" data-end=\"1514\"><strong data-start=\"1468\" data-end=\"1481\">B\u1ea3o h\u00e0nh:<\/strong> 5 n\u0103m \u2013 1 \u0111\u1ed5i 1 n\u1ebfu l\u1ed7i k\u1ef9 thu\u1eadt<\/p>\n<\/li>\n<\/ul>\n<h2 data-section-id=\"fmi9cw\" data-start=\"1516\" data-end=\"1534\">\u01afu \u0111i\u1ec3m n\u1ed5i b\u1eadt<\/h2>\n<figure id=\"attachment_3364\" aria-describedby=\"caption-attachment-3364\" style=\"width: 1024px\" class=\"wp-caption aligncenter\"><img decoding=\"async\" class=\"size-large wp-image-3364\" src=\"http:\/\/khaitest.rf.gd\/wp-content\/uploads\/2025\/07\/tham-lot-san-honda-city-2021-2024-3-1024x1024.webp\" alt=\"tham-lot-san-honda-city-2021-2024\" width=\"1024\" height=\"1024\" srcset=\"https:\/\/topcar.vn\/wp-content\/uploads\/2025\/07\/tham-lot-san-honda-city-2021-2024-3-1024x1024.webp 1024w, https:\/\/topcar.vn\/wp-content\/uploads\/2025\/07\/tham-lot-san-honda-city-2021-2024-3-300x300.webp 300w, https:\/\/topcar.vn\/wp-content\/uploads\/2025\/07\/tham-lot-san-honda-city-2021-2024-3-150x150.webp 150w, https:\/\/topcar.vn\/wp-content\/uploads\/2025\/07\/tham-lot-san-honda-city-2021-2024-3-768x767.webp 768w, https:\/\/topcar.vn\/wp-content\/uploads\/2025\/07\/tham-lot-san-honda-city-2021-2024-3-600x599.webp 600w, https:\/\/topcar.vn\/wp-content\/uploads\/2025\/07\/tham-lot-san-honda-city-2021-2024-3-100x100.webp 100w, https:\/\/topcar.vn\/wp-content\/uploads\/2025\/07\/tham-lot-san-honda-city-2021-2024-3.webp 1081w\" sizes=\"(max-width: 1024px) 100vw, 1024px\" \/><figcaption id=\"caption-attachment-3364\" class=\"wp-caption-text\">Th\u1ea3m l\u00f3t s\u00e0n Honda City 2021-2024<\/figcaption><\/figure>\n<p data-start=\"0\" data-end=\"456\">Th\u1ea3m l\u00f3t s\u00e0n TPE c\u1ee7a Topcar cho Honda City 2021\u20132024 kh\u00f4ng ch\u1ec9 l\u00e0 m\u1ed9t ph\u1ee5 ki\u1ec7n b\u1ea3o v\u1ec7 s\u00e0n xe th\u00f4ng th\u01b0\u1eddng, m\u00e0 c\u00f2n mang \u0111\u1ebfn nhi\u1ec1u gi\u00e1 tr\u1ecb v\u01b0\u1ee3t tr\u1ed9i cho ng\u01b0\u1eddi d\u00f9ng. S\u1ea3n ph\u1ea9m \u0111\u01b0\u1ee3c thi\u1ebft k\u1ebf <strong data-start=\"186\" data-end=\"231\">kh\u00f4ng m\u00f9i, an to\u00e0n tuy\u1ec7t \u0111\u1ed1i cho s\u1ee9c kh\u1ecfe<\/strong>, ph\u00f9 h\u1ee3p v\u1edbi c\u1ea3 gia \u0111\u00ecnh c\u00f3 tr\u1ebb nh\u1ecf ho\u1eb7c ng\u01b0\u1eddi nh\u1ea1y c\u1ea3m v\u1edbi m\u00f9i h\u00f3a ch\u1ea5t. V\u1edbi kh\u1ea3 n\u0103ng <strong data-start=\"319\" data-end=\"370\">c\u1ed1 \u0111\u1ecbnh ch\u1eafc ch\u1eafn, kh\u00f4ng tr\u01b0\u1ee3t, kh\u00f4ng l\u1ec7ch form<\/strong>, th\u1ea3m lu\u00f4n gi\u1eef nguy\u00ean v\u1ecb tr\u00ed trong qu\u00e1 tr\u00ecnh di chuy\u1ec3n, \u0111\u1ea3m b\u1ea3o an to\u00e0n khi l\u00e1i xe.<\/p>\n<p data-start=\"458\" data-end=\"802\">B\u1ec1 m\u1eb7t th\u1ea3m \u0111\u01b0\u1ee3c x\u1eed l\u00fd \u0111\u1eb7c bi\u1ec7t gi\u00fap <strong data-start=\"495\" data-end=\"556\">ch\u1ed1ng b\u00e1m b\u1ee5i, ch\u1ed1ng n\u01b0\u1edbc, ng\u0103n ng\u1eeba c\u00e1c t\u00e1c nh\u00e2n g\u00e2y b\u1ea9n<\/strong>, t\u1eeb \u0111\u00f3 b\u1ea3o v\u1ec7 s\u00e0n xe t\u1ed1i \u01b0u trong m\u1ecdi \u0111i\u1ec1u ki\u1ec7n th\u1eddi ti\u1ebft, k\u1ec3 c\u1ea3 khi tr\u1eddi m\u01b0a hay \u0111\u01b0\u1eddng nhi\u1ec1u b\u00f9n \u0111\u1ea5t. Ch\u1ea5t li\u1ec7u TPE cao c\u1ea5p c\u00f3 kh\u1ea3 n\u0103ng <strong data-start=\"694\" data-end=\"754\">ch\u1ecbu nhi\u1ec7t, ch\u1ed1ng ch\u00e1y, d\u1ebbo dai v\u00e0 b\u1ec1n b\u1ec9 theo th\u1eddi gian<\/strong>, h\u1ea1n ch\u1ebf h\u01b0 h\u1ecfng ngay c\u1ea3 khi s\u1eed d\u1ee5ng l\u00e2u d\u00e0i.<\/p>\n<p data-start=\"804\" data-end=\"1141\">Kh\u00f4ng ch\u1ec9 b\u1ec1n \u0111\u1eb9p, th\u1ea3m c\u00f2n <strong data-start=\"832\" data-end=\"846\">d\u1ec5 v\u1ec7 sinh<\/strong>, ng\u01b0\u1eddi d\u00f9ng ch\u1ec9 c\u1ea7n nh\u1ea5c ra, x\u1ecbt n\u01b0\u1edbc ho\u1eb7c lau b\u1eb1ng kh\u0103n \u1ea9m l\u00e0 b\u1ec1 m\u1eb7t l\u1ea1i s\u1ea1ch nh\u01b0 m\u1edbi. Ngo\u00e0i ra, th\u1ea3m TPE c\u00f2n gi\u00fap <strong data-start=\"963\" data-end=\"1000\">t\u0103ng t\u00ednh th\u1ea9m m\u1ef9 cho n\u1ed9i th\u1ea5t xe<\/strong>, mang \u0111\u1ebfn kh\u00f4ng gian khoang l\u00e1i g\u1ecdn g\u00e0ng, sang tr\u1ecdng v\u00e0 \u0111\u1eb3ng c\u1ea5p h\u01a1n, \u0111\u1ed3ng th\u1eddi g\u00f3p ph\u1ea7n gi\u1eef xe lu\u00f4n s\u1ea1ch s\u1ebd, tinh t\u01b0\u01a1m nh\u01b0 ng\u00e0y \u0111\u1ea7u ti\u00ean.<\/p>\n<p data-start=\"804\" data-end=\"1141\">V\u1edbi nh\u1eefng \u01b0u \u0111i\u1ec3m to\u00e0n di\u1ec7n n\u00e0y, th\u1ea3m l\u00f3t s\u00e0n TPE Topcar ch\u00ednh l\u00e0 l\u1ef1a ch\u1ecdn ho\u00e0n h\u1ea3o cho nh\u1eefng ch\u1ee7 xe Honda City 2021\u20132024 mu\u1ed1n k\u1ebft h\u1ee3p <strong data-start=\"1281\" data-end=\"1336\">c\u00f4ng n\u0103ng b\u1ea3o v\u1ec7 \u2013 s\u1ef1 ti\u1ec7n l\u1ee3i \u2013 v\u00e0 gi\u00e1 tr\u1ecb th\u1ea9m m\u1ef9<\/strong> trong c\u00f9ng m\u1ed9t s\u1ea3n ph\u1ea9m.<\/p>\n<h2 data-section-id=\"kvqt61\" data-start=\"1840\" data-end=\"1880\"><a href=\"http:\/\/khaitest.rf.gd\/?p=1861\" target=\"_blank\" rel=\"noopener\">Gi\u00e1 b\u00e1n th\u1ea3m<\/a> l\u00f3t s\u00e0n Honda City 2021-2024<\/h2>\n<figure id=\"attachment_3365\" aria-describedby=\"caption-attachment-3365\" style=\"width: 1024px\" class=\"wp-caption aligncenter\"><img loading=\"lazy\" decoding=\"async\" class=\"size-large wp-image-3365\" src=\"http:\/\/khaitest.rf.gd\/wp-content\/uploads\/2025\/07\/tham-lot-san-honda-city-2021-2024-4-1024x1024.webp\" alt=\"tham-lot-san-honda-city-2021-2024\" width=\"1024\" height=\"1024\" srcset=\"https:\/\/topcar.vn\/wp-content\/uploads\/2025\/07\/tham-lot-san-honda-city-2021-2024-4-1024x1024.webp 1024w, https:\/\/topcar.vn\/wp-content\/uploads\/2025\/07\/tham-lot-san-honda-city-2021-2024-4-300x300.webp 300w, https:\/\/topcar.vn\/wp-content\/uploads\/2025\/07\/tham-lot-san-honda-city-2021-2024-4-150x150.webp 150w, https:\/\/topcar.vn\/wp-content\/uploads\/2025\/07\/tham-lot-san-honda-city-2021-2024-4-768x767.webp 768w, https:\/\/topcar.vn\/wp-content\/uploads\/2025\/07\/tham-lot-san-honda-city-2021-2024-4-600x599.webp 600w, https:\/\/topcar.vn\/wp-content\/uploads\/2025\/07\/tham-lot-san-honda-city-2021-2024-4-100x100.webp 100w, https:\/\/topcar.vn\/wp-content\/uploads\/2025\/07\/tham-lot-san-honda-city-2021-2024-4.webp 1081w\" sizes=\"(max-width: 1024px) 100vw, 1024px\" \/><figcaption id=\"caption-attachment-3365\" class=\"wp-caption-text\">Th\u1ea3m l\u00f3t s\u00e0n Honda City 2021-2024<\/figcaption><\/figure>\n<ul data-start=\"1882\" data-end=\"2022\">\n<li data-start=\"1882\" data-end=\"1929\">\n<p data-start=\"1884\" data-end=\"1929\"><strong data-start=\"1884\" data-end=\"1913\">B\u1ed9 \u0111\u1ea7y \u0111\u1ee7 (th\u1ea3m s\u00e0n TPE):<\/strong> 2.200.000 VN\u0110<\/p>\n<\/li>\n<li data-start=\"1930\" data-end=\"1979\">\n<p data-start=\"1932\" data-end=\"1979\"><strong data-start=\"1932\" data-end=\"1965\">Th\u1ea3m r\u1ed1i ph\u1ee7 tr\u00ean (t\u00f9y ch\u1ecdn):<\/strong> 200.000 VN\u0110<\/p>\n<\/li>\n<li data-start=\"1980\" data-end=\"2022\">\n<p data-start=\"1982\" data-end=\"2022\"><strong data-start=\"1982\" data-end=\"2008\">Mua l\u1ebb kh\u00f4ng th\u1ea3m r\u1ed1i:<\/strong> 2.000.000 VN\u0110<\/p>\n<\/li>\n<\/ul>\n<h2 data-section-id=\"2pt62d\" data-start=\"2024\" data-end=\"2069\">Mua Th\u1ea3m l\u00f3t s\u00e0n Honda City 2021-2024 t\u1ea1i Topcar<\/h2>\n<p data-start=\"2071\" data-end=\"2251\">Topcar l\u00e0 \u0111\u01a1n v\u1ecb chuy\u00ean cung c\u1ea5p th\u1ea3m l\u00f3t s\u00e0n \u00f4 t\u00f4 \u0111\u00fac khu\u00f4n TPE cao c\u1ea5p, \u0111\u01b0\u1ee3c thi\u1ebft k\u1ebf ri\u00eang cho t\u1eebng d\u00f2ng xe \u0111\u1ec3 mang l\u1ea1i \u0111\u1ed9 ch\u00ednh x\u00e1c g\u1ea7n nh\u01b0 tuy\u1ec7t \u0111\u1ed1i. V\u1edbi d\u00f2ng s\u1ea3n ph\u1ea9m d\u00e0nh cho Honda City 2021\u20132024, Topcar mang \u0111\u1ebfn gi\u1ea3i ph\u00e1p b\u1ea3o v\u1ec7 s\u00e0n xe to\u00e0n di\u1ec7n, v\u1eeba \u0111\u1ea3m b\u1ea3o t\u00ednh th\u1ea9m m\u1ef9, v\u1eeba n\u00e2ng cao tr\u1ea3i nghi\u1ec7m s\u1eed d\u1ee5ng:<\/p>\n<ul data-start=\"2253\" data-end=\"2482\">\n<li data-start=\"2253\" data-end=\"2302\">\n<p data-start=\"2255\" data-end=\"2302\">Th\u1ea3m \u0111\u01b0\u1ee3c s\u1ea3n xu\u1ea5t t\u1eeb <strong data-start=\"337\" data-end=\"366\">100% nh\u1ef1a TPE nguy\u00ean sinh<\/strong>, tuy\u1ec7t \u0111\u1ed1i kh\u00f4ng pha l\u1eabn t\u1ea1p ch\u1ea5t hay nguy\u00ean li\u1ec7u t\u00e1i ch\u1ebf, nh\u1edd v\u1eady s\u1ea3n ph\u1ea9m c\u00f3 \u0111\u1ed9 b\u1ec1n v\u01b0\u1ee3t tr\u1ed9i, an to\u00e0n cho s\u1ee9c kh\u1ecfe v\u00e0 th\u00e2n thi\u1ec7n v\u1edbi m\u00f4i tr\u01b0\u1eddng.<\/p>\n<\/li>\n<li data-start=\"2303\" data-end=\"2353\">\n<p data-start=\"2305\" data-end=\"2353\">Thi\u1ebft k\u1ebf <strong data-start=\"524\" data-end=\"557\">chu\u1ea9n form theo t\u1eebng chi ti\u1ebft<\/strong> c\u1ee7a s\u00e0n xe, \u00f4m kh\u00edt ho\u00e0n to\u00e0n m\u00e0 kh\u00f4ng c\u1ea7n ph\u1ea3i c\u1eaft g\u1ecdt hay ch\u1ec9nh s\u1eeda, gi\u00fap qu\u00e1 tr\u00ecnh l\u1eafp \u0111\u1eb7t nhanh ch\u00f3ng v\u00e0 g\u1ecdn g\u00e0ng.<\/p>\n<\/li>\n<li data-start=\"2354\" data-end=\"2409\">\n<p data-start=\"2356\" data-end=\"2409\">M\u1ed7i b\u1ed9 th\u1ea3m \u0111\u1ec1u \u0111\u01b0\u1ee3c Topcar b\u1ea3o h\u00e0nh ch\u00ednh h\u00e3ng l\u00ean t\u1edbi <strong data-start=\"733\" data-end=\"742\">5 n\u0103m<\/strong>, k\u00e8m theo cam k\u1ebft <strong data-start=\"761\" data-end=\"806\">h\u1ed7 tr\u1ee3 \u0111\u1ed5i m\u1edbi n\u1ebfu ph\u00e1t sinh l\u1ed7i k\u1ef9 thu\u1eadt<\/strong> trong qu\u00e1 tr\u00ecnh s\u1eed d\u1ee5ng, mang l\u1ea1i s\u1ef1 y\u00ean t\u00e2m tuy\u1ec7t \u0111\u1ed1i cho kh\u00e1ch h\u00e0ng.<\/p>\n<\/li>\n<li data-start=\"2410\" data-end=\"2482\">\n<p data-start=\"2412\" data-end=\"2482\">Topcar c\u00f2n ch\u00fa tr\u1ecdng \u0111\u1ebfn d\u1ecbch v\u1ee5 sau b\u00e1n h\u00e0ng v\u1edbi <strong data-start=\"941\" data-end=\"983\">t\u01b0 v\u1ea5n t\u1eadn t\u00ecnh, giao h\u00e0ng nhanh ch\u00f3ng<\/strong> tr\u00ean to\u00e0n qu\u1ed1c v\u00e0 <strong data-start=\"1002\" data-end=\"1041\">h\u1ed7 tr\u1ee3 l\u1eafp \u0111\u1eb7t tr\u1ef1c ti\u1ebfp t\u1ea1i H\u00e0 N\u1ed9i<\/strong>, gi\u00fap kh\u00e1ch h\u00e0ng ti\u1ebft ki\u1ec7m th\u1eddi gian v\u00e0 nh\u1eadn \u0111\u01b0\u1ee3c tr\u1ea3i nghi\u1ec7m t\u1ed1t nh\u1ea5t khi mua s\u1eafm.<\/p>\n<\/li>\n<\/ul>\n<hr data-start=\"2484\" data-end=\"2487\" \/>\n<p data-start=\"2489\" data-end=\"2513\"><strong data-start=\"2492\" data-end=\"2513\">Li\u00ean h\u1ec7 \u0111\u1eb7t h\u00e0ng:<\/strong><\/p>\n<ul data-start=\"2515\" data-end=\"2683\">\n<li data-start=\"2515\" data-end=\"2551\">\n<p data-start=\"2517\" data-end=\"2551\"><strong data-start=\"2517\" data-end=\"2536\">Hotline \/ Zalo:<\/strong> 0889.385.222<\/p>\n<\/li>\n<li data-start=\"2552\" data-end=\"2629\">\n<p data-start=\"2554\" data-end=\"2629\"><strong data-start=\"2554\" data-end=\"2566\">\u0110\u1ecba ch\u1ec9:<\/strong> S\u1ed1 9 BT2, Khu \u0111\u00f4 th\u1ecb Foresa Xu\u00e2n Ph\u01b0\u01a1ng, Nam T\u1eeb Li\u00eam, H\u00e0 N\u1ed9i<\/p>\n<\/li>\n<li data-start=\"2630\" data-end=\"2683\">\n<p data-start=\"2632\" data-end=\"2683\"><strong data-start=\"2632\" data-end=\"2644\">Website:<\/strong> <a class=\"\" href=\"https:\/\/Topcar.vn\" target=\"_new\" rel=\"noopener\" data-start=\"2645\" data-end=\"2683\">https:\/\/Topcar.vn<\/a><\/p>\n<\/li>\n<\/ul>\n<\/div>\n<\/div>\n<\/div>\n<\/div>\n<\/div>\n<\/article>\n<div class=\"markdown prose dark:prose-invert w-full break-words light\"><\/div>\n<\/div>\n<\/div>\n<\/div>\n<\/div>\n<\/div>\n<\/article>\n","protected":false},"excerpt":{"rendered":"<ul>\n<li>Mi\u1ec5n ph\u00ed giao h\u00e0ng to\u00e0n qu\u1ed1c<\/li>\n<li>Nh\u1eadn h\u00e0ng &gt; L\u1eafp \u0111\u1eb7t &gt; Thanh to\u00e1n<\/li>\n<li>B\u1ea3o h\u00e0nh 5 n\u0103m<\/li>\n<\/ul>\n","protected":false},"featured_media":3721,"comment_status":"closed","ping_status":"closed","template":"","meta":{"site-sidebar-layout":"no-sidebar","site-content-layout":"content-boxed-container","ast-site-content-layout":"normal-width-container","site-content-style":"boxed","site-sidebar-style":"unboxed","ast-global-header-display":"","ast-banner-title-visibility":"","ast-main-header-display":"","ast-hfb-above-header-display":"","ast-hfb-below-header-display":"","ast-hfb-mobile-header-display":"","site-post-title":"","ast-breadcrumbs-content":"","ast-featured-img":"","footer-sml-layout":"","ast-disable-related-posts":"","theme-transparent-header-meta":"default","adv-header-id-meta":"","stick-header-meta":"","header-above-stick-meta":"","header-main-stick-meta":"","header-below-stick-meta":"","astra-migrate-meta-layouts":"set","ast-page-background-enabled":"default","ast-page-background-meta":{"desktop":{"background-color":"var(--ast-global-color-4)","background-image":"","background-repeat":"repeat","background-position":"center center","background-size":"auto","background-attachment":"scroll","background-type":"","background-media":"","overlay-type":"","overlay-color":"","overlay-opacity":"","overlay-gradient":""},"tablet":{"background-color":"","background-image":"","background-repeat":"repeat","background-position":"center center","background-size":"auto","background-attachment":"scroll","background-type":"","background-media":"","overlay-type":"","overlay-color":"","overlay-opacity":"","overlay-gradient":""},"mobile":{"background-color":"","background-image":"","background-repeat":"repeat","background-position":"center center","background-size":"auto","background-attachment":"scroll","background-type":"","background-media":"","overlay-type":"","overlay-color":"","overlay-opacity":"","overlay-gradient":""}},"ast-content-background-meta":{"desktop":{"background-color":"var(--ast-global-color-5)","background-image":"","background-repeat":"repeat","background-position":"center center","background-size":"auto","background-attachment":"scroll","background-type":"","background-media":"","overlay-type":"","overlay-color":"","overlay-opacity":"","overlay-gradient":""},"tablet":{"background-color":"var(--ast-global-color-5)","background-image":"","background-repeat":"repeat","background-position":"center center","background-size":"auto","background-attachment":"scroll","background-type":"","background-media":"","overlay-type":"","overlay-color":"","overlay-opacity":"","overlay-gradient":""},"mobile":{"background-color":"var(--ast-global-color-5)","background-image":"","background-repeat":"repeat","background-position":"center center","background-size":"auto","background-attachment":"scroll","background-type":"","background-media":"","overlay-type":"","overlay-color":"","overlay-opacity":"","overlay-gradient":""}}},"product_brand":[],"product_cat":[43,46],"product_tag":[73,110,152,308,108,151],"class_list":{"0":"post-2346","1":"product","2":"type-product","3":"status-publish","4":"has-post-thumbnail","6":"product_cat-tham-lot-san-o-to","7":"product_cat-tham-lot-san-o-to-honda","8":"product_tag-tham-lot-san-o-to","9":"product_tag-tham-lot-san-o-to-cao-cap","10":"product_tag-tham-lot-san-o-to-cao-su","11":"product_tag-tham-lot-san-o-to-chong-on","12":"product_tag-tham-lot-san-o-to-phukienxevip-com","13":"product_tag-tham-lot-san-o-to-pvc","14":"desktop-align-left","15":"tablet-align-left","16":"mobile-align-left","18":"first","19":"instock","20":"shipping-taxable","21":"purchasable","22":"product-type-variable"},"_links":{"self":[{"href":"https:\/\/topcar.vn\/index.php?rest_route=\/wp\/v2\/product\/2346","targetHints":{"allow":["GET"]}}],"collection":[{"href":"https:\/\/topcar.vn\/index.php?rest_route=\/wp\/v2\/product"}],"about":[{"href":"https:\/\/topcar.vn\/index.php?rest_route=\/wp\/v2\/types\/product"}],"replies":[{"embeddable":true,"href":"https:\/\/topcar.vn\/index.php?rest_route=%2Fwp%2Fv2%2Fcomments&post=2346"}],"version-history":[{"count":3,"href":"https:\/\/topcar.vn\/index.php?rest_route=\/wp\/v2\/product\/2346\/revisions"}],"predecessor-version":[{"id":3359,"href":"https:\/\/topcar.vn\/index.php?rest_route=\/wp\/v2\/product\/2346\/revisions\/3359"}],"wp:featuredmedia":[{"embeddable":true,"href":"https:\/\/topcar.vn\/index.php?rest_route=\/wp\/v2\/media\/3721"}],"wp:attachment":[{"href":"https:\/\/topcar.vn\/index.php?rest_route=%2Fwp%2Fv2%2Fmedia&parent=2346"}],"wp:term":[{"taxonomy":"product_brand","embeddable":true,"href":"https:\/\/topcar.vn\/index.php?rest_route=%2Fwp%2Fv2%2Fproduct_brand&post=2346"},{"taxonomy":"product_cat","embeddable":true,"href":"https:\/\/topcar.vn\/index.php?rest_route=%2Fwp%2Fv2%2Fproduct_cat&post=2346"},{"taxonomy":"product_tag","embeddable":true,"href":"https:\/\/topcar.vn\/index.php?rest_route=%2Fwp%2Fv2%2Fproduct_tag&post=2346"}],"curies":[{"name":"wp","href":"https:\/\/api.w.org\/{rel}","templated":true}]}}