{"id":2279,"date":"2025-07-29T13:46:53","date_gmt":"2025-07-29T06:46:53","guid":{"rendered":"http:\/\/khaitest.rf.gd\/?post_type=product&#038;p=2279"},"modified":"2025-12-05T15:02:55","modified_gmt":"2025-12-05T08:02:55","slug":"tham-lot-san-mazda-6-2015-2024","status":"publish","type":"product","link":"https:\/\/topcar.vn\/?product=tham-lot-san-mazda-6-2015-2024","title":{"rendered":"Th\u1ea3m l\u00f3t s\u00e0n MAZDA 6 2015\u20132024"},"content":{"rendered":"<article class=\"text-token-text-primary w-full\" dir=\"auto\" data-testid=\"conversation-turn-10\" data-scroll-anchor=\"true\">\n<div class=\"text-base my-auto mx-auto pb-10 [--thread-content-margin:--spacing(4)] @[37rem]:[--thread-content-margin:--spacing(6)] @[72rem]:[--thread-content-margin:--spacing(16)] px-(--thread-content-margin)\">\n<div class=\"[--thread-content-max-width:32rem] @[34rem]:[--thread-content-max-width:40rem] @[64rem]:[--thread-content-max-width:48rem] mx-auto max-w-(--thread-content-max-width) flex-1 group\/turn-messages focus-visible:outline-hidden relative flex w-full min-w-0 flex-col agent-turn\" tabindex=\"-1\">\n<div class=\"flex max-w-full flex-col grow\">\n<div class=\"min-h-8 text-message relative flex w-full flex-col items-end gap-2 text-start break-words whitespace-normal [.text-message+&amp;]:mt-5\" dir=\"auto\" data-message-author-role=\"assistant\" data-message-id=\"6ee8a93f-7fdb-4c7e-b8bb-2a874c3d517b\" data-message-model-slug=\"gpt-4o\">\n<div class=\"flex w-full flex-col gap-1 empty:hidden first:pt-[3px]\">\n<article class=\"text-token-text-primary w-full\" dir=\"auto\" data-testid=\"conversation-turn-10\" data-scroll-anchor=\"true\">\n<div class=\"text-base my-auto mx-auto pb-10 [--thread-content-margin:--spacing(4)] @[37rem]:[--thread-content-margin:--spacing(6)] @[72rem]:[--thread-content-margin:--spacing(16)] px-(--thread-content-margin)\">\n<div class=\"[--thread-content-max-width:32rem] @[34rem]:[--thread-content-max-width:40rem] @[64rem]:[--thread-content-max-width:48rem] mx-auto max-w-(--thread-content-max-width) flex-1 group\/turn-messages focus-visible:outline-hidden relative flex w-full min-w-0 flex-col agent-turn\" tabindex=\"-1\">\n<div class=\"flex max-w-full flex-col grow\">\n<div class=\"min-h-8 text-message relative flex w-full flex-col items-end gap-2 text-start break-words whitespace-normal [.text-message+&amp;]:mt-5\" dir=\"auto\" data-message-author-role=\"assistant\" data-message-id=\"6ee8a93f-7fdb-4c7e-b8bb-2a874c3d517b\" data-message-model-slug=\"gpt-4o\">\n<div class=\"flex w-full flex-col gap-1 empty:hidden first:pt-[3px]\">\n<p data-section-id=\"io9lkk\" data-start=\"161\" data-end=\"233\"><strong><em>Th\u1ea3m l\u00f3t s\u00e0n Mazda 6 2015\u20132024 \u2013 B\u1ea3o v\u1ec7 t\u1ed1i \u01b0u, n\u00e2ng t\u1ea7m n\u1ed9i th\u1ea5tMazda 6 l\u00e0 m\u1eabu sedan h\u1ea1ng D v\u1edbi thi\u1ebft k\u1ebf thanh l\u1ecbch, v\u1eadn h\u00e0nh \u00eam \u00e1i v\u00e0 khoang cabin r\u1ed9ng r\u00e3i. \u0110\u1ec3 gi\u1eef cho n\u1ed9i th\u1ea5t xe lu\u00f4n s\u1ea1ch s\u1ebd, kh\u00f4 tho\u00e1ng v\u00e0 b\u1ec1n \u0111\u1eb9p theo th\u1eddi gian, ch\u1ee7 xe n\u00ean l\u1ef1a ch\u1ecdn th\u1ea3m l\u00f3t s\u00e0n nh\u1ef1a TPE nguy\u00ean sinh, gi\u1ea3i ph\u00e1p hi\u1ec7n \u0111\u1ea1i v\u00e0 hi\u1ec7u qu\u1ea3 gi\u00fap b\u1ea3o v\u1ec7 s\u00e0n xe to\u00e0n di\u1ec7n.<\/em><\/strong><\/p>\n<h2 data-section-id=\"1xicj30\" data-start=\"530\" data-end=\"556\"><strong data-start=\"533\" data-end=\"556\">Gi\u1edbi thi\u1ec7u s\u1ea3n ph\u1ea9m<\/strong><\/h2>\n<p data-start=\"558\" data-end=\"825\">Th\u1ea3m l\u00f3t s\u00e0n Mazda 6 2015- 2024 \u0111\u01b0\u1ee3c \u0111\u00fac khu\u00f4n theo \u0111\u00fang th\u00f4ng s\u1ed1 m\u1eb7t s\u00e0n t\u1eebng phi\u00ean b\u1ea3n xe. S\u1eed d\u1ee5ng ch\u1ea5t li\u1ec7u TPE nguy\u00ean sinh \u0111\u1ea1t chu\u1ea9n qu\u1ed1c t\u1ebf, s\u1ea3n ph\u1ea9m kh\u00f4ng ch\u1ec9 b\u1ec1n ch\u1eafc m\u00e0 c\u00f2n an to\u00e0n tuy\u1ec7t \u0111\u1ed1i cho s\u1ee9c kh\u1ecfe, kh\u00f4ng m\u00f9i v\u00e0 c\u1ef1c k\u1ef3 d\u1ec5 v\u1ec7 sinh.<\/p>\n<figure id=\"attachment_2978\" aria-describedby=\"caption-attachment-2978\" style=\"width: 960px\" class=\"wp-caption aligncenter\"><img fetchpriority=\"high\" decoding=\"async\" class=\"wp-image-2978 size-full\" src=\"http:\/\/khaitest.rf.gd\/wp-content\/uploads\/2025\/07\/sdt.2-16.jpg\" alt=\"th\u1ea3m l\u00f3t s\u00e0n Mazda 6 2015- 2024\" width=\"960\" height=\"960\" srcset=\"https:\/\/topcar.vn\/wp-content\/uploads\/2025\/07\/sdt.2-16.jpg 960w, https:\/\/topcar.vn\/wp-content\/uploads\/2025\/07\/sdt.2-16-300x300.jpg 300w, https:\/\/topcar.vn\/wp-content\/uploads\/2025\/07\/sdt.2-16-150x150.jpg 150w, https:\/\/topcar.vn\/wp-content\/uploads\/2025\/07\/sdt.2-16-768x768.jpg 768w, https:\/\/topcar.vn\/wp-content\/uploads\/2025\/07\/sdt.2-16-600x600.jpg 600w, https:\/\/topcar.vn\/wp-content\/uploads\/2025\/07\/sdt.2-16-100x100.jpg 100w\" sizes=\"(max-width: 960px) 100vw, 960px\" \/><figcaption id=\"caption-attachment-2978\" class=\"wp-caption-text\">th\u1ea3m l\u00f3t s\u00e0n Mazda 6 2015- 2024<\/figcaption><\/figure>\n<p data-section-id=\"t7l1pc\" data-start=\"832\" data-end=\"858\"><strong data-start=\"836\" data-end=\"858\">Th\u00f4ng tin chi ti\u1ebft th\u1ea3m l\u00f3t s\u00e0n Mazda 6 2015- 2024<\/strong><\/p>\n<ul>\n<li data-start=\"862\" data-end=\"929\">D\u00f2ng xe \u00e1p d\u1ee5ng: Mazda 6 t\u1eeb 2015 \u0111\u1ebfn 2024 (g\u1ed3m c\u00e1c b\u1ea3n sedan)<\/li>\n<li data-start=\"932\" data-end=\"977\">Ch\u1ea5t li\u1ec7u: Nh\u1ef1a TPE nguy\u00ean sinh cao c\u1ea5p<\/li>\n<li data-start=\"980\" data-end=\"1032\">Thi\u1ebft k\u1ebf: 5D- full s\u00e0n, \u00f4m kh\u00edt s\u00e0n tr\u01b0\u1edbc \u2013 sau<\/li>\n<li data-start=\"1035\" data-end=\"1097\">M\u00e0u s\u1eafc ph\u1ed5 bi\u1ebfn: sang tr\u1ecdng<\/li>\n<li data-start=\"1100\" data-end=\"1155\">T\u00ednh n\u0103ng: Ch\u1ed1ng n\u01b0\u1edbc, kh\u00f4ng tr\u01b0\u1ee3t, ch\u1ed1ng x\u00f4 l\u1ec7ch<\/li>\n<li data-start=\"1158\" data-end=\"1187\">B\u1ea3o h\u00e0nh: 5 n\u0103m t\u1eeb Topcar<\/li>\n<\/ul>\n<p data-section-id=\"16xyppf\" data-start=\"1194\" data-end=\"1217\"><strong data-start=\"1198\" data-end=\"1217\">\u01afu \u0111i\u1ec3m n\u1ed5i b\u1eadt th\u1ea3m l\u00f3t s\u00e0n Mazda 6 2015- 2024<\/strong><\/p>\n<ul>\n<li data-start=\"1219\" data-end=\"1607\">Ch\u1ed1ng n\u01b0\u1edbc 100% \u2013 kh\u00f4ng lo \u0111\u1ed5 n\u01b0\u1edbc, n\u01b0\u1edbc m\u01b0a th\u1ea5m xu\u1ed1ng s\u00e0n<\/li>\n<li data-start=\"1219\" data-end=\"1607\">Kh\u00f4ng m\u00f9i nh\u1ef1a \u2013 kh\u00f4ng g\u00e2y kh\u00f3 ch\u1ecbu khi xe m\u1edbi \u0111\u00f3ng k\u00edn c\u1eeda<\/li>\n<li data-start=\"1219\" data-end=\"1607\">Form \u0111\u00fac ch\u00ednh x\u00e1c \u2013 l\u1eafp \u0111\u1eb7t g\u1ecdn g\u00e0ng, kh\u00f4ng c\u1ea7n ch\u1ec9nh s\u1eeda<\/li>\n<li data-start=\"1219\" data-end=\"1607\">Ch\u1ed1ng tr\u01b0\u1ee3t \u2013 b\u1ea3o v\u1ec7 an to\u00e0n cho ng\u01b0\u1eddi l\u00e1i v\u00e0 h\u00e0nh kh\u00e1ch<\/li>\n<li data-start=\"1219\" data-end=\"1607\">V\u1ec7 sinh \u0111\u01a1n gi\u1ea3n \u2013 ch\u1ec9 c\u1ea7n x\u1ecbt n\u01b0\u1edbc ho\u1eb7c lau b\u1eb1ng kh\u0103n \u01b0\u1edbt<\/li>\n<li data-start=\"1219\" data-end=\"1607\">T\u0103ng t\u00ednh th\u1ea9m m\u1ef9, gi\u1eef gi\u00e1 tr\u1ecb n\u1ed9i th\u1ea5t l\u00e2u d\u00e0i<\/li>\n<\/ul>\n<p data-section-id=\"tg4lok\" data-start=\"1614\" data-end=\"1629\"><strong data-start=\"1618\" data-end=\"1629\">Gi\u00e1 b\u00e1n th\u1ea3m l\u00f3t s\u00e0n Mazda 6 2015- 2024<\/strong><\/p>\n<ul>\n<li data-start=\"2237\" data-end=\"2421\"><strong data-start=\"2240\" data-end=\"2255\">Gi\u00e1 combo tr\u1ecdn b\u1ed9:<\/strong> <strong data-start=\"2256\" data-end=\"2273\">2.200.000\u0111\/b\u1ed9<\/strong><\/li>\n<li data-start=\"2237\" data-end=\"2421\"><strong>B\u00e1n l\u1ebb: 2.000.000\u0111<\/strong><\/li>\n<li data-start=\"2237\" data-end=\"2421\"><strong>Th\u1ea3m r\u1ed1i: 200.000\u0111<\/strong><\/li>\n<\/ul>\n<p><img decoding=\"async\" class=\"size-full wp-image-2979 aligncenter\" src=\"http:\/\/khaitest.rf.gd\/wp-content\/uploads\/2025\/07\/sdt.3-16.jpg\" alt=\"\" width=\"960\" height=\"960\" srcset=\"https:\/\/topcar.vn\/wp-content\/uploads\/2025\/07\/sdt.3-16.jpg 960w, https:\/\/topcar.vn\/wp-content\/uploads\/2025\/07\/sdt.3-16-300x300.jpg 300w, https:\/\/topcar.vn\/wp-content\/uploads\/2025\/07\/sdt.3-16-150x150.jpg 150w, https:\/\/topcar.vn\/wp-content\/uploads\/2025\/07\/sdt.3-16-768x768.jpg 768w, https:\/\/topcar.vn\/wp-content\/uploads\/2025\/07\/sdt.3-16-600x600.jpg 600w, https:\/\/topcar.vn\/wp-content\/uploads\/2025\/07\/sdt.3-16-100x100.jpg 100w\" sizes=\"(max-width: 960px) 100vw, 960px\" \/><\/p>\n<h2 data-section-id=\"1xfblj1\" data-start=\"1823\" data-end=\"1868\"><strong data-start=\"1826\" data-end=\"1868\">Mua th\u1ea3m l\u00f3t s\u00e0n Mazda 6 2015- 2024 ch\u00ednh h\u00e3ng t\u1ea1i Topcar<\/strong><\/h2>\n<p data-start=\"1870\" data-end=\"2149\">T\u1ea1i Topcar, ch\u00fang t\u00f4i cam k\u1ebft mang \u0111\u1ebfn s\u1ea3n ph\u1ea9m th\u1ea3m l\u00f3t s\u00e0n TPE nguy\u00ean sinh \u0111\u00fang chu\u1ea9n t\u1eebng d\u00f2ng xe, v\u1edbi ch\u1ea5t l\u01b0\u1ee3ng \u0111\u00e3 \u0111\u01b0\u1ee3c ki\u1ec3m nghi\u1ec7m qua h\u00e0ng ngh\u00ecn kh\u00e1ch h\u00e0ng tin d\u00f9ng. Ch\u00fang t\u00f4i kh\u00f4ng s\u1eed d\u1ee5ng nh\u1ef1a t\u00e1i ch\u1ebf, kh\u00f4ng pha t\u1ea1p \u2013 \u0111\u1ea3m b\u1ea3o \u0111\u1ed9 b\u1ec1n, th\u1ea9m m\u1ef9 v\u00e0 an to\u00e0n s\u1ee9c kh\u1ecfe.<\/p>\n<p data-section-id=\"1qd30cl\" data-start=\"2156\" data-end=\"2194\"><strong data-start=\"2160\" data-end=\"2194\">V\u00ec sao kh\u00e1ch h\u00e0ng ch\u1ecdn Topcar?<\/strong><\/p>\n<ul>\n<li data-start=\"2196\" data-end=\"2444\">Ch\u1ea5t li\u1ec7u TPE nh\u1eadp kh\u1ea9u \u2013 kh\u00f4ng m\u00f9i, kh\u00f4ng \u0111\u1ed9c h\u1ea1i<\/li>\n<li data-start=\"2196\" data-end=\"2444\">Form thi\u1ebft k\u1ebf ri\u00eang cho t\u1eebng \u0111\u1eddi Mazda 6 \u2013 \u00f4m kh\u00edt s\u00e0n, ch\u1ed1ng x\u00f4 l\u1ec7ch<\/li>\n<li data-start=\"2196\" data-end=\"2444\">Ch\u1ebf \u0111\u1ed9 b\u1ea3o h\u00e0nh 1 \u0111\u1ed5i 1 trong 24 th\u00e1ng<\/li>\n<li data-start=\"2196\" data-end=\"2444\">T\u01b0 v\u1ea5n nhanh \u2013 giao h\u00e0ng t\u1eadn n\u01a1i \u2013 ki\u1ec3m h\u00e0ng tho\u1ea3i m\u00e1i<\/li>\n<\/ul>\n<p><img decoding=\"async\" class=\"size-full wp-image-2977 aligncenter\" src=\"http:\/\/khaitest.rf.gd\/wp-content\/uploads\/2025\/07\/sdt.1-16.jpg\" alt=\"\" width=\"960\" height=\"960\" srcset=\"https:\/\/topcar.vn\/wp-content\/uploads\/2025\/07\/sdt.1-16.jpg 960w, https:\/\/topcar.vn\/wp-content\/uploads\/2025\/07\/sdt.1-16-300x300.jpg 300w, https:\/\/topcar.vn\/wp-content\/uploads\/2025\/07\/sdt.1-16-150x150.jpg 150w, https:\/\/topcar.vn\/wp-content\/uploads\/2025\/07\/sdt.1-16-768x768.jpg 768w, https:\/\/topcar.vn\/wp-content\/uploads\/2025\/07\/sdt.1-16-600x600.jpg 600w, https:\/\/topcar.vn\/wp-content\/uploads\/2025\/07\/sdt.1-16-100x100.jpg 100w\" sizes=\"(max-width: 960px) 100vw, 960px\" \/><\/p>\n<\/div>\n<\/div>\n<\/div>\n<\/div>\n<\/div>\n<\/article>\n<div class=\"markdown prose dark:prose-invert w-full break-words light\">\n<p><strong>\ud83d\udcde Li\u00ean h\u1ec7 \u0111\u1eb7t h\u00e0ng:<\/strong><\/p>\n<ul>\n<li><strong data-start=\"2794\" data-end=\"2813\">Hotline \/ Zalo:<\/strong> 0889.385.222<\/li>\n<li><strong data-start=\"2831\" data-end=\"2843\">\u0110\u1ecba ch\u1ec9:<\/strong> S\u1ed1 9 BT2, Khu \u0111\u00f4 th\u1ecb Foresa Xu\u00e2n Ph\u01b0\u01a1ng, Nam T\u1eeb Li\u00eam, H\u00e0 N\u1ed9i<\/li>\n<li><strong data-start=\"2909\" data-end=\"2921\">Website:<\/strong> <a class=\"\" href=\"https:\/\/Topcar.vn\" target=\"_new\" rel=\"noopener\" data-start=\"2922\" data-end=\"2960\">https:\/\/Topcar.vn<\/a><\/li>\n<\/ul>\n<\/div>\n<\/div>\n<\/div>\n<\/div>\n<\/div>\n<\/div>\n<\/article>\n","protected":false},"excerpt":{"rendered":"<ul>\n<li>Mi\u1ec5n ph\u00ed giao h\u00e0ng to\u00e0n qu\u1ed1c<\/li>\n<li>Nh\u1eadn h\u00e0ng &gt; L\u1eafp \u0111\u1eb7t &gt; Thanh to\u00e1n<\/li>\n<li>B\u1ea3o h\u00e0nh 5 n\u0103m<\/li>\n<\/ul>\n","protected":false},"featured_media":2980,"comment_status":"closed","ping_status":"closed","template":"","meta":{"site-sidebar-layout":"no-sidebar","site-content-layout":"content-boxed-container","ast-site-content-layout":"normal-width-container","site-content-style":"boxed","site-sidebar-style":"unboxed","ast-global-header-display":"","ast-banner-title-visibility":"","ast-main-header-display":"","ast-hfb-above-header-display":"","ast-hfb-below-header-display":"","ast-hfb-mobile-header-display":"","site-post-title":"","ast-breadcrumbs-content":"","ast-featured-img":"","footer-sml-layout":"","ast-disable-related-posts":"","theme-transparent-header-meta":"default","adv-header-id-meta":"","stick-header-meta":"","header-above-stick-meta":"","header-main-stick-meta":"","header-below-stick-meta":"","astra-migrate-meta-layouts":"set","ast-page-background-enabled":"default","ast-page-background-meta":{"desktop":{"background-color":"var(--ast-global-color-4)","background-image":"","background-repeat":"repeat","background-position":"center center","background-size":"auto","background-attachment":"scroll","background-type":"","background-media":"","overlay-type":"","overlay-color":"","overlay-opacity":"","overlay-gradient":""},"tablet":{"background-color":"","background-image":"","background-repeat":"repeat","background-position":"center center","background-size":"auto","background-attachment":"scroll","background-type":"","background-media":"","overlay-type":"","overlay-color":"","overlay-opacity":"","overlay-gradient":""},"mobile":{"background-color":"","background-image":"","background-repeat":"repeat","background-position":"center center","background-size":"auto","background-attachment":"scroll","background-type":"","background-media":"","overlay-type":"","overlay-color":"","overlay-opacity":"","overlay-gradient":""}},"ast-content-background-meta":{"desktop":{"background-color":"var(--ast-global-color-5)","background-image":"","background-repeat":"repeat","background-position":"center center","background-size":"auto","background-attachment":"scroll","background-type":"","background-media":"","overlay-type":"","overlay-color":"","overlay-opacity":"","overlay-gradient":""},"tablet":{"background-color":"var(--ast-global-color-5)","background-image":"","background-repeat":"repeat","background-position":"center center","background-size":"auto","background-attachment":"scroll","background-type":"","background-media":"","overlay-type":"","overlay-color":"","overlay-opacity":"","overlay-gradient":""},"mobile":{"background-color":"var(--ast-global-color-5)","background-image":"","background-repeat":"repeat","background-position":"center center","background-size":"auto","background-attachment":"scroll","background-type":"","background-media":"","overlay-type":"","overlay-color":"","overlay-opacity":"","overlay-gradient":""}}},"product_brand":[],"product_cat":[50,43],"product_tag":[138,73,77,75,76],"class_list":{"0":"post-2279","1":"product","2":"type-product","3":"status-publish","4":"has-post-thumbnail","6":"product_cat-tham-lot-san-o-to-mazda","7":"product_cat-tham-lot-san-o-to","8":"product_tag-tham-lot-san","9":"product_tag-tham-lot-san-o-to","10":"product_tag-tham-lot-san-o-to-nhua-duc","11":"product_tag-tham-lot-san-o-to-tot-nhat-hien-nay","12":"product_tag-tham-lot-san-o-to-tpe","13":"desktop-align-left","14":"tablet-align-left","15":"mobile-align-left","17":"first","18":"instock","19":"shipping-taxable","20":"purchasable","21":"product-type-variable"},"_links":{"self":[{"href":"https:\/\/topcar.vn\/index.php?rest_route=\/wp\/v2\/product\/2279","targetHints":{"allow":["GET"]}}],"collection":[{"href":"https:\/\/topcar.vn\/index.php?rest_route=\/wp\/v2\/product"}],"about":[{"href":"https:\/\/topcar.vn\/index.php?rest_route=\/wp\/v2\/types\/product"}],"replies":[{"embeddable":true,"href":"https:\/\/topcar.vn\/index.php?rest_route=%2Fwp%2Fv2%2Fcomments&post=2279"}],"version-history":[{"count":4,"href":"https:\/\/topcar.vn\/index.php?rest_route=\/wp\/v2\/product\/2279\/revisions"}],"predecessor-version":[{"id":2791,"href":"https:\/\/topcar.vn\/index.php?rest_route=\/wp\/v2\/product\/2279\/revisions\/2791"}],"wp:featuredmedia":[{"embeddable":true,"href":"https:\/\/topcar.vn\/index.php?rest_route=\/wp\/v2\/media\/2980"}],"wp:attachment":[{"href":"https:\/\/topcar.vn\/index.php?rest_route=%2Fwp%2Fv2%2Fmedia&parent=2279"}],"wp:term":[{"taxonomy":"product_brand","embeddable":true,"href":"https:\/\/topcar.vn\/index.php?rest_route=%2Fwp%2Fv2%2Fproduct_brand&post=2279"},{"taxonomy":"product_cat","embeddable":true,"href":"https:\/\/topcar.vn\/index.php?rest_route=%2Fwp%2Fv2%2Fproduct_cat&post=2279"},{"taxonomy":"product_tag","embeddable":true,"href":"https:\/\/topcar.vn\/index.php?rest_route=%2Fwp%2Fv2%2Fproduct_tag&post=2279"}],"curies":[{"name":"wp","href":"https:\/\/api.w.org\/{rel}","templated":true}]}}