{"id":2155,"date":"2025-07-28T16:02:21","date_gmt":"2025-07-28T09:02:21","guid":{"rendered":"http:\/\/khaitest.rf.gd\/?post_type=product&#038;p=2155"},"modified":"2025-12-05T15:34:43","modified_gmt":"2025-12-05T08:34:43","slug":"tham-lot-san-hyundai-kona-2018-2025","status":"publish","type":"product","link":"https:\/\/topcar.vn\/?product=tham-lot-san-hyundai-kona-2018-2025","title":{"rendered":"Th\u1ea3m l\u00f3t s\u00e0n Hyundai Kona 2018\u20132025"},"content":{"rendered":"<article class=\"text-token-text-primary w-full\" dir=\"auto\" data-testid=\"conversation-turn-10\" data-scroll-anchor=\"true\">\n<div class=\"text-base my-auto mx-auto pb-10 [--thread-content-margin:--spacing(4)] @[37rem]:[--thread-content-margin:--spacing(6)] @[72rem]:[--thread-content-margin:--spacing(16)] px-(--thread-content-margin)\">\n<div class=\"[--thread-content-max-width:32rem] @[34rem]:[--thread-content-max-width:40rem] @[64rem]:[--thread-content-max-width:48rem] mx-auto max-w-(--thread-content-max-width) flex-1 group\/turn-messages focus-visible:outline-hidden relative flex w-full min-w-0 flex-col agent-turn\" tabindex=\"-1\">\n<div class=\"flex max-w-full flex-col grow\">\n<div class=\"min-h-8 text-message relative flex w-full flex-col items-end gap-2 text-start break-words whitespace-normal [.text-message+&amp;]:mt-5\" dir=\"auto\" data-message-author-role=\"assistant\" data-message-id=\"6ee8a93f-7fdb-4c7e-b8bb-2a874c3d517b\" data-message-model-slug=\"gpt-4o\">\n<div class=\"flex w-full flex-col gap-1 empty:hidden first:pt-[3px]\">\n<div class=\"markdown prose dark:prose-invert w-full break-words light\">\n<p data-start=\"161\" data-end=\"258\"><strong><em>Th\u1ea3m l\u00f3t s\u00e0n Hyundai Kona 2018\u20132025 \u2013 B\u1ea3o v\u1ec7 s\u00e0n xe to\u00e0n di\u1ec7n cho m\u1eabu SUV \u0111\u00f4 th\u1ecb n\u0103ng \u0111\u1ed9ng. <\/em><\/strong><strong><em>Hyundai Kona \u2013 chi\u1ebfc SUV c\u1ee1 nh\u1ecf mang phong c\u00e1ch tr\u1ebb trung, linh ho\u1ea1t v\u00e0 hi\u1ec7n \u0111\u1ea1i \u2013 l\u00e0 l\u1ef1a ch\u1ecdn l\u00fd t\u01b0\u1edfng cho \u0111\u00f4 th\u1ecb l\u1eabn c\u00e1c chuy\u1ebfn \u0111i cu\u1ed1i tu\u1ea7n. Nh\u01b0ng n\u1ebfu b\u1ea1n mu\u1ed1n gi\u1eef cho n\u1ed9i th\u1ea5t Kona lu\u00f4n s\u1ea1ch s\u1ebd, g\u1ecdn g\u00e0ng v\u00e0 kh\u00f4ng xu\u1ed1ng c\u1ea5p theo th\u1eddi gian, th\u00ec m\u1ed9t b\u1ed9 th\u1ea3m l\u00f3t s\u00e0n thi\u1ebft k\u1ebf 5D l\u00e0 m\u00f3n ph\u1ee5 ki\u1ec7n kh\u00f4ng th\u1ec3 b\u1ecf qua.<\/em><\/strong><\/p>\n<h3 data-start=\"596\" data-end=\"622\"><strong data-start=\"600\" data-end=\"622\">T\u1ed5ng quan s\u1ea3n ph\u1ea9m th\u1ea3m l\u00f3t s\u00e0n Hyundai Kona 2018\u20132025<\/strong><\/h3>\n<p data-start=\"624\" data-end=\"925\">Kh\u00f4ng gi\u1ed1ng nh\u01b0 c\u00e1c lo\u1ea1i th\u1ea3m tr\u00f4i n\u1ed5i tr\u00ean th\u1ecb tr\u01b0\u1eddng, th\u1ea3m l\u00f3t s\u00e0n Hyundai Kona t\u1ea1i Topcar \u0111\u01b0\u1ee3c c\u1eaft \u0111o ch\u00ednh x\u00e1c theo t\u1eebng \u0111\u1eddi xe t\u1eeb 2018 \u0111\u1ebfn 2025. Thi\u1ebft k\u1ebf 5D kh\u00edt s\u00e0n \u2013 \u00f4m s\u00e1t t\u1eebng g\u00f3c c\u1ea1nh \u2013 gi\u00fap ng\u0103n ch\u1eb7n b\u1ee5i b\u1ea9n, n\u01b0\u1edbc, c\u00e1t hay r\u00e1c nh\u1ecf l\u1ecdt xu\u1ed1ng d\u01b0\u1edbi, \u0111\u1ed3ng th\u1eddi t\u0103ng t\u00ednh th\u1ea9m m\u1ef9 cho khoang xe. Ch\u1ea5t li\u1ec7u th\u1ea3m l\u00f3t s\u00e0n \u00f4 t\u00f4 nh\u1ef1a TPE nguy\u00ean sinh n\u1ed5i b\u1eadt v\u1edbi \u0111\u1ed9 b\u1ec1n cao, kh\u1ea3 n\u0103ng ch\u1ed1ng tr\u01b0\u1ee3t, kh\u00f4ng th\u1ea5m n\u01b0\u1edbc, d\u1ec5 d\u00e0ng v\u1ec7 sinh<\/p>\n<figure id=\"attachment_2808\" aria-describedby=\"caption-attachment-2808\" style=\"width: 1024px\" class=\"wp-caption aligncenter\"><img fetchpriority=\"high\" decoding=\"async\" class=\"wp-image-2808 size-large\" src=\"http:\/\/khaitest.rf.gd\/wp-content\/uploads\/2025\/07\/AnyConv.com__KONA-1024x1024.webp\" alt=\"th\u1ea3m l\u00f3t s\u00e0n Hyundai Kona 2018\u20132025\" width=\"1024\" height=\"1024\" srcset=\"https:\/\/topcar.vn\/wp-content\/uploads\/2025\/07\/AnyConv.com__KONA-1024x1024.webp 1024w, https:\/\/topcar.vn\/wp-content\/uploads\/2025\/07\/AnyConv.com__KONA-300x300.webp 300w, https:\/\/topcar.vn\/wp-content\/uploads\/2025\/07\/AnyConv.com__KONA-150x150.webp 150w, https:\/\/topcar.vn\/wp-content\/uploads\/2025\/07\/AnyConv.com__KONA-768x768.webp 768w, https:\/\/topcar.vn\/wp-content\/uploads\/2025\/07\/AnyConv.com__KONA-600x600.webp 600w, https:\/\/topcar.vn\/wp-content\/uploads\/2025\/07\/AnyConv.com__KONA-100x100.webp 100w, https:\/\/topcar.vn\/wp-content\/uploads\/2025\/07\/AnyConv.com__KONA.webp 1080w\" sizes=\"(max-width: 1024px) 100vw, 1024px\" \/><figcaption id=\"caption-attachment-2808\" class=\"wp-caption-text\">th\u1ea3m l\u00f3t s\u00e0n Hyundai Kona 2018\u20132025<\/figcaption><\/figure>\n<p data-start=\"1100\" data-end=\"1126\"><strong data-start=\"1104\" data-end=\"1126\">Th\u00f4ng tin chi ti\u1ebft <\/strong><strong data-start=\"600\" data-end=\"622\">th\u1ea3m l\u00f3t s\u00e0n Hyundai Kona 2018\u20132025<\/strong><\/p>\n<ul>\n<li data-start=\"1130\" data-end=\"1199\">D\u00f2ng xe \u00e1p d\u1ee5ng: Hyundai Kona t\u1ea5t c\u1ea3 phi\u00ean b\u1ea3n t\u1eeb 2018 \u0111\u1ebfn 2025<\/li>\n<li data-start=\"1202\" data-end=\"1262\">S\u1ed1 ch\u1ed7 ng\u1ed3i: 5 ch\u1ed7 \u2013 ph\u1ee7 k\u00edn to\u00e0n b\u1ed9 s\u00e0n xe 2 h\u00e0ng gh\u1ebf<\/li>\n<li data-start=\"1265\" data-end=\"1333\">Ch\u1ea5t li\u1ec7u: nh\u1ef1a TPE nguy\u00ean sinh<\/li>\n<li data-start=\"1336\" data-end=\"1422\">M\u00e0u s\u1eafc: \u0110en truy\u1ec1n th\u1ed1ng<\/li>\n<li data-start=\"1425\" data-end=\"1486\">C\u00e1ch l\u1eafp \u0111\u1eb7t: Kh\u00f4ng c\u1ea7n th\u00e1o gh\u1ebf, d\u1ec5 v\u1ec7 sinh, d\u1ec5 th\u00e1o l\u1eafp<\/li>\n<\/ul>\n<p data-start=\"1493\" data-end=\"1518\"><strong data-start=\"1497\" data-end=\"1518\">T\u00ednh n\u0103ng n\u1ed5i b\u1eadt\u00a0<\/strong><\/p>\n<ul>\n<li data-start=\"1520\" data-end=\"1845\">Form chu\u1ea9n t\u1eebng \u0111\u1eddi Kona \u2013 kh\u00f4ng cong v\u00eanh, kh\u00f4ng x\u00f4 l\u1ec7ch<\/li>\n<li data-start=\"1520\" data-end=\"1845\">Ch\u1ed1ng tr\u01b0\u1ee3t hi\u1ec7u qu\u1ea3 \u2013 an to\u00e0n khi l\u00ean xu\u1ed1ng xe, khi l\u00e1i xe<\/li>\n<li data-start=\"1520\" data-end=\"1845\">Ch\u1ed1ng n\u01b0\u1edbc, ch\u1ed1ng b\u1ee5i \u2013 d\u1ec5 lau b\u1eb1ng kh\u0103n \u1ea9m ho\u1eb7c h\u00fat b\u1ee5i<\/li>\n<li data-start=\"1520\" data-end=\"1845\">Kh\u00f4ng m\u00f9i cao su \u2013 kh\u00f4ng g\u00e2y kh\u00f3 ch\u1ecbu trong khoang k\u00edn<\/li>\n<li data-start=\"1520\" data-end=\"1845\">T\u0103ng t\u00ednh th\u1ea9m m\u1ef9, t\u1ea1o c\u1ea3m gi\u00e1c s\u1ea1ch s\u1ebd v\u00e0 sang tr\u1ecdng h\u01a1n<\/li>\n<\/ul>\n<p data-start=\"1852\" data-end=\"1891\"><strong data-start=\"1856\" data-end=\"1891\">Gi\u00e1 b\u00e1n combo th\u1ea3m Hyundai Kona<\/strong><\/p>\n<ul>\n<li data-start=\"1852\" data-end=\"1891\"><strong data-start=\"1896\" data-end=\"1935\">Tr\u1ecdn b\u1ed9 l\u00f3t s\u00e0n:<\/strong> <strong data-start=\"1936\" data-end=\"1950\">2.200.000\u0111<\/strong><\/li>\n<\/ul>\n<p><img decoding=\"async\" class=\"size-large wp-image-2781 aligncenter\" src=\"http:\/\/khaitest.rf.gd\/wp-content\/uploads\/2025\/07\/AnyConv.com__z6885323860402_ac926f66778840ad2c65a381c25c9952-sao-chep-1-1024x683.webp\" alt=\"\" width=\"1024\" height=\"683\" srcset=\"https:\/\/topcar.vn\/wp-content\/uploads\/2025\/07\/AnyConv.com__z6885323860402_ac926f66778840ad2c65a381c25c9952-sao-chep-1-1024x683.webp 1024w, https:\/\/topcar.vn\/wp-content\/uploads\/2025\/07\/AnyConv.com__z6885323860402_ac926f66778840ad2c65a381c25c9952-sao-chep-1-300x200.webp 300w, https:\/\/topcar.vn\/wp-content\/uploads\/2025\/07\/AnyConv.com__z6885323860402_ac926f66778840ad2c65a381c25c9952-sao-chep-1-768x512.webp 768w, https:\/\/topcar.vn\/wp-content\/uploads\/2025\/07\/AnyConv.com__z6885323860402_ac926f66778840ad2c65a381c25c9952-sao-chep-1-1536x1024.webp 1536w, https:\/\/topcar.vn\/wp-content\/uploads\/2025\/07\/AnyConv.com__z6885323860402_ac926f66778840ad2c65a381c25c9952-sao-chep-1-600x400.webp 600w, https:\/\/topcar.vn\/wp-content\/uploads\/2025\/07\/AnyConv.com__z6885323860402_ac926f66778840ad2c65a381c25c9952-sao-chep-1.webp 2048w\" sizes=\"(max-width: 1024px) 100vw, 1024px\" \/><\/p>\n<h2 data-start=\"535\" data-end=\"562\"><strong data-start=\"539\" data-end=\"562\">Mua th\u1ea3m l\u00f3t s\u00e0n Hyundai Kona ch\u00ednh h\u00e3ng t\u1ea1i Topcar<\/strong><\/h2>\n<p data-start=\"2060\" data-end=\"2334\">Topcar chuy\u00ean cung c\u1ea5p c\u00e1c d\u00f2ng th\u1ea3m l\u00f3t s\u00e0n cao c\u1ea5p \u0111\u01b0\u1ee3c thi\u1ebft k\u1ebf ri\u00eang bi\u1ec7t cho t\u1eebng m\u1eabu xe. V\u1edbi Hyundai Kona, s\u1ea3n ph\u1ea9m c\u1ee7a Topcar mang l\u1ea1i s\u1ef1 tinh t\u1ebf t\u1eeb ch\u1ea5t li\u1ec7u \u0111\u1ebfn \u0111\u01b0\u1eddng ch\u1ec9, \u0111\u1ed3ng th\u1eddi \u0111\u1ea3m b\u1ea3o c\u00f4ng n\u0103ng b\u1ea3o v\u1ec7 t\u1ed1i \u01b0u.<\/p>\n<p data-start=\"2336\" data-end=\"2362\"><strong data-start=\"2336\" data-end=\"2362\">L\u00fd do n\u00ean ch\u1ecdn Topcar:<\/strong><\/p>\n<ul>\n<li data-start=\"2366\" data-end=\"2433\">\u0110o form t\u1eebng phi\u00ean b\u1ea3n Kona \u2013 kh\u00f4ng d\u00f9ng chung v\u1edbi xe kh\u00e1c<\/li>\n<li data-start=\"2436\" data-end=\"2511\">Ch\u1ea5t li\u1ec7u nh\u1eadp kh\u1ea9u \u2013 kh\u00f4ng phai m\u00e0u, kh\u00f4ng m\u1ee5c g\u00e3y theo th\u1eddi gian<\/li>\n<li data-start=\"2514\" data-end=\"2564\">L\u1ef1a ch\u1ecdn m\u00e0u s\u1eafc ph\u00f9 h\u1ee3p n\u1ed9i th\u1ea5t t\u1eebng xe<\/li>\n<li data-start=\"2567\" data-end=\"2619\">Giao h\u00e0ng nhanh \u2013 h\u1ed7 tr\u1ee3 l\u1eafp \u0111\u1eb7t t\u1ea1i H\u00e0 N\u1ed9i<\/li>\n<li data-start=\"2622\" data-end=\"2683\">B\u1ea3o h\u00e0nh t\u1eeb 12 \u0111\u1ebfn 24 th\u00e1ng \u2013 y\u00ean t\u00e2m s\u1eed d\u1ee5ng l\u00e2u d\u00e0i<\/li>\n<\/ul>\n<p data-start=\"2738\" data-end=\"2890\">\u0110\u1ea7u t\u01b0 v\u00e0o b\u1ed9 th\u1ea3m l\u00f3t s\u00e0n \u0111\u00fang chu\u1ea9n kh\u00f4ng ch\u1ec9 gi\u00fap gi\u1eef g\u00ecn gi\u00e1 tr\u1ecb chi\u1ebfc xe, m\u00e0 c\u00f2n t\u1ea1o s\u1ef1 tho\u1ea3i m\u00e1i cho ch\u00ednh b\u1ea1n v\u00e0 ng\u01b0\u1eddi th\u00e2n trong t\u1eebng chuy\u1ebfn \u0111i.<\/p>\n<p data-start=\"2738\" data-end=\"2890\"><img decoding=\"async\" class=\"size-large wp-image-2760 aligncenter\" src=\"http:\/\/khaitest.rf.gd\/wp-content\/uploads\/2025\/07\/AnyConv.com__1-1024x1024.webp\" alt=\"\" width=\"1024\" height=\"1024\" srcset=\"https:\/\/topcar.vn\/wp-content\/uploads\/2025\/07\/AnyConv.com__1-1024x1024.webp 1024w, https:\/\/topcar.vn\/wp-content\/uploads\/2025\/07\/AnyConv.com__1-300x300.webp 300w, https:\/\/topcar.vn\/wp-content\/uploads\/2025\/07\/AnyConv.com__1-150x150.webp 150w, https:\/\/topcar.vn\/wp-content\/uploads\/2025\/07\/AnyConv.com__1-768x767.webp 768w, https:\/\/topcar.vn\/wp-content\/uploads\/2025\/07\/AnyConv.com__1-600x599.webp 600w, https:\/\/topcar.vn\/wp-content\/uploads\/2025\/07\/AnyConv.com__1-100x100.webp 100w, https:\/\/topcar.vn\/wp-content\/uploads\/2025\/07\/AnyConv.com__1.webp 1081w\" sizes=\"(max-width: 1024px) 100vw, 1024px\" \/><\/p>\n<p><strong>\ud83d\udcde Li\u00ean h\u1ec7 \u0111\u1eb7t h\u00e0ng:<\/strong><\/p>\n<ul>\n<li data-start=\"2794\" data-end=\"2828\"><strong data-start=\"2794\" data-end=\"2813\">Hotline \/ Zalo:<\/strong> 0889.385.222<\/li>\n<li data-start=\"2831\" data-end=\"2906\"><strong data-start=\"2831\" data-end=\"2843\">\u0110\u1ecba ch\u1ec9:<\/strong> S\u1ed1 9 BT2, Khu \u0111\u00f4 th\u1ecb Foresa Xu\u00e2n Ph\u01b0\u01a1ng, Nam T\u1eeb Li\u00eam, H\u00e0 N\u1ed9i<\/li>\n<li data-start=\"2909\" data-end=\"2960\"><strong data-start=\"2909\" data-end=\"2921\">Website:<\/strong> <a class=\"\" href=\"https:\/\/Topcar.vn\" target=\"_new\" rel=\"noopener\" data-start=\"2922\" data-end=\"2960\">https:\/\/Topcar.vn<\/a><\/li>\n<\/ul>\n<\/div>\n<\/div>\n<\/div>\n<\/div>\n<\/div>\n<\/div>\n<\/article>\n","protected":false},"excerpt":{"rendered":"<ul>\n<li>Mi\u1ec5n ph\u00ed giao h\u00e0ng to\u00e0n qu\u1ed1c<\/li>\n<li>Nh\u1eadn h\u00e0ng &gt; L\u1eafp \u0111\u1eb7t &gt; Thanh to\u00e1n<\/li>\n<li>B\u1ea3o h\u00e0nh 5 n\u0103m<\/li>\n<\/ul>\n","protected":false},"featured_media":2808,"comment_status":"closed","ping_status":"closed","template":"","meta":{"site-sidebar-layout":"no-sidebar","site-content-layout":"content-boxed-container","ast-site-content-layout":"normal-width-container","site-content-style":"boxed","site-sidebar-style":"unboxed","ast-global-header-display":"","ast-banner-title-visibility":"","ast-main-header-display":"","ast-hfb-above-header-display":"","ast-hfb-below-header-display":"","ast-hfb-mobile-header-display":"","site-post-title":"","ast-breadcrumbs-content":"","ast-featured-img":"","footer-sml-layout":"","ast-disable-related-posts":"","theme-transparent-header-meta":"default","adv-header-id-meta":"","stick-header-meta":"","header-above-stick-meta":"","header-main-stick-meta":"","header-below-stick-meta":"","astra-migrate-meta-layouts":"set","ast-page-background-enabled":"default","ast-page-background-meta":{"desktop":{"background-color":"var(--ast-global-color-4)","background-image":"","background-repeat":"repeat","background-position":"center center","background-size":"auto","background-attachment":"scroll","background-type":"","background-media":"","overlay-type":"","overlay-color":"","overlay-opacity":"","overlay-gradient":""},"tablet":{"background-color":"","background-image":"","background-repeat":"repeat","background-position":"center center","background-size":"auto","background-attachment":"scroll","background-type":"","background-media":"","overlay-type":"","overlay-color":"","overlay-opacity":"","overlay-gradient":""},"mobile":{"background-color":"","background-image":"","background-repeat":"repeat","background-position":"center center","background-size":"auto","background-attachment":"scroll","background-type":"","background-media":"","overlay-type":"","overlay-color":"","overlay-opacity":"","overlay-gradient":""}},"ast-content-background-meta":{"desktop":{"background-color":"var(--ast-global-color-5)","background-image":"","background-repeat":"repeat","background-position":"center center","background-size":"auto","background-attachment":"scroll","background-type":"","background-media":"","overlay-type":"","overlay-color":"","overlay-opacity":"","overlay-gradient":""},"tablet":{"background-color":"var(--ast-global-color-5)","background-image":"","background-repeat":"repeat","background-position":"center center","background-size":"auto","background-attachment":"scroll","background-type":"","background-media":"","overlay-type":"","overlay-color":"","overlay-opacity":"","overlay-gradient":""},"mobile":{"background-color":"var(--ast-global-color-5)","background-image":"","background-repeat":"repeat","background-position":"center center","background-size":"auto","background-attachment":"scroll","background-type":"","background-media":"","overlay-type":"","overlay-color":"","overlay-opacity":"","overlay-gradient":""}}},"product_brand":[],"product_cat":[47,43],"product_tag":[147,227,138,73,77,249,250],"class_list":{"0":"post-2155","1":"product","2":"type-product","3":"status-publish","4":"has-post-thumbnail","6":"product_cat-tham-lot-san-o-to-hyundai","7":"product_cat-tham-lot-san-o-to","8":"product_tag-carsen-tham-san","9":"product_tag-tham-carlsen","10":"product_tag-tham-lot-san","11":"product_tag-tham-lot-san-o-to","12":"product_tag-tham-lot-san-o-to-nhua-duc","13":"product_tag-tham-lot-san-xe-santafe-2021","14":"product_tag-tham-san-3d-huvi","15":"desktop-align-left","16":"tablet-align-left","17":"mobile-align-left","19":"first","20":"instock","21":"shipping-taxable","22":"purchasable","23":"product-type-variable"},"_links":{"self":[{"href":"https:\/\/topcar.vn\/index.php?rest_route=\/wp\/v2\/product\/2155","targetHints":{"allow":["GET"]}}],"collection":[{"href":"https:\/\/topcar.vn\/index.php?rest_route=\/wp\/v2\/product"}],"about":[{"href":"https:\/\/topcar.vn\/index.php?rest_route=\/wp\/v2\/types\/product"}],"replies":[{"embeddable":true,"href":"https:\/\/topcar.vn\/index.php?rest_route=%2Fwp%2Fv2%2Fcomments&post=2155"}],"version-history":[{"count":4,"href":"https:\/\/topcar.vn\/index.php?rest_route=\/wp\/v2\/product\/2155\/revisions"}],"predecessor-version":[{"id":3247,"href":"https:\/\/topcar.vn\/index.php?rest_route=\/wp\/v2\/product\/2155\/revisions\/3247"}],"wp:featuredmedia":[{"embeddable":true,"href":"https:\/\/topcar.vn\/index.php?rest_route=\/wp\/v2\/media\/2808"}],"wp:attachment":[{"href":"https:\/\/topcar.vn\/index.php?rest_route=%2Fwp%2Fv2%2Fmedia&parent=2155"}],"wp:term":[{"taxonomy":"product_brand","embeddable":true,"href":"https:\/\/topcar.vn\/index.php?rest_route=%2Fwp%2Fv2%2Fproduct_brand&post=2155"},{"taxonomy":"product_cat","embeddable":true,"href":"https:\/\/topcar.vn\/index.php?rest_route=%2Fwp%2Fv2%2Fproduct_cat&post=2155"},{"taxonomy":"product_tag","embeddable":true,"href":"https:\/\/topcar.vn\/index.php?rest_route=%2Fwp%2Fv2%2Fproduct_tag&post=2155"}],"curies":[{"name":"wp","href":"https:\/\/api.w.org\/{rel}","templated":true}]}}