{"id":2146,"date":"2025-07-28T15:39:10","date_gmt":"2025-07-28T08:39:10","guid":{"rendered":"http:\/\/khaitest.rf.gd\/?post_type=product&#038;p=2146"},"modified":"2025-08-29T09:29:33","modified_gmt":"2025-08-29T02:29:33","slug":"tham-lot-san-hyundai-tucson-2022-2025","status":"publish","type":"product","link":"https:\/\/topcar.vn\/?product=tham-lot-san-hyundai-tucson-2022-2025","title":{"rendered":"Th\u1ea3m l\u00f3t s\u00e0n Hyundai Tucson 2022\u20132025"},"content":{"rendered":"<article class=\"text-token-text-primary w-full\" dir=\"auto\" data-testid=\"conversation-turn-10\" data-scroll-anchor=\"true\">\n<div class=\"text-base my-auto mx-auto pb-10 [--thread-content-margin:--spacing(4)] @[37rem]:[--thread-content-margin:--spacing(6)] @[72rem]:[--thread-content-margin:--spacing(16)] px-(--thread-content-margin)\">\n<div class=\"[--thread-content-max-width:32rem] @[34rem]:[--thread-content-max-width:40rem] @[64rem]:[--thread-content-max-width:48rem] mx-auto max-w-(--thread-content-max-width) flex-1 group\/turn-messages focus-visible:outline-hidden relative flex w-full min-w-0 flex-col agent-turn\" tabindex=\"-1\">\n<div class=\"flex max-w-full flex-col grow\">\n<div class=\"min-h-8 text-message relative flex w-full flex-col items-end gap-2 text-start break-words whitespace-normal [.text-message+&amp;]:mt-5\" dir=\"auto\" data-message-author-role=\"assistant\" data-message-id=\"6ee8a93f-7fdb-4c7e-b8bb-2a874c3d517b\" data-message-model-slug=\"gpt-4o\">\n<div class=\"flex w-full flex-col gap-1 empty:hidden first:pt-[3px]\">\n<div class=\"markdown prose dark:prose-invert w-full break-words light\">\n<p data-start=\"206\" data-end=\"296\"><em><strong>Th\u1ea3m l\u00f3t s\u00e0n Hyundai Tucson 2022\u20132025 \u2013 T\u0103ng ti\u1ec7n nghi, gi\u1eef s\u1ea1ch s\u1ebd, n\u00e2ng t\u1ea7m \u0111\u1eb3ng c\u1ea5p. Hyundai Tucson 2022\u20132025 l\u00e0 d\u00f2ng SUV 5 ch\u1ed7 h\u1ea1ng C n\u1ed5i b\u1eadt v\u1edbi thi\u1ebft k\u1ebf hi\u1ec7n \u0111\u1ea1i, kh\u00f4ng gian n\u1ed9i th\u1ea5t tinh t\u1ebf v\u00e0 nhi\u1ec1u ti\u1ec7n nghi cao c\u1ea5p. \u0110\u1ec3 b\u1ea3o v\u1ec7 n\u1ed9i th\u1ea5t xe lu\u00f4n s\u1ea1ch \u0111\u1eb9p theo th\u1eddi gian, th\u1ea3m l\u00f3t s\u00e0n may \u0111o ri\u00eang cho Tucson l\u00e0 ph\u1ee5 ki\u1ec7n kh\u00f4ng th\u1ec3 thi\u1ebfu v\u1edbi b\u1ea5t k\u1ef3 ch\u1ee7 xe n\u00e0o quan t\u00e2m \u0111\u1ebfn s\u1ef1 b\u1ec1n \u0111\u1eb9p v\u00e0 g\u1ecdn g\u00e0ng c\u1ee7a khoang l\u00e1i.<\/strong><\/em><\/p>\n<h2 data-start=\"636\" data-end=\"663\"><strong data-start=\"640\" data-end=\"663\">Gi\u1edbi thi\u1ec7u s\u1ea3n ph\u1ea9m th\u1ea3m l\u00f3t s\u00e0n Hyundai Tucson 2022\u20132025<\/strong><\/h2>\n<p data-start=\"665\" data-end=\"967\">Tucson \u0111\u1eddi m\u1edbi c\u00f3 c\u1ea5u tr\u00fac s\u00e0n r\u1ed9ng v\u00e0 nhi\u1ec1u khu v\u1ef1c d\u1ec5 b\u00e1m b\u1ee5i nh\u01b0 g\u1ea7m gh\u1ebf, b\u1ec7 gi\u1eefa, khe s\u00e0n. Vi\u1ec7c s\u1eed d\u1ee5ng th\u1ea3m l\u00f3t s\u00e0n c\u1eaft form theo xe gi\u00fap che ph\u1ee7 to\u00e0n b\u1ed9 b\u1ec1 m\u1eb7t s\u00e0n, ng\u0103n ng\u1eeba b\u1ee5i b\u1ea9n, n\u01b0\u1edbc tr\u00e0n v\u00e0 m\u00f9i h\u00f4i t\u00edch t\u1ee5 l\u00e2u ng\u00e0y \u2013 \u0111\u1ed3ng th\u1eddi t\u0103ng t\u00ednh th\u1ea9m m\u1ef9 v\u00e0 c\u1ea3m gi\u00e1c s\u1ea1ch s\u1ebd m\u1ed7i khi b\u01b0\u1edbc v\u00e0o xe.<\/p>\n<p data-start=\"969\" data-end=\"1167\">Th\u1ea3m t\u1ea1i Topcar \u0111\u01b0\u1ee3c thi\u1ebft k\u1ebf ri\u00eang cho t\u1eebng phi\u00ean b\u1ea3n Tucson, k\u1ec3 c\u1ea3 b\u1ea3n ti\u00eau chu\u1ea9n v\u00e0 cao c\u1ea5p, v\u1edbi ch\u1ea5t li\u1ec7u nh\u1ef1a TPE nguy\u00ean sinh n\u1ed5i b\u1eadt v\u1edbi \u0111\u1ed9 b\u1ec1n cao, kh\u1ea3 n\u0103ng ch\u1ed1ng tr\u01b0\u1ee3t, kh\u00f4ng th\u1ea5m n\u01b0\u1edbc, d\u1ec5 d\u00e0ng v\u1ec7 sinh v\u00e0 \u0111\u1eb7c bi\u1ec7t an to\u00e0n cho s\u1ee9c kh\u1ecfe.<\/p>\n<figure id=\"attachment_2899\" aria-describedby=\"caption-attachment-2899\" style=\"width: 768px\" class=\"wp-caption aligncenter\"><img fetchpriority=\"high\" decoding=\"async\" class=\"wp-image-2899 size-full\" src=\"http:\/\/khaitest.rf.gd\/wp-content\/uploads\/2025\/07\/sdt.2-5.jpg\" alt=\"th\u1ea3m l\u00f3t s\u00e0n Hyundai Tucson 2022\u20132025\" width=\"768\" height=\"768\" srcset=\"https:\/\/topcar.vn\/wp-content\/uploads\/2025\/07\/sdt.2-5.jpg 768w, https:\/\/topcar.vn\/wp-content\/uploads\/2025\/07\/sdt.2-5-300x300.jpg 300w, https:\/\/topcar.vn\/wp-content\/uploads\/2025\/07\/sdt.2-5-150x150.jpg 150w, https:\/\/topcar.vn\/wp-content\/uploads\/2025\/07\/sdt.2-5-600x600.jpg 600w, https:\/\/topcar.vn\/wp-content\/uploads\/2025\/07\/sdt.2-5-100x100.jpg 100w\" sizes=\"(max-width: 768px) 100vw, 768px\" \/><figcaption id=\"caption-attachment-2899\" class=\"wp-caption-text\">th\u1ea3m l\u00f3t s\u00e0n Hyundai Tucson 2022\u20132025<\/figcaption><\/figure>\n<p data-start=\"1174\" data-end=\"1200\"><strong data-start=\"1178\" data-end=\"1200\">Th\u00f4ng tin s\u1ea3n ph\u1ea9m th\u1ea3m l\u00f3t s\u00e0n Hyundai Tucson 2022\u20132025<\/strong><\/p>\n<ul>\n<li data-start=\"1204\" data-end=\"1284\">D\u00f2ng xe \u00e1p d\u1ee5ng: Hyundai Tucson 2022, 2023, 2024, 2025 (m\u00e1y x\u0103ng, m\u00e1y d\u1ea7u)<\/li>\n<li data-start=\"1287\" data-end=\"1351\">C\u1ea5u tr\u00fac th\u1ea3m: 5D \u2013 \u00f4m tr\u1ecdn s\u00e0n xe<\/li>\n<li data-start=\"1354\" data-end=\"1420\">Ch\u1ea5t li\u1ec7u: nh\u1ef1a TPE ch\u1ed1ng th\u1ea5m, b\u1ec1n b\u1ec9<\/li>\n<li data-start=\"1423\" data-end=\"1483\">M\u00e0u s\u1eafc t\u00f9y ch\u1ecdn: \u0110en<\/li>\n<li data-start=\"1486\" data-end=\"1566\">Thi\u1ebft k\u1ebf: C\u1eaft laser theo s\u00e0n xe \u2013 kh\u00f4ng c\u1ea7n th\u00e1o gh\u1ebf \u2013 d\u1ec5 l\u1eafp \u0111\u1eb7t v\u00e0 v\u1ec7 sinh<\/li>\n<\/ul>\n<p><img decoding=\"async\" class=\"size-full wp-image-2898 aligncenter\" src=\"http:\/\/khaitest.rf.gd\/wp-content\/uploads\/2025\/07\/sdt.1-5.jpg\" alt=\"\" width=\"768\" height=\"768\" srcset=\"https:\/\/topcar.vn\/wp-content\/uploads\/2025\/07\/sdt.1-5.jpg 768w, https:\/\/topcar.vn\/wp-content\/uploads\/2025\/07\/sdt.1-5-300x300.jpg 300w, https:\/\/topcar.vn\/wp-content\/uploads\/2025\/07\/sdt.1-5-150x150.jpg 150w, https:\/\/topcar.vn\/wp-content\/uploads\/2025\/07\/sdt.1-5-600x600.jpg 600w, https:\/\/topcar.vn\/wp-content\/uploads\/2025\/07\/sdt.1-5-100x100.jpg 100w\" sizes=\"(max-width: 768px) 100vw, 768px\" \/><\/p>\n<p data-start=\"1573\" data-end=\"1598\"><strong data-start=\"1577\" data-end=\"1598\">\u01afu \u0111i\u1ec3m v\u01b0\u1ee3t tr\u1ed9i c\u1ee7a th\u1ea3m l\u00f3t s\u00e0n Hyundai Tucson 2022\u20132025<\/strong><\/p>\n<ul>\n<li>Th\u1ea3m l\u00f3t s\u00e0n Hyundai Tucson 2022\u20132025 che ph\u1ee7 to\u00e0n b\u1ed9 s\u00e0n xe \u2013 2 h\u00e0ng gh\u1ebf tr\u01b0\u1edbc v\u00e0 sau<\/li>\n<li>Ch\u1ed1ng b\u1ee5i, b\u00f9n \u0111\u1ea5t, \u0111\u1ed3 \u0103n r\u01a1i v\u00e3i \u2013 c\u1ef1c k\u1ef3 ph\u00f9 h\u1ee3p v\u1edbi xe gia \u0111\u00ecnh<\/li>\n<li>Kh\u00f4ng tr\u01a1n tr\u01b0\u1ee3t \u2013 t\u0103ng an to\u00e0n khi l\u00e1i xe<\/li>\n<li>Kh\u00f4ng m\u00f9i \u2013 th\u00e2n thi\u1ec7n v\u1edbi s\u1ee9c kh\u1ecfe ng\u01b0\u1eddi d\u00f9ng<\/li>\n<li>D\u1ec5 v\u1ec7 sinh \u2013 ch\u1ec9 c\u1ea7n kh\u0103n \u1ea9m ho\u1eb7c h\u00fat b\u1ee5i mini<\/li>\n<li>T\u0103ng \u0111\u1ed9 sang tr\u1ecdng, \u0111\u1ed3ng b\u1ed9 m\u00e0u s\u1eafc n\u1ed9i th\u1ea5t xe<\/li>\n<\/ul>\n<p data-start=\"1953\" data-end=\"2006\"><strong data-start=\"1957\" data-end=\"2006\">Gi\u00e1 b\u00e1n th\u1ea3m l\u00f3t s\u00e0n Hyundai Tucson 2022\u20132025<\/strong><\/p>\n<ul>\n<li><strong data-start=\"2011\" data-end=\"2042\">Combo full xe:<\/strong> 2.200.000 VN\u0110<\/li>\n<\/ul>\n<p><img decoding=\"async\" class=\"aligncenter wp-image-2905\" src=\"http:\/\/khaitest.rf.gd\/wp-content\/uploads\/2025\/07\/4-1024x1024.jpg\" alt=\"\" width=\"768\" height=\"768\" srcset=\"https:\/\/topcar.vn\/wp-content\/uploads\/2025\/07\/4-1024x1024.jpg 1024w, https:\/\/topcar.vn\/wp-content\/uploads\/2025\/07\/4-300x300.jpg 300w, https:\/\/topcar.vn\/wp-content\/uploads\/2025\/07\/4-150x150.jpg 150w, https:\/\/topcar.vn\/wp-content\/uploads\/2025\/07\/4-768x768.jpg 768w, https:\/\/topcar.vn\/wp-content\/uploads\/2025\/07\/4-1536x1536.jpg 1536w, https:\/\/topcar.vn\/wp-content\/uploads\/2025\/07\/4-600x600.jpg 600w, https:\/\/topcar.vn\/wp-content\/uploads\/2025\/07\/4-100x100.jpg 100w, https:\/\/topcar.vn\/wp-content\/uploads\/2025\/07\/4.jpg 1920w\" sizes=\"(max-width: 768px) 100vw, 768px\" \/><\/p>\n<h2 data-start=\"636\" data-end=\"663\"><strong data-start=\"640\" data-end=\"663\">Mua th\u1ea3m l\u00f3t s\u00e0n Huyndai Tucson ch\u00ednh h\u00e3ng t\u1ea1i Topcar<\/strong><\/h2>\n<\/div>\n<div class=\"markdown prose dark:prose-invert w-full break-words light\">\n<p data-start=\"2172\" data-end=\"2314\">Topcar l\u00e0 \u0111\u1ecba ch\u1ec9 uy t\u00edn chuy\u00ean cung c\u1ea5p th\u1ea3m l\u00f3t s\u00e0n \u00f4 t\u00f4 thi\u1ebft k\u1ebf ri\u00eang theo t\u1eebng d\u00f2ng xe, \u0111\u1ea3m b\u1ea3o \u0111\u1ed9 chu\u1ea9n form, b\u1ec1n \u0111\u1eb9p v\u00e0 d\u1ec5 v\u1ec7 sinh. Chi\u1ebfc Tucson sang tr\u1ecdng c\u1ee7a b\u1ea1n x\u1ee9ng \u0111\u00e1ng \u0111\u01b0\u1ee3c ch\u0103m ch\u00fat \u0111\u1ebfn t\u1eebng chi ti\u1ebft nh\u1ecf nh\u1ea5t. H\u00e3y l\u1ef1a ch\u1ecdn b\u1ed9 th\u1ea3m l\u00f3t s\u00e0n ch\u00ednh h\u00e3ng t\u1eeb Topcar \u0111\u1ec3 b\u1ea3o v\u1ec7 n\u1ed9i th\u1ea5t xe v\u00e0 th\u1ec3 hi\u1ec7n s\u1ef1 tinh t\u1ebf trong phong c\u00e1ch c\u1ee7a b\u1ea1n.<\/p>\n<p data-start=\"2316\" data-end=\"2338\"><strong data-start=\"2316\" data-end=\"2338\">Cam k\u1ebft t\u1eeb Topcar:<\/strong><\/p>\n<ul>\n<li data-start=\"2342\" data-end=\"2416\">Thi\u1ebft k\u1ebf chu\u1ea9n theo xe \u2013 c\u1eaft laser, kh\u00f4ng cong v\u00eanh, kh\u00f4ng x\u00f4 l\u1ec7ch<\/li>\n<li data-start=\"2419\" data-end=\"2481\">Ch\u1ea5t li\u1ec7u nh\u1eadp kh\u1ea9u \u2013 kh\u00f4ng bong tr\u00f3c, kh\u00f4ng th\u1ea5m n\u01b0\u1edbc<\/li>\n<li data-start=\"2484\" data-end=\"2542\">T\u00f9y ch\u1ecdn m\u00e0u s\u1eafc \u2013 ph\u00f9 h\u1ee3p m\u1ecdi phong c\u00e1ch n\u1ed9i th\u1ea5t<\/li>\n<li data-start=\"2545\" data-end=\"2602\">T\u01b0 v\u1ea5n t\u1eadn t\u00ecnh \u2013 giao h\u00e0ng nhanh ch\u00f3ng to\u00e0n qu\u1ed1c<\/li>\n<li data-start=\"2605\" data-end=\"2648\">B\u1ea3o h\u00e0nh ch\u1ea5t li\u1ec7u t\u1eeb 12 \u0111\u1ebfn 24 th\u00e1ng<\/li>\n<\/ul>\n<p><img loading=\"lazy\" decoding=\"async\" class=\"wp-image-2907 aligncenter\" src=\"http:\/\/khaitest.rf.gd\/wp-content\/uploads\/2025\/07\/lot-cop-tucson-2025-1-1024x768.jpg\" alt=\"\" width=\"768\" height=\"576\" srcset=\"https:\/\/topcar.vn\/wp-content\/uploads\/2025\/07\/lot-cop-tucson-2025-1-1024x768.jpg 1024w, https:\/\/topcar.vn\/wp-content\/uploads\/2025\/07\/lot-cop-tucson-2025-1-300x225.jpg 300w, https:\/\/topcar.vn\/wp-content\/uploads\/2025\/07\/lot-cop-tucson-2025-1-768x576.jpg 768w, https:\/\/topcar.vn\/wp-content\/uploads\/2025\/07\/lot-cop-tucson-2025-1-1536x1152.jpg 1536w, https:\/\/topcar.vn\/wp-content\/uploads\/2025\/07\/lot-cop-tucson-2025-1-2048x1536.jpg 2048w, https:\/\/topcar.vn\/wp-content\/uploads\/2025\/07\/lot-cop-tucson-2025-1-600x450.jpg 600w\" sizes=\"(max-width: 768px) 100vw, 768px\" \/><\/p>\n<h3 data-start=\"2875\" data-end=\"2908\">\ud83d\udcde Li\u00ean h\u1ec7 t\u01b0 v\u1ea5n &amp; \u0111\u1eb7t h\u00e0ng:<\/h3>\n<ul>\n<li data-start=\"2912\" data-end=\"2946\"><strong data-start=\"2912\" data-end=\"2931\">Hotline \/ Zalo:<\/strong> 0889.385.222<\/li>\n<li data-start=\"2949\" data-end=\"3024\"><strong data-start=\"2949\" data-end=\"2961\">\u0110\u1ecba ch\u1ec9:<\/strong> S\u1ed1 9 BT2, Khu \u0111\u00f4 th\u1ecb Foresa Xu\u00e2n Ph\u01b0\u01a1ng, Nam T\u1eeb Li\u00eam, H\u00e0 N\u1ed9i<\/li>\n<li data-start=\"3027\" data-end=\"3078\"><strong data-start=\"3027\" data-end=\"3039\">Website:<\/strong> <a class=\"\" href=\"https:\/\/Topcar.vn\" target=\"_new\" rel=\"noopener\" data-start=\"3040\" data-end=\"3078\">https:\/\/Topcar.vn<\/a><\/li>\n<\/ul>\n<\/div>\n<\/div>\n<\/div>\n<\/div>\n<\/div>\n<\/div>\n<\/article>\n","protected":false},"excerpt":{"rendered":"<ul>\n<li>Mi\u1ec5n ph\u00ed giao h\u00e0ng to\u00e0n qu\u1ed1c<\/li>\n<li>Nh\u1eadn h\u00e0ng &gt; L\u1eafp \u0111\u1eb7t &gt; Thanh to\u00e1n<\/li>\n<li>B\u1ea3o h\u00e0nh 5 n\u0103m<\/li>\n<\/ul>\n","protected":false},"featured_media":2812,"comment_status":"closed","ping_status":"closed","template":"","meta":{"site-sidebar-layout":"no-sidebar","site-content-layout":"content-boxed-container","ast-site-content-layout":"normal-width-container","site-content-style":"boxed","site-sidebar-style":"unboxed","ast-global-header-display":"","ast-banner-title-visibility":"","ast-main-header-display":"","ast-hfb-above-header-display":"","ast-hfb-below-header-display":"","ast-hfb-mobile-header-display":"","site-post-title":"","ast-breadcrumbs-content":"","ast-featured-img":"","footer-sml-layout":"","ast-disable-related-posts":"","theme-transparent-header-meta":"default","adv-header-id-meta":"","stick-header-meta":"","header-above-stick-meta":"","header-main-stick-meta":"","header-below-stick-meta":"","astra-migrate-meta-layouts":"set","ast-page-background-enabled":"default","ast-page-background-meta":{"desktop":{"background-color":"var(--ast-global-color-4)","background-image":"","background-repeat":"repeat","background-position":"center center","background-size":"auto","background-attachment":"scroll","background-type":"","background-media":"","overlay-type":"","overlay-color":"","overlay-opacity":"","overlay-gradient":""},"tablet":{"background-color":"","background-image":"","background-repeat":"repeat","background-position":"center center","background-size":"auto","background-attachment":"scroll","background-type":"","background-media":"","overlay-type":"","overlay-color":"","overlay-opacity":"","overlay-gradient":""},"mobile":{"background-color":"","background-image":"","background-repeat":"repeat","background-position":"center center","background-size":"auto","background-attachment":"scroll","background-type":"","background-media":"","overlay-type":"","overlay-color":"","overlay-opacity":"","overlay-gradient":""}},"ast-content-background-meta":{"desktop":{"background-color":"var(--ast-global-color-5)","background-image":"","background-repeat":"repeat","background-position":"center center","background-size":"auto","background-attachment":"scroll","background-type":"","background-media":"","overlay-type":"","overlay-color":"","overlay-opacity":"","overlay-gradient":""},"tablet":{"background-color":"var(--ast-global-color-5)","background-image":"","background-repeat":"repeat","background-position":"center center","background-size":"auto","background-attachment":"scroll","background-type":"","background-media":"","overlay-type":"","overlay-color":"","overlay-opacity":"","overlay-gradient":""},"mobile":{"background-color":"var(--ast-global-color-5)","background-image":"","background-repeat":"repeat","background-position":"center center","background-size":"auto","background-attachment":"scroll","background-type":"","background-media":"","overlay-type":"","overlay-color":"","overlay-opacity":"","overlay-gradient":""}}},"product_brand":[],"product_cat":[47,43],"product_tag":[147,138,73,77,249,250],"class_list":{"0":"post-2146","1":"product","2":"type-product","3":"status-publish","4":"has-post-thumbnail","6":"product_cat-tham-lot-san-o-to-hyundai","7":"product_cat-tham-lot-san-o-to","8":"product_tag-carsen-tham-san","9":"product_tag-tham-lot-san","10":"product_tag-tham-lot-san-o-to","11":"product_tag-tham-lot-san-o-to-nhua-duc","12":"product_tag-tham-lot-san-xe-santafe-2021","13":"product_tag-tham-san-3d-huvi","14":"desktop-align-left","15":"tablet-align-left","16":"mobile-align-left","18":"first","19":"instock","20":"shipping-taxable","21":"purchasable","22":"product-type-variable"},"_links":{"self":[{"href":"https:\/\/topcar.vn\/index.php?rest_route=\/wp\/v2\/product\/2146","targetHints":{"allow":["GET"]}}],"collection":[{"href":"https:\/\/topcar.vn\/index.php?rest_route=\/wp\/v2\/product"}],"about":[{"href":"https:\/\/topcar.vn\/index.php?rest_route=\/wp\/v2\/types\/product"}],"replies":[{"embeddable":true,"href":"https:\/\/topcar.vn\/index.php?rest_route=%2Fwp%2Fv2%2Fcomments&post=2146"}],"version-history":[{"count":5,"href":"https:\/\/topcar.vn\/index.php?rest_route=\/wp\/v2\/product\/2146\/revisions"}],"predecessor-version":[{"id":2825,"href":"https:\/\/topcar.vn\/index.php?rest_route=\/wp\/v2\/product\/2146\/revisions\/2825"}],"wp:featuredmedia":[{"embeddable":true,"href":"https:\/\/topcar.vn\/index.php?rest_route=\/wp\/v2\/media\/2812"}],"wp:attachment":[{"href":"https:\/\/topcar.vn\/index.php?rest_route=%2Fwp%2Fv2%2Fmedia&parent=2146"}],"wp:term":[{"taxonomy":"product_brand","embeddable":true,"href":"https:\/\/topcar.vn\/index.php?rest_route=%2Fwp%2Fv2%2Fproduct_brand&post=2146"},{"taxonomy":"product_cat","embeddable":true,"href":"https:\/\/topcar.vn\/index.php?rest_route=%2Fwp%2Fv2%2Fproduct_cat&post=2146"},{"taxonomy":"product_tag","embeddable":true,"href":"https:\/\/topcar.vn\/index.php?rest_route=%2Fwp%2Fv2%2Fproduct_tag&post=2146"}],"curies":[{"name":"wp","href":"https:\/\/api.w.org\/{rel}","templated":true}]}}