{"id":2140,"date":"2025-07-28T15:23:12","date_gmt":"2025-07-28T08:23:12","guid":{"rendered":"http:\/\/khaitest.rf.gd\/?post_type=product&#038;p=2140"},"modified":"2025-08-29T10:00:56","modified_gmt":"2025-08-29T03:00:56","slug":"tham-lot-san-hyundai-santafe-2021-2024","status":"publish","type":"product","link":"https:\/\/topcar.vn\/?product=tham-lot-san-hyundai-santafe-2021-2024","title":{"rendered":"Th\u1ea3m l\u00f3t s\u00e0n Hyundai Santafe 2021\u20132024"},"content":{"rendered":"<article class=\"text-token-text-primary w-full\" dir=\"auto\" data-testid=\"conversation-turn-10\" data-scroll-anchor=\"true\">\n<div class=\"text-base my-auto mx-auto pb-10 [--thread-content-margin:--spacing(4)] @[37rem]:[--thread-content-margin:--spacing(6)] @[72rem]:[--thread-content-margin:--spacing(16)] px-(--thread-content-margin)\">\n<div class=\"[--thread-content-max-width:32rem] @[34rem]:[--thread-content-max-width:40rem] @[64rem]:[--thread-content-max-width:48rem] mx-auto max-w-(--thread-content-max-width) flex-1 group\/turn-messages focus-visible:outline-hidden relative flex w-full min-w-0 flex-col agent-turn\" tabindex=\"-1\">\n<div class=\"flex max-w-full flex-col grow\">\n<div class=\"min-h-8 text-message relative flex w-full flex-col items-end gap-2 text-start break-words whitespace-normal [.text-message+&amp;]:mt-5\" dir=\"auto\" data-message-author-role=\"assistant\" data-message-id=\"6ee8a93f-7fdb-4c7e-b8bb-2a874c3d517b\" data-message-model-slug=\"gpt-4o\">\n<div class=\"flex w-full flex-col gap-1 empty:hidden first:pt-[3px]\">\n<div class=\"markdown prose dark:prose-invert w-full break-words light\">\n<p data-start=\"164\" data-end=\"248\"><strong><em>Th\u1ea3m l\u00f3t s\u00e0n Hyundai Santafe 2021\u20132024 \u2013 B\u1ea3o v\u1ec7 t\u1ed1i \u0111a, n\u00e2ng t\u1ea7m khoang n\u1ed9i th\u1ea5t. Hyundai Santafe th\u1ebf h\u1ec7 2021\u20132024 l\u00e0 m\u1eabu SUV 7 ch\u1ed7 n\u1ed5i b\u1eadt v\u1edbi phong c\u00e1ch m\u1ea1nh m\u1ebd, n\u1ed9i th\u1ea5t r\u1ed9ng r\u00e3i v\u00e0 nhi\u1ec1u ti\u1ec7n nghi cao c\u1ea5p. \u0110\u1ec3 gi\u1eef cho khoang xe lu\u00f4n s\u1ea1ch s\u1ebd v\u00e0 sang tr\u1ecdng, b\u1ed9 th\u1ea3m l\u00f3t s\u00e0n 5D thi\u1ebft k\u1ebf ri\u00eang cho Santafe l\u00e0 l\u1ef1a ch\u1ecdn kh\u00f4ng th\u1ec3 b\u1ecf qua d\u00e0nh cho nh\u1eefng ch\u1ee7 xe y\u00eau th\u00edch s\u1ef1 g\u1ecdn g\u00e0ng v\u00e0 \u0111\u1eb3ng c\u1ea5p.<\/em><\/strong><\/p>\n<h2 data-start=\"566\" data-end=\"593\"><strong data-start=\"570\" data-end=\"593\">Gi\u1edbi thi\u1ec7u s\u1ea3n ph\u1ea9m th\u1ea3m l\u00f3t s\u00e0n Hyundai Santafe 2021\u20132024<\/strong><\/h2>\n<p data-start=\"595\" data-end=\"809\">S\u1edf h\u1eefu kh\u00f4ng gian r\u1ed9ng 3 h\u00e0ng gh\u1ebf v\u00e0 th\u01b0\u1eddng xuy\u00ean ph\u1ea3i v\u1eadn h\u00e0nh trong nhi\u1ec1u \u0111i\u1ec1u ki\u1ec7n th\u1eddi ti\u1ebft kh\u00e1c nhau, Hyundai Santafe c\u1ea7n m\u1ed9t l\u1edbp th\u1ea3m b\u1ea3o v\u1ec7 s\u00e0n chuy\u00ean d\u1ee5ng \u0111\u1ec3 tr\u00e1nh b\u1ee5i b\u1ea9n, n\u01b0\u1edbc v\u00e0 m\u00f9i h\u00f4i l\u01b0u l\u1ea1i l\u00e2u ng\u00e0y.<\/p>\n<p data-start=\"811\" data-end=\"1109\">Th\u1ea3m l\u00f3t s\u00e0n may \u0111o ri\u00eang cho Hyundai Santafe 2021\u20132024 t\u1ea1i Topcar s\u1eed d\u1ee5ng ch\u1ea5t li\u1ec7u nh\u1ef1a TPE cao c\u1ea5p, thi\u1ebft k\u1ebf c\u1eaft laser theo t\u1eebng \u0111\u01b0\u1eddng g\u00e2n s\u00e0n xe, \u0111\u1ea3m b\u1ea3o l\u1eafp kh\u00edt ho\u00e0n h\u1ea3o \u2013 kh\u00f4ng x\u00f4 l\u1ec7ch, kh\u00f4ng c\u1ea7n th\u00e1o gh\u1ebf khi l\u1eafp \u0111\u1eb7t. Ph\u00f9 h\u1ee3p cho c\u1ea3 c\u00e1c phi\u00ean b\u1ea3n x\u0103ng v\u00e0 d\u1ea7u, 1 c\u1ea7u v\u00e0 2 c\u1ea7u.<\/p>\n<figure id=\"attachment_2923\" aria-describedby=\"caption-attachment-2923\" style=\"width: 960px\" class=\"wp-caption aligncenter\"><img fetchpriority=\"high\" decoding=\"async\" class=\"wp-image-2923 size-full\" src=\"http:\/\/khaitest.rf.gd\/wp-content\/uploads\/2025\/07\/sdt.2-8.jpg\" alt=\"th\u1ea3m l\u00f3t s\u00e0n Hyundai Santafe 2021\u20132024\" width=\"960\" height=\"960\" srcset=\"https:\/\/topcar.vn\/wp-content\/uploads\/2025\/07\/sdt.2-8.jpg 960w, https:\/\/topcar.vn\/wp-content\/uploads\/2025\/07\/sdt.2-8-300x300.jpg 300w, https:\/\/topcar.vn\/wp-content\/uploads\/2025\/07\/sdt.2-8-150x150.jpg 150w, https:\/\/topcar.vn\/wp-content\/uploads\/2025\/07\/sdt.2-8-768x768.jpg 768w, https:\/\/topcar.vn\/wp-content\/uploads\/2025\/07\/sdt.2-8-600x600.jpg 600w, https:\/\/topcar.vn\/wp-content\/uploads\/2025\/07\/sdt.2-8-100x100.jpg 100w\" sizes=\"(max-width: 960px) 100vw, 960px\" \/><figcaption id=\"caption-attachment-2923\" class=\"wp-caption-text\">Th\u1ea3m l\u00f3t s\u00e0n Hyundai Santafe 2021\u20132024<\/figcaption><\/figure>\n<p data-start=\"1116\" data-end=\"1142\"><strong data-start=\"1120\" data-end=\"1142\">Th\u00f4ng tin s\u1ea3n ph\u1ea9m<\/strong><\/p>\n<ul>\n<li data-start=\"1146\" data-end=\"1207\">D\u00f2ng xe \u00e1p d\u1ee5ng: Hyundai Santafe 2021, 2022, 2023, 2024<\/li>\n<li data-start=\"1210\" data-end=\"1269\">Ch\u1ea5t li\u1ec7u: Nh\u1ef1a TPE<\/li>\n<li data-start=\"1272\" data-end=\"1343\">T\u00f9y ch\u1ecdn m\u00e0u s\u1eafc: \u0110en tuy\u1ec1n<\/li>\n<li data-start=\"1346\" data-end=\"1426\">C\u1ea5u tr\u00fac: Thi\u1ebft k\u1ebf 5D \u00f4m s\u00e1t s\u00e0n \u2013 d\u1ec5 d\u00e0ng v\u1ec7 sinh \u2013 kh\u00f4ng c\u1ea7n th\u00e1o gh\u1ebf<\/li>\n<\/ul>\n<p><img decoding=\"async\" class=\"size-full wp-image-2922 aligncenter\" src=\"http:\/\/khaitest.rf.gd\/wp-content\/uploads\/2025\/07\/sdt.1-8.jpg\" alt=\"\" width=\"960\" height=\"960\" srcset=\"https:\/\/topcar.vn\/wp-content\/uploads\/2025\/07\/sdt.1-8.jpg 960w, https:\/\/topcar.vn\/wp-content\/uploads\/2025\/07\/sdt.1-8-300x300.jpg 300w, https:\/\/topcar.vn\/wp-content\/uploads\/2025\/07\/sdt.1-8-150x150.jpg 150w, https:\/\/topcar.vn\/wp-content\/uploads\/2025\/07\/sdt.1-8-768x768.jpg 768w, https:\/\/topcar.vn\/wp-content\/uploads\/2025\/07\/sdt.1-8-600x600.jpg 600w, https:\/\/topcar.vn\/wp-content\/uploads\/2025\/07\/sdt.1-8-100x100.jpg 100w\" sizes=\"(max-width: 960px) 100vw, 960px\" \/><\/p>\n<p data-start=\"1433\" data-end=\"1489\"><strong data-start=\"1437\" data-end=\"1489\">\u01afu \u0111i\u1ec3m n\u1ed5i b\u1eadt c\u1ee7a th\u1ea3m l\u00f3t s\u00e0n Hyundai Santafe<\/strong><\/p>\n<ul>\n<li>B\u1ea3o v\u1ec7 to\u00e0n di\u1ec7n s\u00e0n xe 3 h\u00e0ng gh\u1ebf \u2013 kh\u00f4ng lo b\u1ee5i, n\u01b0\u1edbc, b\u00f9n \u0111\u1ea5t<\/li>\n<li>Ch\u1ed1ng m\u00f9i, ch\u1ed1ng tr\u01a1n tr\u01b0\u1ee3t \u2013 an to\u00e0n khi di chuy\u1ec3n<\/li>\n<li>Ch\u1ea5t li\u1ec7u nh\u1ef1a TPE cao c\u1ea5p, kh\u00f4ng m\u00f9i nh\u1ef1a \u2013 an to\u00e0n cho tr\u1ebb nh\u1ecf v\u00e0 ng\u01b0\u1eddi nh\u1ea1y c\u1ea3m<\/li>\n<li>T\u0103ng t\u00ednh th\u1ea9m m\u1ef9 \u2013 t\u1ea1o v\u1ebb sang tr\u1ecdng v\u00e0 li\u1ec1n m\u1ea1ch cho n\u1ed9i th\u1ea5t<\/li>\n<li>D\u1ec5 v\u1ec7 sinh \u2013 ch\u1ec9 c\u1ea7n lau b\u1eb1ng kh\u0103n \u1ea9m ho\u1eb7c h\u00fat b\u1ee5i<\/li>\n<\/ul>\n<p data-start=\"1834\" data-end=\"1889\"><strong data-start=\"1838\" data-end=\"1889\">Gi\u00e1 b\u00e1n th\u1ea3m l\u00f3t s\u00e0n Hyundai Santafe t\u1ea1i Topcar<\/strong><\/p>\n<ul>\n<li data-start=\"1834\" data-end=\"1889\"><strong data-start=\"1894\" data-end=\"1925\">Combo full:<\/strong> 2.500.000 VN\u0110<\/li>\n<\/ul>\n<p><img decoding=\"async\" class=\"size-full wp-image-2924 aligncenter\" src=\"http:\/\/khaitest.rf.gd\/wp-content\/uploads\/2025\/07\/sdt.3-8.jpg\" alt=\"\" width=\"961\" height=\"961\" srcset=\"https:\/\/topcar.vn\/wp-content\/uploads\/2025\/07\/sdt.3-8.jpg 961w, https:\/\/topcar.vn\/wp-content\/uploads\/2025\/07\/sdt.3-8-300x300.jpg 300w, https:\/\/topcar.vn\/wp-content\/uploads\/2025\/07\/sdt.3-8-150x150.jpg 150w, https:\/\/topcar.vn\/wp-content\/uploads\/2025\/07\/sdt.3-8-768x768.jpg 768w, https:\/\/topcar.vn\/wp-content\/uploads\/2025\/07\/sdt.3-8-600x600.jpg 600w, https:\/\/topcar.vn\/wp-content\/uploads\/2025\/07\/sdt.3-8-100x100.jpg 100w\" sizes=\"(max-width: 961px) 100vw, 961px\" \/><\/p>\n<h3 data-start=\"1946\" data-end=\"2010\"><strong data-start=\"1950\" data-end=\"2010\">V\u00ec sao n\u00ean ch\u1ecdn th\u1ea3m l\u00f3t s\u00e0n Hyundai Santafe t\u1ea1i Topcar?<\/strong><\/h3>\n<p>Th\u1ea3m l\u00f3t s\u00e0n kh\u00f4ng ch\u1ec9 l\u00e0 ph\u1ee5 ki\u1ec7n b\u1ea3o v\u1ec7 m\u00e0 c\u00f2n l\u00e0 tuy\u00ean ng\u00f4n v\u1ec1 phong c\u00e1ch s\u1ed1ng c\u1ee7a ch\u1ee7 xe. N\u1ebfu b\u1ea1n s\u1edf h\u1eefu m\u1ed9t chi\u1ebfc Hyundai Santafe th\u1ebf h\u1ec7 m\u1edbi, \u0111\u1eebng b\u1ecf qua b\u1ed9 th\u1ea3m cao c\u1ea5p t\u1eeb Topcar \u0111\u1ec3 gi\u1eef n\u1ed9i th\u1ea5t xe lu\u00f4n s\u1ea1ch \u0111\u1eb9p nh\u01b0 ng\u00e0y \u0111\u1ea7u.<\/p>\n<ul>\n<li data-start=\"2014\" data-end=\"2080\">C\u1eaft may theo m\u1eabu th\u1ef1c t\u1ebf t\u1eebng \u0111\u1eddi xe \u2013 v\u1eeba kh\u00edt, kh\u00f4ng cong v\u00eanh<\/li>\n<li data-start=\"2083\" data-end=\"2127\">Ch\u1ea5t li\u1ec7u b\u1ec1n, kh\u00f4ng bong tr\u00f3c, d\u1ec5 v\u1ec7 sinh<\/li>\n<li data-start=\"2130\" data-end=\"2189\">\u0110\u1ea3m b\u1ea3o t\u00ednh th\u1ea9m m\u1ef9, sang tr\u1ecdng, h\u1ee3p phong c\u00e1ch n\u1ed9i th\u1ea5t<\/li>\n<li data-start=\"2192\" data-end=\"2242\">T\u00f9y ch\u1ecdn nhi\u1ec1u m\u00e0u \u2013 ph\u00f9 h\u1ee3p c\u00e1 t\u00ednh t\u1eebng ch\u1ee7 xe<\/li>\n<li data-start=\"2245\" data-end=\"2286\">B\u1ea3o h\u00e0nh ch\u1ea5t li\u1ec7u l\u00ean t\u1edbi 5 n\u0103m<\/li>\n<li data-start=\"2289\" data-end=\"2370\">Giao h\u00e0ng nhanh \u2013 t\u01b0 v\u1ea5n mi\u1ec5n ph\u00ed<\/li>\n<\/ul>\n<h3 data-start=\"2619\" data-end=\"2665\">\ud83d\udcde Li\u00ean h\u1ec7 ngay \u0111\u1ec3 \u0111\u01b0\u1ee3c t\u01b0 v\u1ea5n &amp; \u0111\u1eb7t h\u00e0ng:<\/h3>\n<ul>\n<li data-start=\"2619\" data-end=\"2665\"><strong data-start=\"2669\" data-end=\"2688\">Hotline \/ Zalo:<\/strong> 0889.385.222<\/li>\n<li data-start=\"2619\" data-end=\"2665\"><strong data-start=\"2706\" data-end=\"2718\">\u0110\u1ecba ch\u1ec9:<\/strong> S\u1ed1 9 BT2, K\u0110T Foresa Xu\u00e2n Ph\u01b0\u01a1ng, Nam T\u1eeb Li\u00eam, H\u00e0 N\u1ed9i<\/li>\n<li data-start=\"2619\" data-end=\"2665\"><strong data-start=\"2777\" data-end=\"2789\">Website:<\/strong> <a class=\"\" href=\"https:\/\/Topcar.vn\" target=\"_new\" rel=\"noopener\" data-start=\"2790\" data-end=\"2828\">https:\/\/Topcar.vn<\/a><\/li>\n<\/ul>\n<\/div>\n<\/div>\n<\/div>\n<\/div>\n<\/div>\n<\/div>\n<\/article>\n","protected":false},"excerpt":{"rendered":"<ul>\n<li>Mi\u1ec5n ph\u00ed giao h\u00e0ng to\u00e0n qu\u1ed1c<\/li>\n<li>Nh\u1eadn h\u00e0ng &gt; L\u1eafp \u0111\u1eb7t &gt; Thanh to\u00e1n<\/li>\n<li>B\u1ea3o h\u00e0nh 5 n\u0103m<\/li>\n<\/ul>\n","protected":false},"featured_media":2810,"comment_status":"closed","ping_status":"closed","template":"","meta":{"site-sidebar-layout":"no-sidebar","site-content-layout":"content-boxed-container","ast-site-content-layout":"normal-width-container","site-content-style":"boxed","site-sidebar-style":"unboxed","ast-global-header-display":"","ast-banner-title-visibility":"","ast-main-header-display":"","ast-hfb-above-header-display":"","ast-hfb-below-header-display":"","ast-hfb-mobile-header-display":"","site-post-title":"","ast-breadcrumbs-content":"","ast-featured-img":"","footer-sml-layout":"","ast-disable-related-posts":"","theme-transparent-header-meta":"default","adv-header-id-meta":"","stick-header-meta":"","header-above-stick-meta":"","header-main-stick-meta":"","header-below-stick-meta":"","astra-migrate-meta-layouts":"set","ast-page-background-enabled":"default","ast-page-background-meta":{"desktop":{"background-color":"var(--ast-global-color-4)","background-image":"","background-repeat":"repeat","background-position":"center center","background-size":"auto","background-attachment":"scroll","background-type":"","background-media":"","overlay-type":"","overlay-color":"","overlay-opacity":"","overlay-gradient":""},"tablet":{"background-color":"","background-image":"","background-repeat":"repeat","background-position":"center center","background-size":"auto","background-attachment":"scroll","background-type":"","background-media":"","overlay-type":"","overlay-color":"","overlay-opacity":"","overlay-gradient":""},"mobile":{"background-color":"","background-image":"","background-repeat":"repeat","background-position":"center center","background-size":"auto","background-attachment":"scroll","background-type":"","background-media":"","overlay-type":"","overlay-color":"","overlay-opacity":"","overlay-gradient":""}},"ast-content-background-meta":{"desktop":{"background-color":"var(--ast-global-color-5)","background-image":"","background-repeat":"repeat","background-position":"center center","background-size":"auto","background-attachment":"scroll","background-type":"","background-media":"","overlay-type":"","overlay-color":"","overlay-opacity":"","overlay-gradient":""},"tablet":{"background-color":"var(--ast-global-color-5)","background-image":"","background-repeat":"repeat","background-position":"center center","background-size":"auto","background-attachment":"scroll","background-type":"","background-media":"","overlay-type":"","overlay-color":"","overlay-opacity":"","overlay-gradient":""},"mobile":{"background-color":"var(--ast-global-color-5)","background-image":"","background-repeat":"repeat","background-position":"center center","background-size":"auto","background-attachment":"scroll","background-type":"","background-media":"","overlay-type":"","overlay-color":"","overlay-opacity":"","overlay-gradient":""}}},"product_brand":[],"product_cat":[47,43],"product_tag":[147,227,138,73,74,77,226],"class_list":{"0":"post-2140","1":"product","2":"type-product","3":"status-publish","4":"has-post-thumbnail","6":"product_cat-tham-lot-san-o-to-hyundai","7":"product_cat-tham-lot-san-o-to","8":"product_tag-carsen-tham-san","9":"product_tag-tham-carlsen","10":"product_tag-tham-lot-san","11":"product_tag-tham-lot-san-o-to","12":"product_tag-tham-lot-san-o-to-bang-nhua","13":"product_tag-tham-lot-san-o-to-nhua-duc","14":"product_tag-tham-san-tpe","15":"desktop-align-left","16":"tablet-align-left","17":"mobile-align-left","19":"first","20":"instock","21":"shipping-taxable","22":"purchasable","23":"product-type-variable"},"_links":{"self":[{"href":"https:\/\/topcar.vn\/index.php?rest_route=\/wp\/v2\/product\/2140","targetHints":{"allow":["GET"]}}],"collection":[{"href":"https:\/\/topcar.vn\/index.php?rest_route=\/wp\/v2\/product"}],"about":[{"href":"https:\/\/topcar.vn\/index.php?rest_route=\/wp\/v2\/types\/product"}],"replies":[{"embeddable":true,"href":"https:\/\/topcar.vn\/index.php?rest_route=%2Fwp%2Fv2%2Fcomments&post=2140"}],"version-history":[{"count":5,"href":"https:\/\/topcar.vn\/index.php?rest_route=\/wp\/v2\/product\/2140\/revisions"}],"predecessor-version":[{"id":3253,"href":"https:\/\/topcar.vn\/index.php?rest_route=\/wp\/v2\/product\/2140\/revisions\/3253"}],"wp:featuredmedia":[{"embeddable":true,"href":"https:\/\/topcar.vn\/index.php?rest_route=\/wp\/v2\/media\/2810"}],"wp:attachment":[{"href":"https:\/\/topcar.vn\/index.php?rest_route=%2Fwp%2Fv2%2Fmedia&parent=2140"}],"wp:term":[{"taxonomy":"product_brand","embeddable":true,"href":"https:\/\/topcar.vn\/index.php?rest_route=%2Fwp%2Fv2%2Fproduct_brand&post=2140"},{"taxonomy":"product_cat","embeddable":true,"href":"https:\/\/topcar.vn\/index.php?rest_route=%2Fwp%2Fv2%2Fproduct_cat&post=2140"},{"taxonomy":"product_tag","embeddable":true,"href":"https:\/\/topcar.vn\/index.php?rest_route=%2Fwp%2Fv2%2Fproduct_tag&post=2140"}],"curies":[{"name":"wp","href":"https:\/\/api.w.org\/{rel}","templated":true}]}}