{"id":2134,"date":"2025-07-28T15:06:27","date_gmt":"2025-07-28T08:06:27","guid":{"rendered":"http:\/\/khaitest.rf.gd\/?post_type=product&#038;p=2134"},"modified":"2025-10-13T19:04:51","modified_gmt":"2025-10-13T12:04:51","slug":"tham-lot-san-hyundai-santafe-2025-ban-7-cho-6-cho","status":"publish","type":"product","link":"https:\/\/topcar.vn\/product\/tham-lot-san-hyundai-santafe-2025-ban-7-cho-6-cho\/","title":{"rendered":"Th\u1ea3m l\u00f3t s\u00e0n Hyundai Santafe 2025 b\u1ea3n 7 ch\u1ed7, 6 ch\u1ed7"},"content":{"rendered":"<article class=\"text-token-text-primary w-full\" dir=\"auto\" data-testid=\"conversation-turn-10\" data-scroll-anchor=\"true\">\n<div class=\"text-base my-auto mx-auto pb-10 [--thread-content-margin:--spacing(4)] @[37rem]:[--thread-content-margin:--spacing(6)] @[72rem]:[--thread-content-margin:--spacing(16)] px-(--thread-content-margin)\">\n<div class=\"[--thread-content-max-width:32rem] @[34rem]:[--thread-content-max-width:40rem] @[64rem]:[--thread-content-max-width:48rem] mx-auto max-w-(--thread-content-max-width) flex-1 group\/turn-messages focus-visible:outline-hidden relative flex w-full min-w-0 flex-col agent-turn\" tabindex=\"-1\">\n<div class=\"flex max-w-full flex-col grow\">\n<div class=\"min-h-8 text-message relative flex w-full flex-col items-end gap-2 text-start break-words whitespace-normal [.text-message+&amp;]:mt-5\" dir=\"auto\" data-message-author-role=\"assistant\" data-message-id=\"6ee8a93f-7fdb-4c7e-b8bb-2a874c3d517b\" data-message-model-slug=\"gpt-4o\">\n<div class=\"flex w-full flex-col gap-1 empty:hidden first:pt-[3px]\">\n<div class=\"markdown prose dark:prose-invert w-full break-words light\">\n<p data-start=\"506\" data-end=\"535\"><strong data-start=\"510\" data-end=\"533\"><em>Th\u1ea3m l\u00f3t s\u00e0n Hyundai Santafe 2025 b\u1ea3n 7 ch\u1ed7, 6 ch\u1ed7<\/em> <\/strong><em><strong>l\u00e0 phi\u00ean b\u1ea3n SUV th\u1ebf h\u1ec7 m\u1edbi v\u1edbi thi\u1ebft k\u1ebf vu\u00f4ng v\u1ee9c, n\u1ed9i th\u1ea5t ti\u1ec7n nghi v\u00e0 kh\u00f4ng gian r\u1ed9ng r\u00e3i. \u0110\u1ec3 gi\u1eef cho khoang n\u1ed9i th\u1ea5t lu\u00f4n s\u1ea1ch s\u1ebd v\u00e0 t\u0103ng th\u00eam s\u1ef1 sang tr\u1ecdng, th\u1ea3m l\u00f3t s\u00e0n Hyundai Santafe 2025 b\u1ea3n 7 ch\u1ed7, 6 ch\u1ed7, \u0111o ri\u00eang theo xe l\u00e0 ph\u1ee5 ki\u1ec7n b\u1ea1n kh\u00f4ng n\u00ean b\u1ecf qua.<\/strong><\/em><\/p>\n<h2 data-start=\"506\" data-end=\"535\"><strong data-start=\"510\" data-end=\"533\">Gi\u1edbi thi\u1ec7u s\u1ea3n ph\u1ea9m th\u1ea3m l\u00f3t s\u00e0n Hyundai Santafe 2025 b\u1ea3n 7 ch\u1ed7, 6 ch\u1ed7<\/strong><\/h2>\n<p data-start=\"536\" data-end=\"774\">Hyundai SantaFe 2025 l\u00e0 th\u1ebf h\u1ec7 ho\u00e0n to\u00e0n m\u1edbi, c\u00f3 s\u1ef1 thay \u0111\u1ed5i m\u1ea1nh m\u1ebd t\u1eeb ngo\u1ea1i h\u00ecnh \u0111\u1ebfn thi\u1ebft k\u1ebf n\u1ed9i th\u1ea5t. D\u00f9 l\u00e0 b\u1ea3n 6 ch\u1ed7 th\u01b0\u01a1ng gia hay b\u1ea3n 7 ch\u1ed7 gia \u0111\u00ecnh, khoang n\u1ed9i th\u1ea5t \u0111\u1ec1u r\u1ed9ng, \u0111\u1eb9p nh\u01b0ng c\u0169ng d\u1ec5 b\u00e1m b\u1ee5i v\u00e0 b\u1ea9n n\u1ebfu kh\u00f4ng \u0111\u01b0\u1ee3c b\u1ea3o v\u1ec7. Th\u1ea3m l\u00f3t s\u00e0n cao c\u1ea5p d\u00e0nh ri\u00eang cho Hyundai SantaFe 2025 \u0111\u01b0\u1ee3c Topcar thi\u1ebft k\u1ebf 5D l\u1eafp v\u1eeba kh\u00edt m\u00e0 kh\u00f4ng \u1ea3nh h\u01b0\u1edfng \u0111\u1ebfn h\u1ec7 th\u1ed1ng ray tr\u01b0\u1ee3t, m\u00f3c gh\u1ebf hay h\u1ed9c ch\u1ee9a \u0111\u1ed3.<\/p>\n<figure id=\"attachment_2930\" aria-describedby=\"caption-attachment-2930\" style=\"width: 1024px\" class=\"wp-caption aligncenter\"><img fetchpriority=\"high\" decoding=\"async\" class=\"wp-image-2930 size-large\" src=\"http:\/\/khaitest.rf.gd\/wp-content\/uploads\/2025\/07\/sdt.4-9-1024x1024.jpg\" alt=\"Th\u1ea3m l\u00f3t s\u00e0n Hyundai Santafe 2025 b\u1ea3n 7 ch\u1ed7, 6 ch\u1ed7\" width=\"1024\" height=\"1024\" srcset=\"https:\/\/topcar.vn\/wp-content\/uploads\/2025\/07\/sdt.4-9-1024x1024.jpg 1024w, https:\/\/topcar.vn\/wp-content\/uploads\/2025\/07\/sdt.4-9-300x300.jpg 300w, https:\/\/topcar.vn\/wp-content\/uploads\/2025\/07\/sdt.4-9-150x150.jpg 150w, https:\/\/topcar.vn\/wp-content\/uploads\/2025\/07\/sdt.4-9-768x768.jpg 768w, https:\/\/topcar.vn\/wp-content\/uploads\/2025\/07\/sdt.4-9-600x600.jpg 600w, https:\/\/topcar.vn\/wp-content\/uploads\/2025\/07\/sdt.4-9-100x100.jpg 100w, https:\/\/topcar.vn\/wp-content\/uploads\/2025\/07\/sdt.4-9.jpg 1536w\" sizes=\"(max-width: 1024px) 100vw, 1024px\" \/><figcaption id=\"caption-attachment-2930\" class=\"wp-caption-text\">Th\u1ea3m l\u00f3t s\u00e0n Hyundai Santafe 2025 b\u1ea3n 7 ch\u1ed7, 6 ch\u1ed7<\/figcaption><\/figure>\n<p data-start=\"974\" data-end=\"1011\"><strong data-start=\"978\" data-end=\"1009\">Th\u00f4ng tin chi ti\u1ebft s\u1ea3n ph\u1ea9m th\u1ea3m l\u00f3t s\u00e0n Hyundai Santafe 2025 b\u1ea3n 7 ch\u1ed7, 6 ch\u1ed7 <\/strong><\/p>\n<ul>\n<li data-start=\"1014\" data-end=\"1081\">D\u00f2ng xe \u00e1p d\u1ee5ng: Hyundai SantaFe 2025 (c\u1ea3 b\u1ea3n 6 ch\u1ed7 v\u00e0 7 ch\u1ed7)<\/li>\n<li data-start=\"1084\" data-end=\"1135\">Ch\u1ea5t li\u1ec7u: nh\u1ef1a TPE cao c\u1ea5p<\/li>\n<li data-start=\"1138\" data-end=\"1194\">M\u00e0u s\u1eafc ph\u1ed5 bi\u1ebfn: \u0110en<\/li>\n<li data-start=\"1197\" data-end=\"1259\">L\u1eafp \u0111\u1eb7t: l\u1eafp \u0111\u1eb7t d\u1ec5 d\u00e0ng \u2013 kh\u00f4ng th\u00e1o gh\u1ebf<\/li>\n<\/ul>\n<p><img decoding=\"async\" class=\"size-full wp-image-2927 aligncenter\" src=\"http:\/\/khaitest.rf.gd\/wp-content\/uploads\/2025\/07\/sdt.1-9.jpg\" alt=\"\" width=\"960\" height=\"960\" srcset=\"https:\/\/topcar.vn\/wp-content\/uploads\/2025\/07\/sdt.1-9.jpg 960w, https:\/\/topcar.vn\/wp-content\/uploads\/2025\/07\/sdt.1-9-300x300.jpg 300w, https:\/\/topcar.vn\/wp-content\/uploads\/2025\/07\/sdt.1-9-150x150.jpg 150w, https:\/\/topcar.vn\/wp-content\/uploads\/2025\/07\/sdt.1-9-768x768.jpg 768w, https:\/\/topcar.vn\/wp-content\/uploads\/2025\/07\/sdt.1-9-600x600.jpg 600w, https:\/\/topcar.vn\/wp-content\/uploads\/2025\/07\/sdt.1-9-100x100.jpg 100w\" sizes=\"(max-width: 960px) 100vw, 960px\" \/><\/p>\n<p data-start=\"1266\" data-end=\"1291\"><strong data-start=\"1270\" data-end=\"1289\">\u01afu \u0111i\u1ec3m n\u1ed5i b\u1eadt<\/strong><\/p>\n<ul>\n<li data-start=\"1294\" data-end=\"1367\">Che ph\u1ee7 to\u00e0n b\u1ed9 s\u00e0n xe \u2013 bao g\u1ed3m c\u1ea3 h\u00e0ng gh\u1ebf th\u1ee9 3 v\u00e0 h\u1ed1c \u0111\u1ec3 ch\u00e2n<\/li>\n<li data-start=\"1370\" data-end=\"1443\">Ch\u1ea5t li\u1ec7u nh\u1ef1a cao c\u1ea5p ch\u1ed1ng tr\u01a1n tr\u01b0\u1ee3t, kh\u00f4ng m\u00f9i, kh\u00f4ng th\u1ea5m n\u01b0\u1edbc<\/li>\n<li data-start=\"1446\" data-end=\"1495\">D\u1ec5 v\u1ec7 sinh \u2013 ch\u1ec9 c\u1ea7n lau nh\u1eb9 b\u1eb1ng kh\u0103n \u1ea9m<\/li>\n<li data-start=\"1498\" data-end=\"1557\">Kh\u00f4ng \u1ea3nh h\u01b0\u1edfng \u0111\u1ebfn ray tr\u01b0\u1ee3t, c\u1eeda gi\u00f3 h\u00e0ng gh\u1ebf sau<\/li>\n<li data-start=\"1560\" data-end=\"1616\">T\u0103ng \u0111\u1ed9 sang tr\u1ecdng v\u00e0 hi\u1ec7n \u0111\u1ea1i cho khoang n\u1ed9i th\u1ea5t<\/li>\n<\/ul>\n<p data-start=\"1623\" data-end=\"1674\"><strong data-start=\"1627\" data-end=\"1672\">Gi\u00e1 b\u00e1n th\u1ea3m l\u00f3t s\u00e0n Hyundai SantaFe 2025<\/strong><\/p>\n<ul data-start=\"1675\" data-end=\"1817\">\n<li data-start=\"1675\" data-end=\"1716\">Combo tr\u1ecdn b\u1ed9 gi\u00e1: <strong>2.500.000\u0111<\/strong><\/li>\n<\/ul>\n<p><img decoding=\"async\" class=\"size-large wp-image-2929 aligncenter\" src=\"http:\/\/khaitest.rf.gd\/wp-content\/uploads\/2025\/07\/sdt.3-9-1024x1024.jpg\" alt=\"\" width=\"1024\" height=\"1024\" srcset=\"https:\/\/topcar.vn\/wp-content\/uploads\/2025\/07\/sdt.3-9-1024x1024.jpg 1024w, https:\/\/topcar.vn\/wp-content\/uploads\/2025\/07\/sdt.3-9-300x300.jpg 300w, https:\/\/topcar.vn\/wp-content\/uploads\/2025\/07\/sdt.3-9-150x150.jpg 150w, https:\/\/topcar.vn\/wp-content\/uploads\/2025\/07\/sdt.3-9-768x768.jpg 768w, https:\/\/topcar.vn\/wp-content\/uploads\/2025\/07\/sdt.3-9-600x600.jpg 600w, https:\/\/topcar.vn\/wp-content\/uploads\/2025\/07\/sdt.3-9-100x100.jpg 100w, https:\/\/topcar.vn\/wp-content\/uploads\/2025\/07\/sdt.3-9.jpg 1536w\" sizes=\"(max-width: 1024px) 100vw, 1024px\" \/><\/p>\n<h3 data-start=\"1904\" data-end=\"1968\"><strong data-start=\"1908\" data-end=\"1966\">Mua th\u1ea3m l\u00f3t s\u00e0n ch\u00ednh h\u00e3ng Hyundai SantaFe t\u1ea1i Topcar<\/strong><\/h3>\n<p data-start=\"1969\" data-end=\"2155\">Topcar \u2013 \u0110\u1ecba ch\u1ec9 \u0111\u00e1ng tin c\u1eady cho ng\u01b0\u1eddi y\u00eau xe. V\u1edbi kinh nghi\u1ec7m thi\u1ebft k\u1ebf th\u1ea3m \u0111o ri\u00eang cho t\u1eebng m\u1eabu xe, ch\u00fang t\u00f4i cam k\u1ebft mang \u0111\u1ebfn s\u1ea3n ph\u1ea9m chu\u1ea9n form \u2013 b\u1ec1n \u0111\u1eb9p \u2013 an to\u00e0n v\u00e0 th\u1ea9m m\u1ef9. Th\u1ea3m l\u00f3t s\u00e0n l\u00e0 m\u00f3n ph\u1ee5 ki\u1ec7n nh\u1ecf nh\u01b0ng \u0111\u00f3ng vai tr\u00f2 l\u1edbn trong vi\u1ec7c gi\u1eef g\u00ecn n\u1ed9i th\u1ea5t xe s\u1ea1ch s\u1ebd, g\u1ecdn g\u00e0ng v\u00e0 \u0111\u1eb3ng c\u1ea5p. V\u1edbi SantaFe 2025 \u2013 m\u1eabu SUV cao c\u1ea5p ho\u00e0n to\u00e0n m\u1edbi, b\u1ea1n x\u1ee9ng \u0111\u00e1ng s\u1edf h\u1eefu b\u1ed9 th\u1ea3m l\u00f3t s\u00e0n may \u0111o chu\u1ea9n form t\u1eeb Topcar.<\/p>\n<p data-start=\"2157\" data-end=\"2199\"><strong data-start=\"2157\" data-end=\"2197\">V\u00ec sao ch\u1ecdn th\u1ea3m l\u00f3t s\u00e0n t\u1ea1i Topcar?<\/strong><\/p>\n<ul>\n<li data-start=\"2202\" data-end=\"2260\">\u00a0\u0110o c\u1eaft laser ch\u00ednh x\u00e1c theo t\u1eebng b\u1ea3n xe (6 ho\u1eb7c 7 ch\u1ed7)<\/li>\n<li data-start=\"2263\" data-end=\"2337\">\u00a0Ch\u1ea5t li\u1ec7u nh\u1eadp kh\u1ea9u, \u0111\u1ed9 b\u1ec1n cao, kh\u00f4ng bong tr\u00f3c sau th\u1eddi gian s\u1eed d\u1ee5ng<\/li>\n<li data-start=\"2340\" data-end=\"2410\">\u00a0\u0110\u1ed9i ng\u0169 t\u01b0 v\u1ea5n h\u1ed7 tr\u1ee3 t\u1eadn t\u00ecnh, ch\u1ecdn \u0111\u00fang m\u00e0u \u2013 \u0111\u00fang phong c\u00e1ch xe<\/li>\n<li data-start=\"2413\" data-end=\"2469\">B\u1ea3o h\u00e0nh l\u00ean \u0111\u1ebfn 5 n\u0103m \u2013 h\u1ed7 tr\u1ee3 \u0111\u1ed5i tr\u1ea3 n\u1ebfu sai form<\/li>\n<li data-start=\"2472\" data-end=\"2525\">\u00a0Lu\u00f4n c\u00f3 s\u1eb5n h\u00e0ng, giao nhanh trong 24\u201348h to\u00e0n qu\u1ed1c<\/li>\n<\/ul>\n<p><img loading=\"lazy\" decoding=\"async\" class=\"size-large wp-image-2928 aligncenter\" src=\"http:\/\/khaitest.rf.gd\/wp-content\/uploads\/2025\/07\/sdt.2-9-1024x1024.jpg\" alt=\"\" width=\"1024\" height=\"1024\" srcset=\"https:\/\/topcar.vn\/wp-content\/uploads\/2025\/07\/sdt.2-9-1024x1024.jpg 1024w, https:\/\/topcar.vn\/wp-content\/uploads\/2025\/07\/sdt.2-9-300x300.jpg 300w, https:\/\/topcar.vn\/wp-content\/uploads\/2025\/07\/sdt.2-9-150x150.jpg 150w, https:\/\/topcar.vn\/wp-content\/uploads\/2025\/07\/sdt.2-9-768x768.jpg 768w, https:\/\/topcar.vn\/wp-content\/uploads\/2025\/07\/sdt.2-9-600x600.jpg 600w, https:\/\/topcar.vn\/wp-content\/uploads\/2025\/07\/sdt.2-9-100x100.jpg 100w, https:\/\/topcar.vn\/wp-content\/uploads\/2025\/07\/sdt.2-9.jpg 1536w\" sizes=\"(max-width: 1024px) 100vw, 1024px\" \/><\/p>\n<p><strong data-start=\"2575\" data-end=\"2618\">Li\u00ean h\u1ec7 ngay \u0111\u1ec3 \u0111\u01b0\u1ee3c t\u01b0 v\u1ea5n &amp; \u0111\u1eb7t h\u00e0ng:<\/strong><\/p>\n<ul>\n<li>\ud83d\udcdeHotline \/ Zalo: 0889.385.222<\/li>\n<li>\ud83c\udfe0 \u0110\u1ecba ch\u1ec9: S\u1ed1 9 BT2, Khu \u0111\u00f4 th\u1ecb Foresa Xu\u00e2n Ph\u01b0\u01a1ng, Nam T\u1eeb Li\u00eam, H\u00e0 N\u1ed9i<\/li>\n<li>\ud83c\udf10 Website: <a class=\"\" href=\"https:\/\/Topcar.vn\" target=\"_new\" rel=\"noopener\" data-start=\"3540\" data-end=\"3578\">https:\/\/Topcar.vn<\/a><\/li>\n<\/ul>\n<\/div>\n<\/div>\n<\/div>\n<\/div>\n<\/div>\n<\/div>\n<\/article>\n","protected":false},"excerpt":{"rendered":"<ul>\n<li>Mi\u1ec5n ph\u00ed giao h\u00e0ng to\u00e0n qu\u1ed1c<\/li>\n<li>Nh\u1eadn h\u00e0ng &gt; L\u1eafp \u0111\u1eb7t &gt; Thanh to\u00e1n<\/li>\n<li>B\u1ea3o h\u00e0nh 5 n\u0103m<\/li>\n<\/ul>\n","protected":false},"featured_media":4355,"comment_status":"closed","ping_status":"closed","template":"","meta":{"site-sidebar-layout":"no-sidebar","site-content-layout":"content-boxed-container","ast-site-content-layout":"normal-width-container","site-content-style":"boxed","site-sidebar-style":"unboxed","ast-global-header-display":"","ast-banner-title-visibility":"","ast-main-header-display":"","ast-hfb-above-header-display":"","ast-hfb-below-header-display":"","ast-hfb-mobile-header-display":"","site-post-title":"","ast-breadcrumbs-content":"","ast-featured-img":"","footer-sml-layout":"","ast-disable-related-posts":"","theme-transparent-header-meta":"default","adv-header-id-meta":"","stick-header-meta":"","header-above-stick-meta":"","header-main-stick-meta":"","header-below-stick-meta":"","astra-migrate-meta-layouts":"set","ast-page-background-enabled":"default","ast-page-background-meta":{"desktop":{"background-color":"var(--ast-global-color-4)","background-image":"","background-repeat":"repeat","background-position":"center center","background-size":"auto","background-attachment":"scroll","background-type":"","background-media":"","overlay-type":"","overlay-color":"","overlay-opacity":"","overlay-gradient":""},"tablet":{"background-color":"","background-image":"","background-repeat":"repeat","background-position":"center center","background-size":"auto","background-attachment":"scroll","background-type":"","background-media":"","overlay-type":"","overlay-color":"","overlay-opacity":"","overlay-gradient":""},"mobile":{"background-color":"","background-image":"","background-repeat":"repeat","background-position":"center center","background-size":"auto","background-attachment":"scroll","background-type":"","background-media":"","overlay-type":"","overlay-color":"","overlay-opacity":"","overlay-gradient":""}},"ast-content-background-meta":{"desktop":{"background-color":"var(--ast-global-color-5)","background-image":"","background-repeat":"repeat","background-position":"center center","background-size":"auto","background-attachment":"scroll","background-type":"","background-media":"","overlay-type":"","overlay-color":"","overlay-opacity":"","overlay-gradient":""},"tablet":{"background-color":"var(--ast-global-color-5)","background-image":"","background-repeat":"repeat","background-position":"center center","background-size":"auto","background-attachment":"scroll","background-type":"","background-media":"","overlay-type":"","overlay-color":"","overlay-opacity":"","overlay-gradient":""},"mobile":{"background-color":"var(--ast-global-color-5)","background-image":"","background-repeat":"repeat","background-position":"center center","background-size":"auto","background-attachment":"scroll","background-type":"","background-media":"","overlay-type":"","overlay-color":"","overlay-opacity":"","overlay-gradient":""}}},"product_brand":[],"product_cat":[47,43],"product_tag":[147,138,73,74,77,226],"class_list":{"0":"post-2134","1":"product","2":"type-product","3":"status-publish","4":"has-post-thumbnail","6":"product_cat-tham-lot-san-o-to-hyundai","7":"product_cat-tham-lot-san-o-to","8":"product_tag-carsen-tham-san","9":"product_tag-tham-lot-san","10":"product_tag-tham-lot-san-o-to","11":"product_tag-tham-lot-san-o-to-bang-nhua","12":"product_tag-tham-lot-san-o-to-nhua-duc","13":"product_tag-tham-san-tpe","14":"desktop-align-left","15":"tablet-align-left","16":"mobile-align-left","18":"first","19":"instock","20":"shipping-taxable","21":"purchasable","22":"product-type-variable"},"_links":{"self":[{"href":"https:\/\/topcar.vn\/wp-json\/wp\/v2\/product\/2134","targetHints":{"allow":["GET"]}}],"collection":[{"href":"https:\/\/topcar.vn\/wp-json\/wp\/v2\/product"}],"about":[{"href":"https:\/\/topcar.vn\/wp-json\/wp\/v2\/types\/product"}],"replies":[{"embeddable":true,"href":"https:\/\/topcar.vn\/wp-json\/wp\/v2\/comments?post=2134"}],"version-history":[{"count":6,"href":"https:\/\/topcar.vn\/wp-json\/wp\/v2\/product\/2134\/revisions"}],"predecessor-version":[{"id":3257,"href":"https:\/\/topcar.vn\/wp-json\/wp\/v2\/product\/2134\/revisions\/3257"}],"wp:featuredmedia":[{"embeddable":true,"href":"https:\/\/topcar.vn\/wp-json\/wp\/v2\/media\/4355"}],"wp:attachment":[{"href":"https:\/\/topcar.vn\/wp-json\/wp\/v2\/media?parent=2134"}],"wp:term":[{"taxonomy":"product_brand","embeddable":true,"href":"https:\/\/topcar.vn\/wp-json\/wp\/v2\/product_brand?post=2134"},{"taxonomy":"product_cat","embeddable":true,"href":"https:\/\/topcar.vn\/wp-json\/wp\/v2\/product_cat?post=2134"},{"taxonomy":"product_tag","embeddable":true,"href":"https:\/\/topcar.vn\/wp-json\/wp\/v2\/product_tag?post=2134"}],"curies":[{"name":"wp","href":"https:\/\/api.w.org\/{rel}","templated":true}]}}