{"id":1986,"date":"2025-07-26T17:03:05","date_gmt":"2025-07-26T10:03:05","guid":{"rendered":"http:\/\/khaitest.rf.gd\/?post_type=product&#038;p=1986"},"modified":"2025-12-05T15:39:49","modified_gmt":"2025-12-05T08:39:49","slug":"tham-lot-san-chevrolet-trailblazer","status":"publish","type":"product","link":"https:\/\/topcar.vn\/?product=tham-lot-san-chevrolet-trailblazer","title":{"rendered":"Th\u1ea3m l\u00f3t s\u00e0n Chevrolet Trailblazer"},"content":{"rendered":"<article class=\"text-token-text-primary w-full\" dir=\"auto\" data-testid=\"conversation-turn-10\" data-scroll-anchor=\"true\">\n<div class=\"text-base my-auto mx-auto pb-10 [--thread-content-margin:--spacing(4)] @[37rem]:[--thread-content-margin:--spacing(6)] @[72rem]:[--thread-content-margin:--spacing(16)] px-(--thread-content-margin)\">\n<div class=\"[--thread-content-max-width:32rem] @[34rem]:[--thread-content-max-width:40rem] @[64rem]:[--thread-content-max-width:48rem] mx-auto max-w-(--thread-content-max-width) flex-1 group\/turn-messages focus-visible:outline-hidden relative flex w-full min-w-0 flex-col agent-turn\" tabindex=\"-1\">\n<div class=\"flex max-w-full flex-col grow\">\n<div class=\"min-h-8 text-message relative flex w-full flex-col items-end gap-2 text-start break-words whitespace-normal [.text-message+&amp;]:mt-5\" dir=\"auto\" data-message-author-role=\"assistant\" data-message-id=\"6ee8a93f-7fdb-4c7e-b8bb-2a874c3d517b\" data-message-model-slug=\"gpt-4o\">\n<div class=\"flex w-full flex-col gap-1 empty:hidden first:pt-[3px]\">\n<div class=\"markdown prose dark:prose-invert w-full break-words light\">\n<p data-start=\"253\" data-end=\"551\"><em><strong>Th\u1ea3m l\u00f3t s\u00e0n Chevrolet Trailblazer l\u00e0 ph\u1ee5 ki\u1ec7n kh\u00f4ng th\u1ec3 thi\u1ebfu cho m\u1ecdi ch\u1ee7 xe mu\u1ed1n b\u1ea3o v\u1ec7 n\u1ed9i th\u1ea5t s\u1ea1ch s\u1ebd, b\u1ec1n \u0111\u1eb9p v\u00e0 n\u00e2ng t\u1ea7m sang tr\u1ecdng. V\u1edbi thi\u1ebft k\u1ebf chu\u1ea9n form 100% theo s\u00e0n xe, ch\u1ea5t li\u1ec7u nh\u1ef1a TPE cao c\u1ea5p, ch\u1ed1ng tr\u01b0\u1ee3t \u2013 ch\u1ed1ng n\u01b0\u1edbc \u2013 d\u1ec5 v\u1ec7 sinh, th\u1ea3m l\u00f3t s\u00e0n gi\u00fap b\u1ea1n y\u00ean t\u00e2m tr\u00ean m\u1ecdi cung \u0111\u01b0\u1eddng.<\/strong><\/em><\/p>\n<h3 data-start=\"558\" data-end=\"585\"><strong data-start=\"562\" data-end=\"585\">Gi\u1edbi thi\u1ec7u s\u1ea3n ph\u1ea9m th\u1ea3m l\u00f3t s\u00e0n Chevrolet Trailblazer<\/strong><\/h3>\n<p data-start=\"587\" data-end=\"940\">Chevrolet Trailblazer \u2013 m\u1eabu SUV 7 ch\u1ed7 m\u1ea1nh m\u1ebd v\u00e0 \u0111a d\u1ee5ng \u2013 x\u1ee9ng \u0111\u00e1ng \u0111\u01b0\u1ee3c trang b\u1ecb nh\u1eefng ph\u1ee5 ki\u1ec7n ch\u1ea5t l\u01b0\u1ee3ng cao \u0111\u1ec3 gi\u1eef g\u00ecn kh\u00f4ng gian n\u1ed9i th\u1ea5t. B\u1ed9 th\u1ea3m l\u00f3t s\u00e0n chuy\u00ean d\u1ee5ng cho Trailblazer t\u1ea1i Topcar \u0111\u01b0\u1ee3c thi\u1ebft k\u1ebf t\u1ec9 m\u1ec9, v\u1eeba kh\u00edt t\u1eebng \u0111\u01b0\u1eddng cong c\u1ee7a s\u00e0n xe, \u0111\u1ea3m b\u1ea3o kh\u00f4ng x\u00f4 l\u1ec7ch khi di chuy\u1ec3n, kh\u00f4ng g\u00e2y v\u01b0\u1edbng v\u00edu, \u0111\u1ed3ng th\u1eddi d\u1ec5 th\u00e1o l\u1eafp v\u00e0 v\u1ec7 sinh.<\/p>\n<figure id=\"attachment_2851\" aria-describedby=\"caption-attachment-2851\" style=\"width: 1024px\" class=\"wp-caption aligncenter\"><img fetchpriority=\"high\" decoding=\"async\" class=\"wp-image-2851 size-large\" src=\"http:\/\/khaitest.rf.gd\/wp-content\/uploads\/2025\/07\/AnyConv.com__Trailblazer-1-1024x1024.webp\" alt=\"Chevrolet Trailblazer \u2013 m\u1eabu SUV 7 ch\u1ed7 m\u1ea1nh m\u1ebd v\u00e0 c\u00e1 t\u00ednh \u2013 x\u1ee9ng \u0111\u00e1ng c\u00f3 m\u1ed9t b\u1ed9 ph\u1ee5 ki\u1ec7n b\u1ea3o v\u1ec7 x\u1ee9ng t\u1ea7m. V\u00e0 \u0111\u00f3 ch\u00ednh l\u00e0 b\u1ed9 th\u1ea3m l\u00f3t s\u00e0n form chu\u1ea9n Chevrolet Trailblazer, thi\u1ebft k\u1ebf ri\u00eang \u0111\u1ec3 gi\u1eef khoang n\u1ed9i th\u1ea5t lu\u00f4n s\u1ea1ch \u0111\u1eb9p v\u00e0 sang tr\u1ecdng.\" width=\"1024\" height=\"1024\" srcset=\"https:\/\/topcar.vn\/wp-content\/uploads\/2025\/07\/AnyConv.com__Trailblazer-1-1024x1024.webp 1024w, https:\/\/topcar.vn\/wp-content\/uploads\/2025\/07\/AnyConv.com__Trailblazer-1-300x300.webp 300w, https:\/\/topcar.vn\/wp-content\/uploads\/2025\/07\/AnyConv.com__Trailblazer-1-150x150.webp 150w, https:\/\/topcar.vn\/wp-content\/uploads\/2025\/07\/AnyConv.com__Trailblazer-1-768x768.webp 768w, https:\/\/topcar.vn\/wp-content\/uploads\/2025\/07\/AnyConv.com__Trailblazer-1-600x600.webp 600w, https:\/\/topcar.vn\/wp-content\/uploads\/2025\/07\/AnyConv.com__Trailblazer-1-100x100.webp 100w, https:\/\/topcar.vn\/wp-content\/uploads\/2025\/07\/AnyConv.com__Trailblazer-1.webp 1080w\" sizes=\"(max-width: 1024px) 100vw, 1024px\" \/><figcaption id=\"caption-attachment-2851\" class=\"wp-caption-text\">B\u1ed9 th\u1ea3m l\u00f3t s\u00e0n form chu\u1ea9n Chevrolet Trailblazer, thi\u1ebft k\u1ebf ri\u00eang \u0111\u1ec3 gi\u1eef khoang n\u1ed9i th\u1ea5t lu\u00f4n s\u1ea1ch \u0111\u1eb9p v\u00e0 sang tr\u1ecdng.<\/figcaption><\/figure>\n<h3 data-start=\"947\" data-end=\"982\"><strong data-start=\"951\" data-end=\"982\">Th\u00f4ng tin chi ti\u1ebft s\u1ea3n ph\u1ea9m th\u1ea3m l\u00f3t s\u00e0n Chevrolet Trailblazer<\/strong><\/h3>\n<ul>\n<li data-start=\"986\" data-end=\"1045\">T\u00ean s\u1ea3n ph\u1ea9m: Th\u1ea3m l\u00f3t s\u00e0n \u00f4 t\u00f4 Chevrolet Trailblazer<\/li>\n<li data-start=\"1048\" data-end=\"1110\">D\u00e0nh cho: T\u1ea5t c\u1ea3 c\u00e1c phi\u00ean b\u1ea3n Trailblazer \u0111\u1eddi 2017\u20132022<\/li>\n<li data-start=\"1113\" data-end=\"1177\">Ch\u1ea5t li\u1ec7u: nh\u1ef1a TPE cao c\u1ea5p<\/li>\n<li data-start=\"1180\" data-end=\"1241\">M\u00e0u s\u1eafc: \u0110en<\/li>\n<li data-start=\"1244\" data-end=\"1305\">Thi\u1ebft k\u1ebf: CNC theo s\u00e0n xe \u2013 kh\u00f4ng khoan \u0111\u1ee5c \u2013 kh\u00f4ng m\u00f9i<\/li>\n<li data-start=\"1308\" data-end=\"1356\">B\u1ea3o h\u00e0nh: 5 n\u0103m, l\u1ed7i 1 \u0111\u1ed5i 1<\/li>\n<li data-start=\"1359\" data-end=\"1418\">L\u1eafp \u0111\u1eb7t: Nhanh ch\u00f3ng, d\u1ec5 d\u00e0ng, kh\u00f4ng \u1ea3nh h\u01b0\u1edfng n\u1ed9i th\u1ea5t<\/li>\n<\/ul>\n<h3 data-start=\"1425\" data-end=\"1448\"><strong data-start=\"1429\" data-end=\"1448\">\u01afu \u0111i\u1ec3m n\u1ed5i b\u1eadt c\u1ee7a <\/strong><strong data-start=\"951\" data-end=\"982\">th\u1ea3m l\u00f3t s\u00e0n Chevrolet Trailblazer<\/strong><\/h3>\n<ul>\n<li data-start=\"1450\" data-end=\"1732\">\u00a0V\u1eeba kh\u00edt 100% theo form Chevrolet Trailblazer<\/li>\n<li data-start=\"1450\" data-end=\"1732\">\u00a0Ch\u1ed1ng tr\u01a1n tr\u01b0\u1ee3t \u2013 ch\u1ed1ng n\u01b0\u1edbc \u2013 kh\u1eed m\u00f9i hi\u1ec7u qu\u1ea3<\/li>\n<li data-start=\"1450\" data-end=\"1732\">\u00a0Ch\u1ea5t li\u1ec7u cao c\u1ea5p, b\u1ec1n \u0111\u1eb9p, d\u1ec5 v\u1ec7 sinh<\/li>\n<li data-start=\"1450\" data-end=\"1732\">\u00a0Gia t\u0103ng t\u00ednh th\u1ea9m m\u1ef9, gi\u00fap n\u1ed9i th\u1ea5t lu\u00f4n s\u1ea1ch s\u1ebd<\/li>\n<li data-start=\"1450\" data-end=\"1732\">\u00a0D\u1ec5 d\u00e0ng th\u00e1o l\u1eafp, kh\u00f4ng \u1ea3nh h\u01b0\u1edfng \u0111\u1ebfn s\u00e0n xe nguy\u00ean b\u1ea3n<\/li>\n<\/ul>\n<h3 data-start=\"1739\" data-end=\"1789\"><strong data-start=\"1743\" data-end=\"1789\">Gi\u00e1 b\u00e1n th\u1ea3m l\u00f3t s\u00e0n Chevrolet Trailblazer<\/strong><\/h3>\n<ul data-start=\"1791\" data-end=\"2000\">\n<li data-start=\"1791\" data-end=\"1872\">\n<p data-start=\"1793\" data-end=\"1872\"><strong data-start=\"1793\" data-end=\"1809\">Gi\u00e1 tr\u1ecdn b\u1ed9:<\/strong> <strong data-start=\"1810\" data-end=\"1824\">2.300.000\u0111<\/strong><\/p>\n<\/li>\n<\/ul>\n<figure id=\"attachment_2766\" aria-describedby=\"caption-attachment-2766\" style=\"width: 1024px\" class=\"wp-caption aligncenter\"><img decoding=\"async\" class=\"wp-image-2766 size-large\" src=\"http:\/\/khaitest.rf.gd\/wp-content\/uploads\/2025\/07\/AnyConv.com__7-1024x1024.webp\" alt=\"Th\u1ea3m \u0111\u01b0\u1ee3c \u0111o c\u1eaft laser chu\u1ea9n 100% theo form s\u00e0n Trailblazer, \u00f4m kh\u00edt t\u1eebng g\u00f3c c\u1ea1nh, kh\u00f4ng cong v\u00eanh, kh\u00f4ng x\u00ea d\u1ecbch.\" width=\"1024\" height=\"1024\" srcset=\"https:\/\/topcar.vn\/wp-content\/uploads\/2025\/07\/AnyConv.com__7-1024x1024.webp 1024w, https:\/\/topcar.vn\/wp-content\/uploads\/2025\/07\/AnyConv.com__7-300x300.webp 300w, https:\/\/topcar.vn\/wp-content\/uploads\/2025\/07\/AnyConv.com__7-150x150.webp 150w, https:\/\/topcar.vn\/wp-content\/uploads\/2025\/07\/AnyConv.com__7-768x767.webp 768w, https:\/\/topcar.vn\/wp-content\/uploads\/2025\/07\/AnyConv.com__7-600x599.webp 600w, https:\/\/topcar.vn\/wp-content\/uploads\/2025\/07\/AnyConv.com__7-100x100.webp 100w, https:\/\/topcar.vn\/wp-content\/uploads\/2025\/07\/AnyConv.com__7.webp 1081w\" sizes=\"(max-width: 1024px) 100vw, 1024px\" \/><figcaption id=\"caption-attachment-2766\" class=\"wp-caption-text\">Th\u1ea3m \u0111\u01b0\u1ee3c \u0111o c\u1eaft laser chu\u1ea9n 100% theo form s\u00e0n Trailblazer, \u00f4m kh\u00edt t\u1eebng g\u00f3c c\u1ea1nh, kh\u00f4ng cong v\u00eanh, kh\u00f4ng x\u00ea d\u1ecbch.<\/figcaption><\/figure>\n<h3 data-start=\"2007\" data-end=\"2053\"><strong data-start=\"2011\" data-end=\"2053\">Mua th\u1ea3m l\u00f3t s\u00e0n ch\u00ednh h\u00e3ng t\u1ea1i Topcar<\/strong><\/h3>\n<p data-start=\"2055\" data-end=\"2127\"><strong data-start=\"2055\" data-end=\"2065\">Topcar<\/strong> l\u00e0 \u0111\u01a1n v\u1ecb chuy\u00ean cung c\u1ea5p <strong data-start=\"2092\" data-end=\"2117\">ph\u1ee5 ki\u1ec7n \u00f4 t\u00f4 cao c\u1ea5p<\/strong>, cam k\u1ebft:<\/p>\n<ul>\n<li data-start=\"2129\" data-end=\"2364\">Th\u1ea3m \u0111\u00fang chu\u1ea9n form Chevrolet Trailblazer<\/li>\n<li data-start=\"2129\" data-end=\"2364\">Ch\u1ea5t li\u1ec7u ch\u1ea5t l\u01b0\u1ee3ng cao \u2013 ho\u00e0n thi\u1ec7n s\u1eafc n\u00e9t<\/li>\n<li data-start=\"2129\" data-end=\"2364\">Giao h\u00e0ng to\u00e0n qu\u1ed1c, h\u1ed7 tr\u1ee3 l\u1eafp \u0111\u1eb7t nhanh ch\u00f3ng<\/li>\n<li data-start=\"2129\" data-end=\"2364\">Ki\u1ec3m tra h\u00e0ng tr\u01b0\u1edbc khi thanh to\u00e1n<\/li>\n<li data-start=\"2129\" data-end=\"2364\">Ch\u00ednh s\u00e1ch b\u1ea3o h\u00e0nh r\u00f5 r\u00e0ng \u2013 \u0111\u1ed5i tr\u1ea3 d\u1ec5 d\u00e0ng<\/li>\n<\/ul>\n<figure id=\"attachment_2764\" aria-describedby=\"caption-attachment-2764\" style=\"width: 1024px\" class=\"wp-caption aligncenter\"><img decoding=\"async\" class=\"wp-image-2764 size-large\" src=\"http:\/\/khaitest.rf.gd\/wp-content\/uploads\/2025\/07\/AnyConv.com__5-1024x1024.webp\" alt=\"Kh\u00f4ng ch\u1ec9 d\u1eebng \u1edf t\u00ednh n\u0103ng b\u1ea3o v\u1ec7, b\u1ed9 th\u1ea3m c\u00f2n l\u00e0 chi ti\u1ebft n\u00e2ng t\u1ea7m th\u1ea9m m\u1ef9 cho n\u1ed9i th\u1ea5t v\u1edbi nhi\u1ec1u t\u00f9y ch\u1ecdn m\u00e0u s\u1eafc: \u0111en c\u00e1 t\u00ednh \u2013 n\u00e2u sang tr\u1ecdng \u2013 be tinh t\u1ebf \u2013 \u0111\u1ecf vi\u1ec1n ch\u1ec9 th\u1ec3 thao.\" width=\"1024\" height=\"1024\" srcset=\"https:\/\/topcar.vn\/wp-content\/uploads\/2025\/07\/AnyConv.com__5-1024x1024.webp 1024w, https:\/\/topcar.vn\/wp-content\/uploads\/2025\/07\/AnyConv.com__5-300x300.webp 300w, https:\/\/topcar.vn\/wp-content\/uploads\/2025\/07\/AnyConv.com__5-150x150.webp 150w, https:\/\/topcar.vn\/wp-content\/uploads\/2025\/07\/AnyConv.com__5-768x767.webp 768w, https:\/\/topcar.vn\/wp-content\/uploads\/2025\/07\/AnyConv.com__5-600x599.webp 600w, https:\/\/topcar.vn\/wp-content\/uploads\/2025\/07\/AnyConv.com__5-100x100.webp 100w, https:\/\/topcar.vn\/wp-content\/uploads\/2025\/07\/AnyConv.com__5.webp 1081w\" sizes=\"(max-width: 1024px) 100vw, 1024px\" \/><figcaption id=\"caption-attachment-2764\" class=\"wp-caption-text\">Kh\u00f4ng ch\u1ec9 d\u1eebng \u1edf t\u00ednh n\u0103ng b\u1ea3o v\u1ec7, b\u1ed9 th\u1ea3m c\u00f2n l\u00e0 chi ti\u1ebft n\u00e2ng t\u1ea7m th\u1ea9m m\u1ef9 cho n\u1ed9i th\u1ea5t v\u1edbi nhi\u1ec1u t\u00f9y ch\u1ecdn m\u00e0u s\u1eafc: \u0111en c\u00e1 t\u00ednh \u2013 n\u00e2u sang tr\u1ecdng \u2013 be tinh t\u1ebf \u2013 \u0111\u1ecf vi\u1ec1n ch\u1ec9 th\u1ec3 thao.<\/figcaption><\/figure>\n<h2 data-start=\"3379\" data-end=\"3578\"><strong data-start=\"2615\" data-end=\"2649\">Li\u00ean h\u1ec7 \u0111\u1eb7t h\u00e0ng ngay h\u00f4m nay:<\/strong><\/h2>\n<p data-start=\"3379\" data-end=\"3578\">\ud83d\udcde Hotline: 0889.385.222<\/p>\n<p data-start=\"3379\" data-end=\"3578\">\ud83c\udfe0 \u0110\u1ecba ch\u1ec9: S\u1ed1 9 BT2, Khu \u0111\u00f4 th\u1ecb Foresa Xu\u00e2n Ph\u01b0\u01a1ng, Nam T\u1eeb Li\u00eam, H\u00e0 N\u1ed9i<\/p>\n<p data-start=\"3379\" data-end=\"3578\">\ud83c\udf10 Website: <a class=\"\" href=\"https:\/\/Topcar.vn\" target=\"_new\" rel=\"noopener\" data-start=\"3540\" data-end=\"3578\">https:\/\/Topcar.vn<\/a><\/p>\n<p data-start=\"3379\" data-end=\"3578\">\ud83d\udc49 <strong data-start=\"3583\" data-end=\"3644\">\u0110\u1eb7t mua th\u1ea3m l\u00f3t s\u00e0n th\u1ea3m l\u00f3t s\u00e0n Chevrolet Trailblazer ngay h\u00f4m nay<\/strong>!<\/p>\n<\/div>\n<\/div>\n<\/div>\n<\/div>\n<\/div>\n<\/div>\n<\/article>\n","protected":false},"excerpt":{"rendered":"<ul>\n<li>Mi\u1ec5n ph\u00ed giao h\u00e0ng to\u00e0n qu\u1ed1c<\/li>\n<li>Nh\u1eadn h\u00e0ng &gt; L\u1eafp \u0111\u1eb7t &gt; Thanh to\u00e1n<\/li>\n<li>B\u1ea3o h\u00e0nh 5 n\u0103m<\/li>\n<\/ul>\n","protected":false},"featured_media":2851,"comment_status":"closed","ping_status":"closed","template":"","meta":{"site-sidebar-layout":"no-sidebar","site-content-layout":"content-boxed-container","ast-site-content-layout":"normal-width-container","site-content-style":"boxed","site-sidebar-style":"unboxed","ast-global-header-display":"","ast-banner-title-visibility":"","ast-main-header-display":"","ast-hfb-above-header-display":"","ast-hfb-below-header-display":"","ast-hfb-mobile-header-display":"","site-post-title":"","ast-breadcrumbs-content":"","ast-featured-img":"","footer-sml-layout":"","ast-disable-related-posts":"","theme-transparent-header-meta":"default","adv-header-id-meta":"","stick-header-meta":"","header-above-stick-meta":"","header-main-stick-meta":"","header-below-stick-meta":"","astra-migrate-meta-layouts":"set","ast-page-background-enabled":"default","ast-page-background-meta":{"desktop":{"background-color":"var(--ast-global-color-4)","background-image":"","background-repeat":"repeat","background-position":"center center","background-size":"auto","background-attachment":"scroll","background-type":"","background-media":"","overlay-type":"","overlay-color":"","overlay-opacity":"","overlay-gradient":""},"tablet":{"background-color":"","background-image":"","background-repeat":"repeat","background-position":"center center","background-size":"auto","background-attachment":"scroll","background-type":"","background-media":"","overlay-type":"","overlay-color":"","overlay-opacity":"","overlay-gradient":""},"mobile":{"background-color":"","background-image":"","background-repeat":"repeat","background-position":"center center","background-size":"auto","background-attachment":"scroll","background-type":"","background-media":"","overlay-type":"","overlay-color":"","overlay-opacity":"","overlay-gradient":""}},"ast-content-background-meta":{"desktop":{"background-color":"var(--ast-global-color-5)","background-image":"","background-repeat":"repeat","background-position":"center center","background-size":"auto","background-attachment":"scroll","background-type":"","background-media":"","overlay-type":"","overlay-color":"","overlay-opacity":"","overlay-gradient":""},"tablet":{"background-color":"var(--ast-global-color-5)","background-image":"","background-repeat":"repeat","background-position":"center center","background-size":"auto","background-attachment":"scroll","background-type":"","background-media":"","overlay-type":"","overlay-color":"","overlay-opacity":"","overlay-gradient":""},"mobile":{"background-color":"var(--ast-global-color-5)","background-image":"","background-repeat":"repeat","background-position":"center center","background-size":"auto","background-attachment":"scroll","background-type":"","background-media":"","overlay-type":"","overlay-color":"","overlay-opacity":"","overlay-gradient":""}}},"product_brand":[],"product_cat":[60,43],"product_tag":[111,109,110,108,75,107],"class_list":{"0":"post-1986","1":"product","2":"type-product","3":"status-publish","4":"has-post-thumbnail","6":"product_cat-tham-lot-san-o-to-chevrolet","7":"product_cat-tham-lot-san-o-to","8":"product_tag-ni-lot-san-o-to","9":"product_tag-tham-lot-san-nhua-duc-tpe","10":"product_tag-tham-lot-san-o-to-cao-cap","11":"product_tag-tham-lot-san-o-to-phukienxevip-com","12":"product_tag-tham-lot-san-o-to-tot-nhat-hien-nay","13":"product_tag-tham-lot-san-toyota","14":"desktop-align-left","15":"tablet-align-left","16":"mobile-align-left","18":"first","19":"instock","20":"shipping-taxable","21":"purchasable","22":"product-type-variable"},"_links":{"self":[{"href":"https:\/\/topcar.vn\/index.php?rest_route=\/wp\/v2\/product\/1986","targetHints":{"allow":["GET"]}}],"collection":[{"href":"https:\/\/topcar.vn\/index.php?rest_route=\/wp\/v2\/product"}],"about":[{"href":"https:\/\/topcar.vn\/index.php?rest_route=\/wp\/v2\/types\/product"}],"replies":[{"embeddable":true,"href":"https:\/\/topcar.vn\/index.php?rest_route=%2Fwp%2Fv2%2Fcomments&post=1986"}],"version-history":[{"count":5,"href":"https:\/\/topcar.vn\/index.php?rest_route=\/wp\/v2\/product\/1986\/revisions"}],"predecessor-version":[{"id":2845,"href":"https:\/\/topcar.vn\/index.php?rest_route=\/wp\/v2\/product\/1986\/revisions\/2845"}],"wp:featuredmedia":[{"embeddable":true,"href":"https:\/\/topcar.vn\/index.php?rest_route=\/wp\/v2\/media\/2851"}],"wp:attachment":[{"href":"https:\/\/topcar.vn\/index.php?rest_route=%2Fwp%2Fv2%2Fmedia&parent=1986"}],"wp:term":[{"taxonomy":"product_brand","embeddable":true,"href":"https:\/\/topcar.vn\/index.php?rest_route=%2Fwp%2Fv2%2Fproduct_brand&post=1986"},{"taxonomy":"product_cat","embeddable":true,"href":"https:\/\/topcar.vn\/index.php?rest_route=%2Fwp%2Fv2%2Fproduct_cat&post=1986"},{"taxonomy":"product_tag","embeddable":true,"href":"https:\/\/topcar.vn\/index.php?rest_route=%2Fwp%2Fv2%2Fproduct_tag&post=1986"}],"curies":[{"name":"wp","href":"https:\/\/api.w.org\/{rel}","templated":true}]}}