{"id":1465,"date":"2025-06-07T14:09:12","date_gmt":"2025-06-07T07:09:12","guid":{"rendered":"http:\/\/topcar1.local\/?page_id=1465"},"modified":"2025-06-07T18:21:25","modified_gmt":"2025-06-07T11:21:25","slug":"ban-tin","status":"publish","type":"page","link":"https:\/\/topcar.vn\/?page_id=1465","title":{"rendered":"B\u1ea3n tin"},"content":{"rendered":"\t\t<div data-elementor-type=\"wp-page\" data-elementor-id=\"1465\" class=\"elementor elementor-1465\">\n\t\t\t\t<div class=\"elementor-element elementor-element-565d466 e-flex e-con-boxed e-con e-parent\" data-id=\"565d466\" data-element_type=\"container\" data-e-type=\"container\">\n\t\t\t\t\t<div class=\"e-con-inner\">\n\t\t\t\t<div class=\"elementor-element elementor-element-e1db548 elementor-widget elementor-widget-heading\" data-id=\"e1db548\" data-element_type=\"widget\" data-e-type=\"widget\" data-widget_type=\"heading.default\">\n\t\t\t\t<div class=\"elementor-widget-container\">\n\t\t\t\t\t<h4 class=\"elementor-heading-title elementor-size-default\">B\u1ea2N TIN<\/h4>\t\t\t\t<\/div>\n\t\t\t\t<\/div>\n\t\t\t\t<div class=\"elementor-element elementor-element-a37f7ce elementor-widget elementor-widget-shortcode\" data-id=\"a37f7ce\" data-element_type=\"widget\" data-e-type=\"widget\" data-widget_type=\"shortcode.default\">\n\t\t\t\t<div class=\"elementor-widget-container\">\n\t\t\t\t\t\t\t<div class=\"elementor-shortcode\"><div class=\"news-page-container\"><div class=\"news-list\"><div class=\"news-item\"><div class=\"news-thumbnail\"><a href=\"https:\/\/topcar.vn\/?p=2593\"><img fetchpriority=\"high\" decoding=\"async\" width=\"300\" height=\"300\" src=\"https:\/\/topcar.vn\/wp-content\/uploads\/2025\/11\/Tham-lot-san-o-to-Mazda-3-300x300.webp\" class=\"attachment-medium size-medium wp-post-image\" alt=\"\" srcset=\"https:\/\/topcar.vn\/wp-content\/uploads\/2025\/11\/Tham-lot-san-o-to-Mazda-3-300x300.webp 300w, https:\/\/topcar.vn\/wp-content\/uploads\/2025\/11\/Tham-lot-san-o-to-Mazda-3-150x150.webp 150w, https:\/\/topcar.vn\/wp-content\/uploads\/2025\/11\/Tham-lot-san-o-to-Mazda-3-768x768.webp 768w, https:\/\/topcar.vn\/wp-content\/uploads\/2025\/11\/Tham-lot-san-o-to-Mazda-3-600x600.webp 600w, https:\/\/topcar.vn\/wp-content\/uploads\/2025\/11\/Tham-lot-san-o-to-Mazda-3-100x100.webp 100w, https:\/\/topcar.vn\/wp-content\/uploads\/2025\/11\/Tham-lot-san-o-to-Mazda-3.webp 800w\" sizes=\"(max-width: 300px) 100vw, 300px\" \/><div class=\"news-date\"><span class=\"day\">18<\/span><span class=\"month\">Nov<\/span><\/div><\/a><\/div><h3 class=\"news-title\"><a href=\"https:\/\/topcar.vn\/?p=2593\">Th\u1ea3m l\u00f3t s\u00e0n \u00f4 t\u00f4 Mazda 3<\/a><\/h3><p class=\"news-excerpt\">Th\u1ea3m l\u00f3t s\u00e0n \u00f4 t\u00f4 Mazda 3 \u0111\u01b0\u1ee3c xem nh\u01b0 &#8220;b\u1ea3o b\u1ed1i&#8221; b\u1ea3o v\u1ec7 thi\u1ebft k\u1ebf n\u1ed9i th\u1ea5t c\u1ee7a xe. [...]<\/p><\/div><div class=\"news-item\"><div class=\"news-thumbnail\"><a href=\"https:\/\/topcar.vn\/?p=2677\"><img decoding=\"async\" width=\"300\" height=\"200\" src=\"https:\/\/topcar.vn\/wp-content\/uploads\/2025\/08\/Tham-lot-san-o-to-gia-re-co-nen-mua-Kinh-nghiem-chon-mua-hieu-qua-1-300x200.webp\" class=\"attachment-medium size-medium wp-post-image\" alt=\"Th\u1ea3m l\u00f3t s\u00e0n \u00f4 t\u00f4 gi\u00e1 r\u1ebb c\u00f3 n\u00ean mua Kinh nghi\u1ec7m ch\u1ecdn mua hi\u1ec7u qu\u1ea3\" srcset=\"https:\/\/topcar.vn\/wp-content\/uploads\/2025\/08\/Tham-lot-san-o-to-gia-re-co-nen-mua-Kinh-nghiem-chon-mua-hieu-qua-1-300x200.webp 300w, https:\/\/topcar.vn\/wp-content\/uploads\/2025\/08\/Tham-lot-san-o-to-gia-re-co-nen-mua-Kinh-nghiem-chon-mua-hieu-qua-1-1024x683.webp 1024w, https:\/\/topcar.vn\/wp-content\/uploads\/2025\/08\/Tham-lot-san-o-to-gia-re-co-nen-mua-Kinh-nghiem-chon-mua-hieu-qua-1-768x512.webp 768w, https:\/\/topcar.vn\/wp-content\/uploads\/2025\/08\/Tham-lot-san-o-to-gia-re-co-nen-mua-Kinh-nghiem-chon-mua-hieu-qua-1-1536x1024.webp 1536w, https:\/\/topcar.vn\/wp-content\/uploads\/2025\/08\/Tham-lot-san-o-to-gia-re-co-nen-mua-Kinh-nghiem-chon-mua-hieu-qua-1-600x400.webp 600w, https:\/\/topcar.vn\/wp-content\/uploads\/2025\/08\/Tham-lot-san-o-to-gia-re-co-nen-mua-Kinh-nghiem-chon-mua-hieu-qua-1.webp 2048w\" sizes=\"(max-width: 300px) 100vw, 300px\" \/><div class=\"news-date\"><span class=\"day\">13<\/span><span class=\"month\">Aug<\/span><\/div><\/a><\/div><h3 class=\"news-title\"><a href=\"https:\/\/topcar.vn\/?p=2677\">Th\u1ea3m l\u00f3t s\u00e0n \u00f4 t\u00f4 gi\u00e1 r\u1ebb c\u00f3 n\u00ean mua? Kinh nghi\u1ec7m ch\u1ecdn mua hi\u1ec7u qu\u1ea3<\/a><\/h3><p class=\"news-excerpt\">Th\u1ea3m l\u00f3t s\u00e0n \u00f4 t\u00f4 gi\u00e1 r\u1ebb l\u00e0 m\u1ed9t trong nh\u1eefng ph\u1ee5 ki\u1ec7n kh\u00f4ng th\u1ec3 thi\u1ebfu trong vi\u1ec7c b\u1ea3o v\u1ec7 [...]<\/p><\/div><div class=\"news-item\"><div class=\"news-thumbnail\"><a href=\"https:\/\/topcar.vn\/?p=2639\"><img decoding=\"async\" width=\"300\" height=\"225\" src=\"https:\/\/topcar.vn\/wp-content\/uploads\/2025\/08\/tham-lot-san-5d-2_11zon-300x225.webp\" class=\"attachment-medium size-medium wp-post-image\" alt=\"Th\u1ea3m l\u00f3t s\u00e0n Santafe 2022\" srcset=\"https:\/\/topcar.vn\/wp-content\/uploads\/2025\/08\/tham-lot-san-5d-2_11zon-300x225.webp 300w, https:\/\/topcar.vn\/wp-content\/uploads\/2025\/08\/tham-lot-san-5d-2_11zon-768x576.webp 768w, https:\/\/topcar.vn\/wp-content\/uploads\/2025\/08\/tham-lot-san-5d-2_11zon-600x450.webp 600w, https:\/\/topcar.vn\/wp-content\/uploads\/2025\/08\/tham-lot-san-5d-2_11zon.webp 800w\" sizes=\"(max-width: 300px) 100vw, 300px\" \/><div class=\"news-date\"><span class=\"day\">10<\/span><span class=\"month\">Aug<\/span><\/div><\/a><\/div><h3 class=\"news-title\"><a href=\"https:\/\/topcar.vn\/?p=2639\">Th\u1ea3m l\u00f3t s\u00e0n Santafe 2022 &#8211; C\u00f4ng n\u0103ng h\u1eefu \u00edch<\/a><\/h3><p class=\"news-excerpt\">Th\u1ea3m l\u00f3t s\u00e0n Santafe 2022 l\u00e0 ph\u1ee5 ki\u1ec7n c\u1ea7n thi\u1ebft cho n\u1ed9i th\u1ea5t xe. S\u1ea3n ph\u1ea9m b\u1ea3o v\u1ec7 s\u00e0n, t\u0103ng [...]<\/p><\/div><div class=\"news-item\"><div class=\"news-thumbnail\"><a href=\"https:\/\/topcar.vn\/?p=2632\"><img loading=\"lazy\" decoding=\"async\" width=\"300\" height=\"169\" src=\"https:\/\/topcar.vn\/wp-content\/uploads\/2025\/08\/gia-tham-lot-san-o-to-5d-300x169.webp\" class=\"attachment-medium size-medium wp-post-image\" alt=\"\" srcset=\"https:\/\/topcar.vn\/wp-content\/uploads\/2025\/08\/gia-tham-lot-san-o-to-5d-300x169.webp 300w, https:\/\/topcar.vn\/wp-content\/uploads\/2025\/08\/gia-tham-lot-san-o-to-5d-768x432.webp 768w, https:\/\/topcar.vn\/wp-content\/uploads\/2025\/08\/gia-tham-lot-san-o-to-5d-600x338.webp 600w, https:\/\/topcar.vn\/wp-content\/uploads\/2025\/08\/gia-tham-lot-san-o-to-5d.webp 800w\" sizes=\"(max-width: 300px) 100vw, 300px\" \/><div class=\"news-date\"><span class=\"day\">09<\/span><span class=\"month\">Aug<\/span><\/div><\/a><\/div><h3 class=\"news-title\"><a href=\"https:\/\/topcar.vn\/?p=2632\">Gi\u00e1 th\u1ea3m l\u00f3t s\u00e0n 5D \u2013 Th\u00f4ng tin chi ti\u1ebft v\u00e0 ph\u00e2n t\u00edch chuy\u00ean s\u00e2u<\/a><\/h3><p class=\"news-excerpt\">Trong ng\u00e0nh c\u00f4ng nghi\u1ec7p \u00f4 t\u00f4 t\u1ea1i Vi\u1ec7t Nam, th\u1ea3m l\u00f3t s\u00e0n 5D \u0111\u00e3 tr\u1edf th\u00e0nh m\u1ed9t trong nh\u1eefng l\u1ef1a [...]<\/p><\/div><div class=\"news-item\"><div class=\"news-thumbnail\"><a href=\"https:\/\/topcar.vn\/?p=2626\"><img loading=\"lazy\" decoding=\"async\" width=\"300\" height=\"222\" src=\"https:\/\/topcar.vn\/wp-content\/uploads\/2025\/08\/tham-lot-san-o-to-Xpander-2022-3_11zon-300x222.webp\" class=\"attachment-medium size-medium wp-post-image\" alt=\"\" srcset=\"https:\/\/topcar.vn\/wp-content\/uploads\/2025\/08\/tham-lot-san-o-to-Xpander-2022-3_11zon-300x222.webp 300w, https:\/\/topcar.vn\/wp-content\/uploads\/2025\/08\/tham-lot-san-o-to-Xpander-2022-3_11zon-768x567.webp 768w, https:\/\/topcar.vn\/wp-content\/uploads\/2025\/08\/tham-lot-san-o-to-Xpander-2022-3_11zon-600x443.webp 600w, https:\/\/topcar.vn\/wp-content\/uploads\/2025\/08\/tham-lot-san-o-to-Xpander-2022-3_11zon.webp 800w\" sizes=\"(max-width: 300px) 100vw, 300px\" \/><div class=\"news-date\"><span class=\"day\">09<\/span><span class=\"month\">Aug<\/span><\/div><\/a><\/div><h3 class=\"news-title\"><a href=\"https:\/\/topcar.vn\/?p=2626\">Th\u1ea3m l\u00f3t s\u00e0n \u00f4 t\u00f4 Xpander 2022 &#8211; T\u1ea1i sao n\u00ean s\u1eed d\u1ee5ng<\/a><\/h3><p class=\"news-excerpt\">Trong th\u1eddi \u0111\u1ea1i m\u00e0 vi\u1ec7c ch\u0103m s\u00f3c v\u00e0 b\u1ea3o v\u1ec7 n\u1ed9i th\u1ea5t xe \u00f4 t\u00f4 ng\u00e0y c\u00e0ng \u0111\u01b0\u1ee3c ch\u00fa tr\u1ecdng, [...]<\/p><\/div><div class=\"news-item\"><div class=\"news-thumbnail\"><a href=\"https:\/\/topcar.vn\/?p=2620\"><img loading=\"lazy\" decoding=\"async\" width=\"300\" height=\"239\" src=\"https:\/\/topcar.vn\/wp-content\/uploads\/2025\/08\/Gia-Tham-Lot-San-o-To-6D-hinh2-uu-diem_11zon-300x239.webp\" class=\"attachment-medium size-medium wp-post-image\" alt=\"\" srcset=\"https:\/\/topcar.vn\/wp-content\/uploads\/2025\/08\/Gia-Tham-Lot-San-o-To-6D-hinh2-uu-diem_11zon-300x239.webp 300w, https:\/\/topcar.vn\/wp-content\/uploads\/2025\/08\/Gia-Tham-Lot-San-o-To-6D-hinh2-uu-diem_11zon-600x479.webp 600w, https:\/\/topcar.vn\/wp-content\/uploads\/2025\/08\/Gia-Tham-Lot-San-o-To-6D-hinh2-uu-diem_11zon.webp 752w\" sizes=\"(max-width: 300px) 100vw, 300px\" \/><div class=\"news-date\"><span class=\"day\">08<\/span><span class=\"month\">Aug<\/span><\/div><\/a><\/div><h3 class=\"news-title\"><a href=\"https:\/\/topcar.vn\/?p=2620\">Gi\u1ea3i m\u00e3 gi\u00e1 th\u1ea3m l\u00f3t s\u00e0n \u00f4 t\u00f4 6D<\/a><\/h3><p class=\"news-excerpt\">Khi s\u1edf h\u1eefu \u00f4 t\u00f4, vi\u1ec7c ch\u0103m ch\u00fat n\u1ed9i th\u1ea5t l\u00e0 m\u1ed9t ph\u1ea7n kh\u00f4ng th\u1ec3 thi\u1ebfu \u0111\u1ec3 gi\u1eef g\u00ecn gi\u00e1 [...]<\/p><\/div><div class=\"news-item\"><div class=\"news-thumbnail\"><a href=\"https:\/\/topcar.vn\/?p=2615\"><img loading=\"lazy\" decoding=\"async\" width=\"300\" height=\"200\" src=\"https:\/\/topcar.vn\/wp-content\/uploads\/2025\/08\/tham-lot-san-ford-ranger_11zon-300x200.webp\" class=\"attachment-medium size-medium wp-post-image\" alt=\"\" srcset=\"https:\/\/topcar.vn\/wp-content\/uploads\/2025\/08\/tham-lot-san-ford-ranger_11zon-300x200.webp 300w, https:\/\/topcar.vn\/wp-content\/uploads\/2025\/08\/tham-lot-san-ford-ranger_11zon-768x512.webp 768w, https:\/\/topcar.vn\/wp-content\/uploads\/2025\/08\/tham-lot-san-ford-ranger_11zon-600x400.webp 600w, https:\/\/topcar.vn\/wp-content\/uploads\/2025\/08\/tham-lot-san-ford-ranger_11zon.webp 800w\" sizes=\"(max-width: 300px) 100vw, 300px\" \/><div class=\"news-date\"><span class=\"day\">08<\/span><span class=\"month\">Aug<\/span><\/div><\/a><\/div><h3 class=\"news-title\"><a href=\"https:\/\/topcar.vn\/?p=2615\">Th\u1ea3m l\u00f3t s\u00e0n Ford Ranger \u2013 Ph\u1ee5 ki\u1ec7n kh\u00f4ng th\u1ec3 thi\u1ebfu cho b\u00e1n t\u1ea3i<\/a><\/h3><p class=\"news-excerpt\">Th\u1ea3m l\u00f3t s\u00e0n Ford Ranger kh\u00f4ng ch\u1ec9 \u0111\u01a1n thu\u1ea7n l\u00e0 m\u1ed9t ph\u1ee5 ki\u1ec7n trang tr\u00ed cho kh\u00f4ng gian n\u1ed9i th\u1ea5t [...]<\/p><\/div><div class=\"news-item\"><div class=\"news-thumbnail\"><a href=\"https:\/\/topcar.vn\/?p=2608\"><img loading=\"lazy\" decoding=\"async\" width=\"300\" height=\"225\" src=\"https:\/\/topcar.vn\/wp-content\/uploads\/2025\/08\/tham-6d-cx5-hinh3_11zon-300x225.webp\" class=\"attachment-medium size-medium wp-post-image\" alt=\"\" srcset=\"https:\/\/topcar.vn\/wp-content\/uploads\/2025\/08\/tham-6d-cx5-hinh3_11zon-300x225.webp 300w, https:\/\/topcar.vn\/wp-content\/uploads\/2025\/08\/tham-6d-cx5-hinh3_11zon-1024x768.webp 1024w, https:\/\/topcar.vn\/wp-content\/uploads\/2025\/08\/tham-6d-cx5-hinh3_11zon-768x576.webp 768w, https:\/\/topcar.vn\/wp-content\/uploads\/2025\/08\/tham-6d-cx5-hinh3_11zon-600x450.webp 600w, https:\/\/topcar.vn\/wp-content\/uploads\/2025\/08\/tham-6d-cx5-hinh3_11zon.webp 1232w\" sizes=\"(max-width: 300px) 100vw, 300px\" \/><div class=\"news-date\"><span class=\"day\">08<\/span><span class=\"month\">Aug<\/span><\/div><\/a><\/div><h3 class=\"news-title\"><a href=\"https:\/\/topcar.vn\/?p=2608\">Th\u1ea3m 6D CX5 &#8211; \u0110\u1eb7c \u0111i\u1ec3m kh\u00e1c bi\u1ec7t v\u00e0 l\u1ee3i \u00edch v\u01b0\u1ee3t tr\u1ed9i<\/a><\/h3><p class=\"news-excerpt\">Trong th\u1ebf gi\u1edbi \u00f4 t\u00f4 hi\u1ec7n \u0111\u1ea1i, vi\u1ec7c s\u1edf h\u1eefu m\u1ed9t chi\u1ebfc xe d\u1ec5 d\u00e0ng kh\u00f4ng ch\u1ec9 l\u00e0 v\u1ec1 t\u00ednh [...]<\/p><\/div><\/div><div class=\"news-sidebar\"><h4 class=\"widget-title\">Tin m\u1edbi<\/h4><ul class=\"recent-news\"><li><a href=\"https:\/\/topcar.vn\/?p=2593\"><img loading=\"lazy\" decoding=\"async\" width=\"150\" height=\"150\" src=\"https:\/\/topcar.vn\/wp-content\/uploads\/2025\/11\/Tham-lot-san-o-to-Mazda-3-150x150.webp\" class=\"attachment-thumbnail size-thumbnail wp-post-image\" alt=\"\" srcset=\"https:\/\/topcar.vn\/wp-content\/uploads\/2025\/11\/Tham-lot-san-o-to-Mazda-3-150x150.webp 150w, https:\/\/topcar.vn\/wp-content\/uploads\/2025\/11\/Tham-lot-san-o-to-Mazda-3-300x300.webp 300w, https:\/\/topcar.vn\/wp-content\/uploads\/2025\/11\/Tham-lot-san-o-to-Mazda-3-768x768.webp 768w, https:\/\/topcar.vn\/wp-content\/uploads\/2025\/11\/Tham-lot-san-o-to-Mazda-3-600x600.webp 600w, https:\/\/topcar.vn\/wp-content\/uploads\/2025\/11\/Tham-lot-san-o-to-Mazda-3-100x100.webp 100w, https:\/\/topcar.vn\/wp-content\/uploads\/2025\/11\/Tham-lot-san-o-to-Mazda-3.webp 800w\" sizes=\"(max-width: 150px) 100vw, 150px\" \/><span>Th\u1ea3m l\u00f3t s\u00e0n \u00f4 t\u00f4 Mazda 3<\/span><\/a><\/li><li><a href=\"https:\/\/topcar.vn\/?p=2677\"><img loading=\"lazy\" decoding=\"async\" width=\"150\" height=\"150\" src=\"https:\/\/topcar.vn\/wp-content\/uploads\/2025\/08\/Tham-lot-san-o-to-gia-re-co-nen-mua-Kinh-nghiem-chon-mua-hieu-qua-1-150x150.webp\" class=\"attachment-thumbnail size-thumbnail wp-post-image\" alt=\"Th\u1ea3m l\u00f3t s\u00e0n \u00f4 t\u00f4 gi\u00e1 r\u1ebb c\u00f3 n\u00ean mua Kinh nghi\u1ec7m ch\u1ecdn mua hi\u1ec7u qu\u1ea3\" srcset=\"https:\/\/topcar.vn\/wp-content\/uploads\/2025\/08\/Tham-lot-san-o-to-gia-re-co-nen-mua-Kinh-nghiem-chon-mua-hieu-qua-1-150x150.webp 150w, https:\/\/topcar.vn\/wp-content\/uploads\/2025\/08\/Tham-lot-san-o-to-gia-re-co-nen-mua-Kinh-nghiem-chon-mua-hieu-qua-1-300x300.webp 300w, https:\/\/topcar.vn\/wp-content\/uploads\/2025\/08\/Tham-lot-san-o-to-gia-re-co-nen-mua-Kinh-nghiem-chon-mua-hieu-qua-1-100x100.webp 100w\" sizes=\"(max-width: 150px) 100vw, 150px\" \/><span>Th\u1ea3m l\u00f3t s\u00e0n \u00f4 t\u00f4 gi\u00e1 r\u1ebb c\u00f3 n\u00ean mua? Kinh nghi\u1ec7m ch\u1ecdn mua hi\u1ec7u qu\u1ea3<\/span><\/a><\/li><li><a href=\"https:\/\/topcar.vn\/?p=2639\"><img loading=\"lazy\" decoding=\"async\" width=\"150\" height=\"150\" src=\"https:\/\/topcar.vn\/wp-content\/uploads\/2025\/08\/tham-lot-san-5d-2_11zon-150x150.webp\" class=\"attachment-thumbnail size-thumbnail wp-post-image\" alt=\"Th\u1ea3m l\u00f3t s\u00e0n Santafe 2022\" srcset=\"https:\/\/topcar.vn\/wp-content\/uploads\/2025\/08\/tham-lot-san-5d-2_11zon-150x150.webp 150w, https:\/\/topcar.vn\/wp-content\/uploads\/2025\/08\/tham-lot-san-5d-2_11zon-300x300.webp 300w, https:\/\/topcar.vn\/wp-content\/uploads\/2025\/08\/tham-lot-san-5d-2_11zon-100x100.webp 100w\" sizes=\"(max-width: 150px) 100vw, 150px\" \/><span>Th\u1ea3m l\u00f3t s\u00e0n Santafe 2022 - C\u00f4ng n\u0103ng h\u1eefu \u00edch<\/span><\/a><\/li><li><a href=\"https:\/\/topcar.vn\/?p=2632\"><img loading=\"lazy\" decoding=\"async\" width=\"150\" height=\"150\" src=\"https:\/\/topcar.vn\/wp-content\/uploads\/2025\/08\/gia-tham-lot-san-o-to-5d-150x150.webp\" class=\"attachment-thumbnail size-thumbnail wp-post-image\" alt=\"\" srcset=\"https:\/\/topcar.vn\/wp-content\/uploads\/2025\/08\/gia-tham-lot-san-o-to-5d-150x150.webp 150w, https:\/\/topcar.vn\/wp-content\/uploads\/2025\/08\/gia-tham-lot-san-o-to-5d-300x300.webp 300w, https:\/\/topcar.vn\/wp-content\/uploads\/2025\/08\/gia-tham-lot-san-o-to-5d-100x100.webp 100w\" sizes=\"(max-width: 150px) 100vw, 150px\" \/><span>Gi\u00e1 th\u1ea3m l\u00f3t s\u00e0n 5D \u2013 Th\u00f4ng tin chi ti\u1ebft v\u00e0 ph\u00e2n t\u00edch chuy\u00ean s\u00e2u<\/span><\/a><\/li><li><a href=\"https:\/\/topcar.vn\/?p=2626\"><img loading=\"lazy\" decoding=\"async\" width=\"150\" height=\"150\" src=\"https:\/\/topcar.vn\/wp-content\/uploads\/2025\/08\/tham-lot-san-o-to-Xpander-2022-3_11zon-150x150.webp\" class=\"attachment-thumbnail size-thumbnail wp-post-image\" alt=\"\" srcset=\"https:\/\/topcar.vn\/wp-content\/uploads\/2025\/08\/tham-lot-san-o-to-Xpander-2022-3_11zon-150x150.webp 150w, https:\/\/topcar.vn\/wp-content\/uploads\/2025\/08\/tham-lot-san-o-to-Xpander-2022-3_11zon-300x300.webp 300w, https:\/\/topcar.vn\/wp-content\/uploads\/2025\/08\/tham-lot-san-o-to-Xpander-2022-3_11zon-100x100.webp 100w\" sizes=\"(max-width: 150px) 100vw, 150px\" \/><span>Th\u1ea3m l\u00f3t s\u00e0n \u00f4 t\u00f4 Xpander 2022 - T\u1ea1i sao n\u00ean s\u1eed d\u1ee5ng<\/span><\/a><\/li><\/ul><\/div><\/div><div class=\"news-pagination\"><span aria-label=\"Page 1\" aria-current=\"page\" class=\"page-numbers current\">1<\/span>\n<a aria-label=\"Page 2\" class=\"page-numbers\" href=\"https:\/\/topcar.vn\/index.php\/?paged=2&#038;rest_route=%2Fwp%2Fv2%2Fpages%2F1465\">2<\/a>\n<a aria-label=\"Page 3\" class=\"page-numbers\" href=\"https:\/\/topcar.vn\/index.php\/?paged=3&#038;rest_route=%2Fwp%2Fv2%2Fpages%2F1465\">3<\/a>\n<span class=\"page-numbers dots\">&hellip;<\/span>\n<a aria-label=\"Page 6\" class=\"page-numbers\" href=\"https:\/\/topcar.vn\/index.php\/?paged=6&#038;rest_route=%2Fwp%2Fv2%2Fpages%2F1465\">6<\/a>\n<a class=\"next page-numbers\" href=\"https:\/\/topcar.vn\/index.php\/?paged=2&#038;rest_route=%2Fwp%2Fv2%2Fpages%2F1465\">Next &raquo;<\/a><\/div>\n<\/div>\n\t\t\t\t\t\t<\/div>\n\t\t\t\t<\/div>\n\t\t\t\t\t<\/div>\n\t\t\t\t<\/div>\n\t\t\t\t<\/div>\n\t\t","protected":false},"excerpt":{"rendered":"<p>B\u1ea2N TIN<\/p>\n","protected":false},"author":1,"featured_media":0,"parent":0,"menu_order":0,"comment_status":"closed","ping_status":"closed","template":"elementor_header_footer","meta":{"site-sidebar-layout":"no-sidebar","site-content-layout":"page-builder","ast-site-content-layout":"full-width-container","site-content-style":"default","site-sidebar-style":"default","ast-global-header-display":"","ast-banner-title-visibility":"","ast-main-header-display":"","ast-hfb-above-header-display":"","ast-hfb-below-header-display":"","ast-hfb-mobile-header-display":"","site-post-title":"disabled","ast-breadcrumbs-content":"","ast-featured-img":"disabled","footer-sml-layout":"","ast-disable-related-posts":"","theme-transparent-header-meta":"","adv-header-id-meta":"","stick-header-meta":"","header-above-stick-meta":"","header-main-stick-meta":"","header-below-stick-meta":"","astra-migrate-meta-layouts":"set","ast-page-background-enabled":"default","ast-page-background-meta":{"desktop":{"background-color":"var(--ast-global-color-4)","background-image":"","background-repeat":"repeat","background-position":"center center","background-size":"auto","background-attachment":"scroll","background-type":"","background-media":"","overlay-type":"","overlay-color":"","overlay-opacity":"","overlay-gradient":""},"tablet":{"background-color":"","background-image":"","background-repeat":"repeat","background-position":"center center","background-size":"auto","background-attachment":"scroll","background-type":"","background-media":"","overlay-type":"","overlay-color":"","overlay-opacity":"","overlay-gradient":""},"mobile":{"background-color":"","background-image":"","background-repeat":"repeat","background-position":"center center","background-size":"auto","background-attachment":"scroll","background-type":"","background-media":"","overlay-type":"","overlay-color":"","overlay-opacity":"","overlay-gradient":""}},"ast-content-background-meta":{"desktop":{"background-color":"var(--ast-global-color-5)","background-image":"","background-repeat":"repeat","background-position":"center center","background-size":"auto","background-attachment":"scroll","background-type":"","background-media":"","overlay-type":"","overlay-color":"","overlay-opacity":"","overlay-gradient":""},"tablet":{"background-color":"var(--ast-global-color-5)","background-image":"","background-repeat":"repeat","background-position":"center center","background-size":"auto","background-attachment":"scroll","background-type":"","background-media":"","overlay-type":"","overlay-color":"","overlay-opacity":"","overlay-gradient":""},"mobile":{"background-color":"var(--ast-global-color-5)","background-image":"","background-repeat":"repeat","background-position":"center center","background-size":"auto","background-attachment":"scroll","background-type":"","background-media":"","overlay-type":"","overlay-color":"","overlay-opacity":"","overlay-gradient":""}},"footnotes":""},"class_list":["post-1465","page","type-page","status-publish","hentry"],"_links":{"self":[{"href":"https:\/\/topcar.vn\/index.php?rest_route=\/wp\/v2\/pages\/1465","targetHints":{"allow":["GET"]}}],"collection":[{"href":"https:\/\/topcar.vn\/index.php?rest_route=\/wp\/v2\/pages"}],"about":[{"href":"https:\/\/topcar.vn\/index.php?rest_route=\/wp\/v2\/types\/page"}],"author":[{"embeddable":true,"href":"https:\/\/topcar.vn\/index.php?rest_route=\/wp\/v2\/users\/1"}],"replies":[{"embeddable":true,"href":"https:\/\/topcar.vn\/index.php?rest_route=%2Fwp%2Fv2%2Fcomments&post=1465"}],"version-history":[{"count":17,"href":"https:\/\/topcar.vn\/index.php?rest_route=\/wp\/v2\/pages\/1465\/revisions"}],"predecessor-version":[{"id":1485,"href":"https:\/\/topcar.vn\/index.php?rest_route=\/wp\/v2\/pages\/1465\/revisions\/1485"}],"wp:attachment":[{"href":"https:\/\/topcar.vn\/index.php?rest_route=%2Fwp%2Fv2%2Fmedia&parent=1465"}],"curies":[{"name":"wp","href":"https:\/\/api.w.org\/{rel}","templated":true}]}}